{"text_format":"1","workbook":"xlsx","n_sheets":9,"sheets":["Instructions","JV Template","Back up","Back up ","FundFY23","ORGFY23","AcctFY23","FUND","ORGN"],"not_rendered":{"charts":0,"images":2,"macros":0,"external_links":0,"defined_names":2,"comments":0,"pivot_tables":0},"unopened":[],"bounds":{"document_bytes":16777216,"sheet_cells":100000,"rows_first":2000,"rows_last":500,"rows_between":2000,"halvings":0,"cell_chars":16384,"cell_head_chars":4096},"cells_cut":0,"cells_raw":0,"read":"whole","date_system":"1900"}

{"sheet":"Instructions","index":0,"n_rows":37,"n_cols":2,"rows_kept":37,"cut":false,"hidden":false,"merged":[]}
[null,"Journal Entry Instructions"]
[]
[null,"Journal can be used for such things as: "]
[null,"      • A correction to previously recorded actual transactions    "]
[null,"      • Moving actual expenditure or actual revenues between FOAPAL's            "]
[null,"      • Recording internal sales "]
[]
[null,"–Transaction date will determine the accounting period that the transaction is recorded to.  It is only possible to record transactions to an open accounting period.  (JV’s should be sent to finance prior to the 5th working day to of the following month in order to be posted back to a prior period.)"]
[null,"–Descriptions are important to identify the nature of the transactions and to provide reference to document numbers that are being corrected or adjusted.  "]
[null,"–An explanation is required to ensure that any question arising regarding the JV can be answered by reviewing the transaction description and additional notes.  Proper documentation will ensure that there is no need for individual recollection."]
[null,"–Each JV needs to include the fund org and account."]
[]
[null,"Finance will complete the following fields for you:"]
[null,"**JV NUMBER:"]
[null,"**REFERENCE JV:"]
[null,"**JOURNAL TYPE:"]
[null,"**REV JV NUMBER:"]
[]
[null,"Please complete the following"]
[]
[null,"Correction:  Please list the document number of the entry you are correcting if applicable"]
[null,"**DESCRIPTION:  Please include a detailed description of the purposes of the journal and the related documents and parties impacted"]
[null,"**POSTING DATE:"]
[null,"FISCAL PERIOD:"]
[null,"FISCAL YEAR:"]
[null,"REVERSING DATE:"]
[]
[null,"Supporting documentation must be included with the JV.  The documentation must provide enough details to satisfy auditors"]
[]
[null,"What Constitutes Proper Backup?                                                                                                                                                  "]
[null,"     • Emails from unit/departments approving a charge and/or providing an account number                                       "]
[null,"     • FAST detailed transactions"]
[null,"     • Meeting minutes                                                                                                                                                                                    "]
[null,"     • Working copy of spreadsheets calculating amounts                                                                                                                                                                                                                         "]
[null,"     • Invoices/receipts                                                                                                                                                                                                                                                                                                                      "]
[null,"     • Any internal forms you may have, cost sharing agreements"]
[null,"     • External system reports (external to Ontario Tech  Finance such as Bookware)"]

{"sheet":"JV Template","index":1,"n_rows":85,"n_cols":14,"rows_kept":85,"cut":false,"hidden":false,"merged":[[1,0,1,11],[2,0,2,11],[10,3,10,6],[12,3,12,6],[8,3,8,6],[6,3,6,6],[6,1,6,2],[8,1,8,2],[10,1,10,2],[12,1,12,2],[7,11,8,11],[63,3,63,6],[61,3,61,6],[59,3,59,6],[14,3,14,5],[14,1,14,2],[15,1,15,2],[15,3,15,11],[16,3,16,11],[17,3,17,11],[19,11,19,12],[20,11,20,12],[21,11,21,12],[22,11,22,12],[23,11,23,12],[24,11,24,12],[25,11,25,12],[26,11,26,12],[27,11,27,12],[28,11,28,12],[29,11,29,12],[30,11,30,12],[31,11,31,12],[32,11,32,12],[33,11,33,12],[34,11,34,12],[35,11,35,12],[36,11,36,12],[37,11,37,12],[38,11,38,12],[39,11,39,12],[40,11,40,12],[41,11,41,12],[42,11,42,12],[43,11,43,12],[44,11,44,12],[45,11,45,12],[46,11,46,12],[47,11,47,12],[48,11,48,12],[54,11,54,12],[55,11,55,12],[56,11,56,12],[49,11,49,12],[50,11,50,12],[51,11,51,12],[52,11,52,12],[53,11,53,12]]}
[]
["Finance"]
["JOURNAL VOUCHER",null,null,null,null,null,null,null,null,null,null,null,null,"INTEGRATED SERVICES"]
[]
[]
[null,null,null,null,null,null,null,null,null,null,null,null,null,"TREASURY"]
[null,"**JV NUMBER:",null,null,null,null,null,null,null,null,"**POSTING DATE:"]
[null,null,null,null,null,null,null,null,null,null,null,"(MM/DD/YYYY)"]
[null,"**REFERENCE JV:"]
[]
[null,"**JOURNAL TYPE:",null,"FT01 - Inter-Fund Journal Voucher",null,null,null,null,null,null,"FISCAL PERIOD:"]
[]
[null,"**REV JV NUMBER:",null,null,null,null,null,null,null,null,"FISCAL YEAR:","2023-24"]
[]
[null,"Correction: ",null,null,null,null,null,null,null,null,"REVERSING DATE:"]
[null,"**DESCRIPTION:"]
[]
[]
[]
["JE#","Ref","Activity Code","FUND","Fund Prog Code","ORG","ACCOUNT","PROGRAM","ACCOUNT DESCRIPTION","DEBIT","CREDIT","JOURNAL DETAILS"]
[null,null,null,null,{"$f":"_xlfn.IFNA(IFERROR(VLOOKUP($D21,FundFY23!$A:$C,3,FALSE),VLOOKUP($D21,FundFY23!$A:$C,3,FALSE)),\"\")","v":""},null,null,{"$f":"_xlfn.IFNA(IF(E21=\"ORG\",VLOOKUP(F21,ORGFY23!$A:$C,3,FALSE), E21),\"\")","v":""},{"$f":"IF(G21<=0,\" \",VLOOKUP(G21,AcctFY23!$A:$B,2,FALSE))","v":" "}]
[null,null,null,null,{"$f":"_xlfn.IFNA(IFERROR(VLOOKUP($D22,FundFY23!$A:$C,3,FALSE),VLOOKUP($D22,FundFY23!$A:$C,3,FALSE)),\"\")","v":""},null,null,{"$f":"_xlfn.IFNA(IF(E22=\"ORG\",VLOOKUP(F22,ORGFY23!$A:$C,3,FALSE), E22),\"\")","v":""},{"$f":"IF(G22<=0,\" \",VLOOKUP(G22,AcctFY23!$A:$B,2,FALSE))","v":" "}]
[null,null,null,null,{"$f":"_xlfn.IFNA(IFERROR(VLOOKUP($D23,FundFY23!$A:$C,3,FALSE),VLOOKUP($D23,FundFY23!$A:$C,3,FALSE)),\"\")","v":""},null,null,{"$f":"_xlfn.IFNA(IF(E23=\"ORG\",VLOOKUP(F23,ORGFY23!$A:$C,3,FALSE), E23),\"\")","v":""},{"$f":"IF(G23<=0,\" \",VLOOKUP(G23,AcctFY23!$A:$B,2,FALSE))","v":" "}]
[null,null,null,null,{"$f":"_xlfn.IFNA(IFERROR(VLOOKUP($D24,FundFY23!$A:$C,3,FALSE),VLOOKUP($D24,FundFY23!$A:$C,3,FALSE)),\"\")","v":""},null,null,{"$f":"_xlfn.IFNA(IF(E24=\"ORG\",VLOOKUP(F24,ORGFY23!$A:$C,3,FALSE), E24),\"\")","v":""},{"$f":"IF(G24<=0,\" \",VLOOKUP(G24,AcctFY23!$A:$B,2,FALSE))","v":" "}]
[null,null,null,null,{"$f":"_xlfn.IFNA(IFERROR(VLOOKUP($D25,FundFY23!$A:$C,3,FALSE),VLOOKUP($D25,FundFY23!$A:$C,3,FALSE)),\"\")","v":""},null,null,{"$f":"_xlfn.IFNA(IF(E25=\"ORG\",VLOOKUP(F25,ORGFY23!$A:$C,3,FALSE), E25),\"\")","v":""},{"$f":"IF(G25<=0,\" \",VLOOKUP(G25,AcctFY23!$A:$B,2,FALSE))","v":" "}]
[null,null,null,null,{"$f":"_xlfn.IFNA(IFERROR(VLOOKUP($D26,FundFY23!$A:$C,3,FALSE),VLOOKUP($D26,FundFY23!$A:$C,3,FALSE)),\"\")","v":""},null,null,{"$f":"_xlfn.IFNA(IF(E26=\"ORG\",VLOOKUP(F26,ORGFY23!$A:$C,3,FALSE), E26),\"\")","v":""},{"$f":"IF(G26<=0,\" \",VLOOKUP(G26,AcctFY23!$A:$B,2,FALSE))","v":" "}]
[null,null,null,null,{"$f":"_xlfn.IFNA(IFERROR(VLOOKUP($D27,FundFY23!$A:$C,3,FALSE),VLOOKUP($D27,FundFY23!$A:$C,3,FALSE)),\"\")","v":""},null,null,{"$f":"_xlfn.IFNA(IF(E27=\"ORG\",VLOOKUP(F27,ORGFY23!$A:$C,3,FALSE), E27),\"\")","v":""},{"$f":"IF(G27<=0,\" \",VLOOKUP(G27,AcctFY23!$A:$B,2,FALSE))","v":" "}]
[null,null,null,null,{"$f":"_xlfn.IFNA(IFERROR(VLOOKUP($D28,FundFY23!$A:$C,3,FALSE),VLOOKUP($D28,FundFY23!$A:$C,3,FALSE)),\"\")","v":""},null,null,{"$f":"_xlfn.IFNA(IF(E28=\"ORG\",VLOOKUP(F28,ORGFY23!$A:$C,3,FALSE), E28),\"\")","v":""},{"$f":"IF(G28<=0,\" \",VLOOKUP(G28,AcctFY23!$A:$B,2,FALSE))","v":" "}]
[null,null,null,null,{"$f":"_xlfn.IFNA(IFERROR(VLOOKUP($D29,FundFY23!$A:$C,3,FALSE),VLOOKUP($D29,FundFY23!$A:$C,3,FALSE)),\"\")","v":""},null,null,{"$f":"_xlfn.IFNA(IF(E29=\"ORG\",VLOOKUP(F29,ORGFY23!$A:$C,3,FALSE), E29),\"\")","v":""},{"$f":"IF(G29<=0,\" \",VLOOKUP(G29,AcctFY23!$A:$B,2,FALSE))","v":" "}]
[null,null,null,null,{"$f":"_xlfn.IFNA(IFERROR(VLOOKUP($D30,FundFY23!$A:$C,3,FALSE),VLOOKUP($D30,FundFY23!$A:$C,3,FALSE)),\"\")","v":""},null,null,{"$f":"_xlfn.IFNA(IF(E30=\"ORG\",VLOOKUP(F30,ORGFY23!$A:$C,3,FALSE), E30),\"\")","v":""},{"$f":"IF(G30<=0,\" \",VLOOKUP(G30,AcctFY23!$A:$B,2,FALSE))","v":" "}]
[null,null,null,null,{"$f":"_xlfn.IFNA(IFERROR(VLOOKUP($D31,FundFY23!$A:$C,3,FALSE),VLOOKUP($D31,FundFY23!$A:$C,3,FALSE)),\"\")","v":""},null,null,{"$f":"_xlfn.IFNA(IF(E31=\"ORG\",VLOOKUP(F31,ORGFY23!$A:$C,3,FALSE), E31),\"\")","v":""},{"$f":"IF(G31<=0,\" \",VLOOKUP(G31,AcctFY23!$A:$B,2,FALSE))","v":" "}]
[null,null,null,null,{"$f":"_xlfn.IFNA(IFERROR(VLOOKUP($D32,FundFY23!$A:$C,3,FALSE),VLOOKUP($D32,FundFY23!$A:$C,3,FALSE)),\"\")","v":""},null,null,{"$f":"_xlfn.IFNA(IF(E32=\"ORG\",VLOOKUP(F32,ORGFY23!$A:$C,3,FALSE), E32),\"\")","v":""},{"$f":"IF(G32<=0,\" \",VLOOKUP(G32,AcctFY23!$A:$B,2,FALSE))","v":" "}]
[null,null,null,null,{"$f":"_xlfn.IFNA(IFERROR(VLOOKUP($D33,FundFY23!$A:$C,3,FALSE),VLOOKUP($D33,FundFY23!$A:$C,3,FALSE)),\"\")","v":""},null,null,{"$f":"_xlfn.IFNA(IF(E33=\"ORG\",VLOOKUP(F33,ORGFY23!$A:$C,3,FALSE), E33),\"\")","v":""},{"$f":"IF(G33<=0,\" \",VLOOKUP(G33,AcctFY23!$A:$B,2,FALSE))","v":" "}]
[null,null,null,null,{"$f":"_xlfn.IFNA(IFERROR(VLOOKUP($D34,FundFY23!$A:$C,3,FALSE),VLOOKUP($D34,FundFY23!$A:$C,3,FALSE)),\"\")","v":""},null,null,{"$f":"_xlfn.IFNA(IF(E34=\"ORG\",VLOOKUP(F34,ORGFY23!$A:$C,3,FALSE), E34),\"\")","v":""},{"$f":"IF(G34<=0,\" \",VLOOKUP(G34,AcctFY23!$A:$B,2,FALSE))","v":" "}]
[null,null,null,null,{"$f":"_xlfn.IFNA(IFERROR(VLOOKUP($D35,FundFY23!$A:$C,3,FALSE),VLOOKUP($D35,FundFY23!$A:$C,3,FALSE)),\"\")","v":""},null,null,{"$f":"_xlfn.IFNA(IF(E35=\"ORG\",VLOOKUP(F35,ORGFY23!$A:$C,3,FALSE), E35),\"\")","v":""},{"$f":"IF(G35<=0,\" \",VLOOKUP(G35,AcctFY23!$A:$B,2,FALSE))","v":" "}]
[null,null,null,null,{"$f":"_xlfn.IFNA(IFERROR(VLOOKUP($D36,FundFY23!$A:$C,3,FALSE),VLOOKUP($D36,FundFY23!$A:$C,3,FALSE)),\"\")","v":""},null,null,{"$f":"_xlfn.IFNA(IF(E36=\"ORG\",VLOOKUP(F36,ORGFY23!$A:$C,3,FALSE), E36),\"\")","v":""},{"$f":"IF(G36<=0,\" \",VLOOKUP(G36,AcctFY23!$A:$B,2,FALSE))","v":" "}]
[null,null,null,null,{"$f":"_xlfn.IFNA(IFERROR(VLOOKUP($D37,FundFY23!$A:$C,3,FALSE),VLOOKUP($D37,FundFY23!$A:$C,3,FALSE)),\"\")","v":""},null,null,{"$f":"_xlfn.IFNA(IF(E37=\"ORG\",VLOOKUP(F37,ORGFY23!$A:$C,3,FALSE), E37),\"\")","v":""},{"$f":"IF(G37<=0,\" \",VLOOKUP(G37,AcctFY23!$A:$B,2,FALSE))","v":" "}]
[null,null,null,null,{"$f":"_xlfn.IFNA(IFERROR(VLOOKUP($D38,FundFY23!$A:$C,3,FALSE),VLOOKUP($D38,FundFY23!$A:$C,3,FALSE)),\"\")","v":""},null,null,{"$f":"_xlfn.IFNA(IF(E38=\"ORG\",VLOOKUP(F38,ORGFY23!$A:$C,3,FALSE), E38),\"\")","v":""},{"$f":"IF(G38<=0,\" \",VLOOKUP(G38,AcctFY23!$A:$B,2,FALSE))","v":" "}]
[null,null,null,null,{"$f":"_xlfn.IFNA(IFERROR(VLOOKUP($D39,FundFY23!$A:$C,3,FALSE),VLOOKUP($D39,FundFY23!$A:$C,3,FALSE)),\"\")","v":""},null,null,{"$f":"_xlfn.IFNA(IF(E39=\"ORG\",VLOOKUP(F39,ORGFY23!$A:$C,3,FALSE), E39),\"\")","v":""},{"$f":"IF(G39<=0,\" \",VLOOKUP(G39,AcctFY23!$A:$B,2,FALSE))","v":" "}]
[null,null,null,null,{"$f":"_xlfn.IFNA(IFERROR(VLOOKUP($D40,FundFY23!$A:$C,3,FALSE),VLOOKUP($D40,FundFY23!$A:$C,3,FALSE)),\"\")","v":""},null,null,{"$f":"_xlfn.IFNA(IF(E40=\"ORG\",VLOOKUP(F40,ORGFY23!$A:$C,3,FALSE), E40),\"\")","v":""},{"$f":"IF(G40<=0,\" \",VLOOKUP(G40,AcctFY23!$A:$B,2,FALSE))","v":" "}]
[null,null,null,null,{"$f":"_xlfn.IFNA(IFERROR(VLOOKUP($D41,FundFY23!$A:$C,3,FALSE),VLOOKUP($D41,FundFY23!$A:$C,3,FALSE)),\"\")","v":""},null,null,{"$f":"_xlfn.IFNA(IF(E41=\"ORG\",VLOOKUP(F41,ORGFY23!$A:$C,3,FALSE), E41),\"\")","v":""},{"$f":"IF(G41<=0,\" \",VLOOKUP(G41,AcctFY23!$A:$B,2,FALSE))","v":" "}]
[null,null,null,null,{"$f":"_xlfn.IFNA(IFERROR(VLOOKUP($D42,FundFY23!$A:$C,3,FALSE),VLOOKUP($D42,FundFY23!$A:$C,3,FALSE)),\"\")","v":""},null,null,{"$f":"_xlfn.IFNA(IF(E42=\"ORG\",VLOOKUP(F42,ORGFY23!$A:$C,3,FALSE), E42),\"\")","v":""},{"$f":"IF(G42<=0,\" \",VLOOKUP(G42,AcctFY23!$A:$B,2,FALSE))","v":" "}]
[null,null,null,null,{"$f":"_xlfn.IFNA(IFERROR(VLOOKUP($D43,FundFY23!$A:$C,3,FALSE),VLOOKUP($D43,FundFY23!$A:$C,3,FALSE)),\"\")","v":""},null,null,{"$f":"_xlfn.IFNA(IF(E43=\"ORG\",VLOOKUP(F43,ORGFY23!$A:$C,3,FALSE), E43),\"\")","v":""},{"$f":"IF(G43<=0,\" \",VLOOKUP(G43,AcctFY23!$A:$B,2,FALSE))","v":" "}]
[null,null,null,null,{"$f":"_xlfn.IFNA(IFERROR(VLOOKUP($D44,FundFY23!$A:$C,3,FALSE),VLOOKUP($D44,FundFY23!$A:$C,3,FALSE)),\"\")","v":""},null,null,{"$f":"_xlfn.IFNA(IF(E44=\"ORG\",VLOOKUP(F44,ORGFY23!$A:$C,3,FALSE), E44),\"\")","v":""},{"$f":"IF(G44<=0,\" \",VLOOKUP(G44,AcctFY23!$A:$B,2,FALSE))","v":" "}]
[null,null,null,null,{"$f":"_xlfn.IFNA(IFERROR(VLOOKUP($D45,FundFY23!$A:$C,3,FALSE),VLOOKUP($D45,FundFY23!$A:$C,3,FALSE)),\"\")","v":""},null,null,{"$f":"_xlfn.IFNA(IF(E45=\"ORG\",VLOOKUP(F45,ORGFY23!$A:$C,3,FALSE), E45),\"\")","v":""},{"$f":"IF(G45<=0,\" \",VLOOKUP(G45,AcctFY23!$A:$B,2,FALSE))","v":" "}]
[null,null,null,null,{"$f":"_xlfn.IFNA(IFERROR(VLOOKUP($D46,FundFY23!$A:$C,3,FALSE),VLOOKUP($D46,FundFY23!$A:$C,3,FALSE)),\"\")","v":""},null,null,{"$f":"_xlfn.IFNA(IF(E46=\"ORG\",VLOOKUP(F46,ORGFY23!$A:$C,3,FALSE), E46),\"\")","v":""},{"$f":"IF(G46<=0,\" \",VLOOKUP(G46,AcctFY23!$A:$B,2,FALSE))","v":" "}]
[null,null,null,null,{"$f":"_xlfn.IFNA(IFERROR(VLOOKUP($D47,FundFY23!$A:$C,3,FALSE),VLOOKUP($D47,FundFY23!$A:$C,3,FALSE)),\"\")","v":""},null,null,{"$f":"_xlfn.IFNA(IF(E47=\"ORG\",VLOOKUP(F47,ORGFY23!$A:$C,3,FALSE), E47),\"\")","v":""},{"$f":"IF(G47<=0,\" \",VLOOKUP(G47,AcctFY23!$A:$B,2,FALSE))","v":" "}]
[null,null,null,null,{"$f":"_xlfn.IFNA(IFERROR(VLOOKUP($D48,FundFY23!$A:$C,3,FALSE),VLOOKUP($D48,FundFY23!$A:$C,3,FALSE)),\"\")","v":""},null,null,{"$f":"_xlfn.IFNA(IF(E48=\"ORG\",VLOOKUP(F48,ORGFY23!$A:$C,3,FALSE), E48),\"\")","v":""},{"$f":"IF(G48<=0,\" \",VLOOKUP(G48,AcctFY23!$A:$B,2,FALSE))","v":" "}]
[null,null,null,null,{"$f":"_xlfn.IFNA(IFERROR(VLOOKUP($D49,FundFY23!$A:$C,3,FALSE),VLOOKUP($D49,FundFY23!$A:$C,3,FALSE)),\"\")","v":""},null,null,{"$f":"_xlfn.IFNA(IF(E49=\"ORG\",VLOOKUP(F49,ORGFY23!$A:$C,3,FALSE), E49),\"\")","v":""},{"$f":"IF(G49<=0,\" \",VLOOKUP(G49,AcctFY23!$A:$B,2,FALSE))","v":" "}]
[null,null,null,null,{"$f":"_xlfn.IFNA(IFERROR(VLOOKUP($D50,FundFY23!$A:$C,3,FALSE),VLOOKUP($D50,FundFY23!$A:$C,3,FALSE)),\"\")","v":""},null,null,{"$f":"_xlfn.IFNA(IF(E50=\"ORG\",VLOOKUP(F50,ORGFY23!$A:$C,3,FALSE), E50),\"\")","v":""},{"$f":"IF(G50<=0,\" \",VLOOKUP(G50,AcctFY23!$A:$B,2,FALSE))","v":" "}]
[null,null,null,null,{"$f":"_xlfn.IFNA(IFERROR(VLOOKUP($D51,FundFY23!$A:$C,3,FALSE),VLOOKUP($D51,FundFY23!$A:$C,3,FALSE)),\"\")","v":""},null,null,{"$f":"_xlfn.IFNA(IF(E51=\"ORG\",VLOOKUP(F51,ORGFY23!$A:$C,3,FALSE), E51),\"\")","v":""},{"$f":"IF(G51<=0,\" \",VLOOKUP(G51,AcctFY23!$A:$B,2,FALSE))","v":" "}]
[null,null,null,null,{"$f":"_xlfn.IFNA(IFERROR(VLOOKUP($D52,FundFY23!$A:$C,3,FALSE),VLOOKUP($D52,FundFY23!$A:$C,3,FALSE)),\"\")","v":""},null,null,{"$f":"_xlfn.IFNA(IF(E52=\"ORG\",VLOOKUP(F52,ORGFY23!$A:$C,3,FALSE), E52),\"\")","v":""},{"$f":"IF(G52<=0,\" \",VLOOKUP(G52,AcctFY23!$A:$B,2,FALSE))","v":" "}]
[null,null,null,null,{"$f":"_xlfn.IFNA(IFERROR(VLOOKUP($D53,FundFY23!$A:$C,3,FALSE),VLOOKUP($D53,FundFY23!$A:$C,3,FALSE)),\"\")","v":""},null,null,{"$f":"_xlfn.IFNA(IF(E53=\"ORG\",VLOOKUP(F53,ORGFY23!$A:$C,3,FALSE), E53),\"\")","v":""},{"$f":"IF(G53<=0,\" \",VLOOKUP(G53,AcctFY23!$A:$B,2,FALSE))","v":" "}]
[null,null,null,null,{"$f":"_xlfn.IFNA(IFERROR(VLOOKUP($D54,FundFY23!$A:$C,3,FALSE),VLOOKUP($D54,FundFY23!$A:$C,3,FALSE)),\"\")","v":""},null,null,{"$f":"_xlfn.IFNA(IF(E54=\"ORG\",VLOOKUP(F54,ORGFY23!$A:$C,3,FALSE), E54),\"\")","v":""},{"$f":"IF(G54<=0,\" \",VLOOKUP(G54,AcctFY23!$A:$B,2,FALSE))","v":" "}]
[null,null,null,null,{"$f":"_xlfn.IFNA(IFERROR(VLOOKUP($D55,FundFY23!$A:$C,3,FALSE),VLOOKUP($D55,FundFY23!$A:$C,3,FALSE)),\"\")","v":""},null,null,{"$f":"_xlfn.IFNA(IF(E55=\"ORG\",VLOOKUP(F55,ORGFY23!$A:$C,3,FALSE), E55),\"\")","v":""},{"$f":"IF(G55<=0,\" \",VLOOKUP(G55,AcctFY23!$A:$B,2,FALSE))","v":" "}]
[null,null,null,null,{"$f":"_xlfn.IFNA(IFERROR(VLOOKUP($D56,FundFY23!$A:$C,3,FALSE),VLOOKUP($D56,FundFY23!$A:$C,3,FALSE)),\"\")","v":""},null,null,{"$f":"_xlfn.IFNA(IF(E56=\"ORG\",VLOOKUP(F56,ORGFY23!$A:$C,3,FALSE), E56),\"\")","v":""},{"$f":"IF(G56<=0,\" \",VLOOKUP(G56,AcctFY23!$A:$B,2,FALSE))","v":" "}]
[null,null,null,null,{"$f":"_xlfn.IFNA(IFERROR(VLOOKUP($D57,FundFY23!$A:$C,3,FALSE),VLOOKUP($D57,FundFY23!$A:$C,3,FALSE)),\"\")","v":""},null,null,{"$f":"_xlfn.IFNA(IF(E57=\"ORG\",VLOOKUP(F57,ORGFY23!$A:$C,3,FALSE), E57),\"\")","v":""},{"$f":"IF(G57<=0,\" \",VLOOKUP(G57,AcctFY23!$A:$B,2,FALSE))","v":" "},{"$f":"SUM(J21:J56)","v":0},{"$f":"SUM(K21:K56)","v":0}]
[null,null,null,null,null,null,null,null,null,"HASH TOTAL",{"$f":"J57+K57","v":0}]
[]
[null,null,"REQUESTED BY:",null,null,null,null,null,null,null,"REQUESTED DATE:"]
[]
[null,null,"APPROVED BY:",null,null,null,null,null,null,null,"APPROVED DATE:"]
[]
[null,null,"ENTERED BY:",null,null,null,null,null,null,null,"POSTED DATE:"]
[]
["** Field to be completed by Requestor"]
[]
[null,null,"JE15 - Intra-Fund Journal Voucher"]
[null,null,"FT01 - Inter-Fund Journal Voucher"]
[null,null,"JEMG - Finanace Managers Only"]
[null,null,"FTMG - Inter fund Finanace Managers Only"]
[null,null,"Period 01 - April"]
[null,null,"Period 02 - May"]
[null,null,"Period 03 - June"]
[null,null,"Period 04 - July"]
[null,null,"Period 05 - August"]
[null,null,"Period 06 - September"]
[null,null,"Period 07 - October"]
[null,null,"Period 08 - November"]
[null,null,"Period 09 - December"]
[null,null,"Period 10 - January"]
[null,null,"Period 11 - February"]
[null,null,"Period 12 - March"]
[null,null,{"$f":"COUNT(D20:D57)","v":0}]
[null,null,{"$f":"COUNTIF(D20:D57,C86)","v":0}]

{"sheet":"Back up","index":2,"n_rows":0,"n_cols":0,"rows_kept":0,"cut":false,"hidden":false,"merged":[]}

{"sheet":"Back up ","index":3,"n_rows":0,"n_cols":0,"rows_kept":0,"cut":false,"hidden":false,"merged":[]}

{"sheet":"FundFY23","index":4,"n_rows":3628,"n_cols":6,"rows_kept":3628,"cut":false,"hidden":true,"merged":[[0,0,1,0],[0,1,1,1],[0,2,1,2]]}
["FUND LVL4","DESCRIPTION","DEFAULT PROG",null,"As at:","2023-08-02"]
[]
[10048,"NSERC COVID Supplement F#210314",20]
[21019,"NSERC Covid Supplement F#210389",20]
[100000,"Regular Operating Fund","ORG"]
[100005,"Instructional Grant Fund","ORG"]
[100015,"Operating Transfers to IFR",10]
[100020,"Operating Allocations",10]
[100025,"Regent Corporation","ORG"]
[110000,"Cost Recovery","ORG"]
[120000,"Purchased Services","ORG"]
[125000,"Purchased Services - UOIT Specific","ORG"]
[130000,"Management Development Centre -FBIT",19]
[130002,"Continuous Learning",19]
[130004,"Experiential Learning",19]
[130010,"Stores",10]
[130011,"Materials Characterization Centre",10]
[130012,"Biomolecular Characterization Facil",10]
[130020,"Cent for Prof Dev in Education",19]
[130021,"Crime Scene Camp (Forensics Camp)",19]
[130022,"Education Camps",19]
[130023,"STEAM 3D Camp",19]
[130024,"HEIT Conference",10]
[130030,"SEM",11]
[130031,"Brilliant Sponsorship Funds",19]
[130032,"Brilliant Start-Up Visa Funds",19]
[130040,"UOIT Retail Store",18]
[130041,"Shop SIRC",18]
[130050,"Social Research Centre",10]
[130051,"Centre on Hate, Bias and Extremism",10]
[130060,"Nuclear Prof Development Centre",19]
[140000,"Capital Asset",22]
[150000,"Start-Up & PD - CLOSED",10]
[150001,"Start-Up & PD",10]
[150002,"Start-Up & PD",10]
[150003,"Start-Up & PD - Moved (154034)",10]
[150004,"Start-Up & PD - CLOSED",10]
[150005,"Start-Up & PD",10]
[150006,"Start-Up & PD - CLOSED",10]
[150007,"Start-Up & PD (Closed)",10]
[150008,"Start-Up & PD",10]
[150009,"Start-Up & PD",10]
[150010,"Start-Up & PD - CLOSED",10]
[150011,"Start-Up & PD",10]
[150012,"Start-Up & PD - CLOSED",10]
[150013,"Start-Up & PD",10]
[150014,"Start-Up & PD",10]
[150015,"Start-Up & PD",10]
[150016,"Start-Up & PD - CLOSED",10]
[150017,"Start-Up & PD",10]
[150018,"Start-Up & PD",10]
[150019,"Start-Up & PD",10]
[150020,"Start-Up & PD",10]
[150021,"Start-Up & PD",10]
[150022,"Start-Up & PD",10]
[150023,"Start-Up & PD",10]
[150024,"Start-Up & PD - CLOSED",10]
[150025,"Start-Up & PD",10]
[150026,"Start-Up & PD",10]
[150027,"Start-Up & PD",10]
[150028,"Start-Up & PD",10]
[150029,"Start-Up & PD-Closed",10]
[150030,"Start-Up & PD",10]
[150031,"Start-Up & PD",10]
[150032,"Start-Up & PD",10]
[150033,"Start-Up & PD",10]
[150034,"Start-Up & PD",10]
[150035,"Start-Up & PD",10]
[150036,"Start-Up & PD",10]
[150037,"Start-Up & PD",10]
[150038,"Start-Up & PD",10]
[150039,"Start-Up & PD",10]
[150040,"Start-Up & PD",10]
[150041,"Start-Up & PD",10]
[150042,"Start-Up & PD",10]
[150043,"Start-Up & PD",10]
[150044,"Start-Up & PD",10]
[150045,"Start-Up & PD",10]
[150046,"Start-Up & PD",10]
[150047,"Start-Up & PD",10]
[150048,"Start-Up & PD",10]
[150049,"Start-Up & PD",10]
[150050,"Start-Up & PD",10]
[150051,"Start-Up & PD",10]
[150052,"Start-Up & PD",10]
[150054,"Start-Up & PD",10]
[150055,"Start-Up & PD",10]
[150056,"Start-Up & PD",10]
[150057,"Start-Up & PD",10]
[150058,"Start-Up & PD",10]
[150059,"Start-Up & PD",10]
[150060,"Start-Up & PD",10]
[150061,"Start-Up & PD",10]
[150062,"Start-Up & PD",10]
[150063,"Start-Up & PD",10]
[150064,"Start-Up & PD",10]
[150065,"Start-Up & PD",10]
[150066,"Start-Up & PD",10]
[150067,"Start-Up & PD",10]
[150068,"Start-Up & PD",10]
[150069,"Start-Up & PD",10]
[150070,"Start-Up & PD",10]
[150071,"Start-Up & PD",10]
[150072,"Start-Up & PD",10]
[150073,"Start-Up & PD",10]
[150074,"Start-Up & PD",10]
[150075,"Start-Up & PD",10]
[150076,"Start-Up & PD",10]
[150077,"Start-Up & PD",10]
[150078,"Start-Up & PD",10]
[150079,"Start-Up & PD",10]
[150080,"Start-Up & PD",10]
[150081,"Start-Up & PD",10]
[150082,"Start-Up & PD",10]
[150083,"Start-Up & PD",10]
[150084,"Start-Up & PD",10]
[150085,"Start-Up & PD",10]
[150086,"Start-Up & PD",10]
[150087,"Start-Up & PD",10]
[150088,"Start-Up & PD",10]
[150089,"Start-Up & PD",10]
[150090,"Start-Up & PD",10]
[150091,"Start-Up & PD",10]
[150092,"Start-Up & PD",10]
[150093,"Start-Up & PD",10]
[150094,"Start-Up & PD",10]
[150095,"Start-Up & PD",10]
[150096,"Start-Up & PD",10]
[150097,"Start Up & PD",10]
[150098,"Start Up & PD",10]
[150099,"Start Up & PD",10]
[150100,"Start Up & PD",10]
[150101,"Start Up & PD",10]
[150102,"Start Up & PD",10]
[150103,"Start Up & PD",10]
[151000,"Start-Up & PD",10]
[151001,"Start-Up & PD",10]
[151002,"Start-Up & PD",10]
[151003,"Start-Up & PD",10]
[151004,"Start-Up & PD",10]
[151005,"Start-Up & PD",10]
[151006,"Start-Up & PD",10]
[151007,"Start-Up & PD",10]
[151008,"Start-Up & PD",10]
[151009,"Start-Up & PD",10]
[151010,"Start-Up & PD",10]
[151011,"Start-Up & PD",10]
[151012,"Start-Up & PD",10]
[151013,"Start-Up & PD",10]
[151014,"Start-Up & PD",10]
[151015,"Start-Up & PD",10]
[151016,"Start-Up & PD",10]
[151017,"Start-Up & PD",10]
[151018,"Start-Up & PD",10]
[151019,"Start-Up & PD",10]
[151020,"Start-Up & PD",10]
[151021,"Start-Up & PD",10]
[151022,"Start-Up & PD",10]
[151023,"Start-Up & PD",10]
[151024,"Start-Up & PD",10]
[151025,"Start-Up & PD",10]
[151026,"Start-Up & PD - CLOSED",10]
[151027,"Start-Up & PD",10]
[151028,"Start-Up & PD",10]
[151029,"Start-Up & PD",10]
[151030,"Start-Up & PD",10]
[151031,"Start-Up & PD",10]
[151032,"Start-Up & PD",10]
[151033,"Start-Up & PD",10]
[151034,"Start-Up & PD",10]
[151035,"Start-Up & PD",10]
[151036,"Start-Up & PD",10]
[151037,"Start-up & PD",10]
[151038,"Start-up & PD",10]
[151039,"Start-up & PD",10]
[151040,"Start-up & PD",10]
[151041,"Start-up & PD",10]
[151042,"Start-up & PD",10]
[151043,"Start-up & PD",10]
[151044,"Start-up & PD",10]
[151045,"Start-up & PD",10]
[151046,"Start-up & PD",10]
[151047,"Start-up & PD",10]
[151048,"Start-up & PD",10]
[151049,"Start-up & PD",10]
[151050,"Start-up & PD",10]
[151051,"Start-up & PD",10]
[151052,"Start-up & PD",10]
[151053,"Start-up & PD",10]
[151054,"Start-up & PD",10]
[151055,"Start-up & PD",10]
[151056,"Start-up & PD",10]
[151057,"Start-up & PD",10]
[151058,"Start-up & PD",10]
[151059,"Start-Up & PD",10]
[151060,"Start-Up & PD",10]
[151061,"Start-Up & PD",10]
[151062,"Start-Up & PD",10]
[151063,"Start-Up & PD",10]
[151064,"Start-Up & PD",10]
[151065,"Start-Up & PD",10]
[151066,"Start-Up & PD",10]
[151067,"Start-Up & PD",10]
[151068,"Start Up & PD",10]
[151069,"Start Up & PD",10]
[151070,"Start Up & PD",10]
[151071,"Start Up & PD",10]
[152000,"Start-Up & PD - Moved (151025)",10]
[152001,"Start-Up & PD - Moved (151026)",10]
[152002,"Start-Up & PD - Moved (151027)",10]
[152003,"Start-Up & PD - Moved (151028)",10]
[152004,"Start-Up & PD - Moved (151029)",10]
[152005,"Start-Up & PD - CLOSED",10]
[152006,"Start-Up & PD",10]
[152007,"Start-Up & PD - CLOSED",10]
[152008,"Start-Up & PD",10]
[152009,"Start-Up & PD",10]
[152010,"Start-Up & PD",10]
[152011,"Start-Up & PD",10]
[152012,"Start-Up & PD",10]
[152013,"Start-Up & PD",10]
[152014,"Start-Up & PD",10]
[152015,"Start-Up & PD",10]
[152016,"Start-Up & PD",10]
[152017,"Start-Up & PD - CLOSED",10]
[152018,"Start-Up & PD",10]
[152019,"Start-Up & PD",10]
[152020,"Start-Up & PD",10]
[152021,"Start-Up & PD",10]
[152022,"Start-Up & PD",10]
[152023,"Start-Up & PD",10]
[152024,"Start-Up & PD",10]
[152025,"Start-Up & PD",10]
[152026,"Start-Up & PD",10]
[152027,"Start-Up & PD",10]
[152028,"Start-Up & PD",10]
[152029,"Start-Up & PD",10]
[152030,"Start-Up & PD",10]
[152031,"Start-Up & PD",10]
[152032,"Start-Up & PD",10]
[152033,"Start-Up & PD",10]
[152034,"Start-Up & PD",10]
[152035,"Start-Up & PD",10]
[152036,"Start-Up & PD",10]
[152037,"Start-Up & PD",10]
[153000,"Start-Up & PD",10]
[153001,"Start-Up & PD",10]
[153002,"Start-Up & PD",10]
[153003,"Start-Up & PD",10]
[153004,"Start-Up & PD",10]
[153005,"Start-Up & PD",10]
[153006,"Start-Up & PD",10]
[153007,"Start-Up & PD",10]
[153008,"Start-Up & PD",10]
[153009,"Start-Up & PD",10]
[153010,"Start-Up & PD",10]
[153011,"Start-Up & PD",10]
[153012,"Start-Up & PD",10]
[153013,"Start-Up & PD",10]
[153014,"Start-Up & PD",10]
[153015,"Start-Up & PD",10]
[153016,"Start-Up & PD",10]
[153017,"Start-Up & PD",10]
[153018,"Start-Up & PD",10]
[153019,"Start-Up & PD",10]
[153020,"Start-Up & PD",10]
[154000,"Start-Up & PD",10]
[154001,"Start-Up & PD",10]
[154002,"Start-Up & PD",10]
[154003,"Start-Up & PD",10]
[154004,"Start-Up & PD",10]
[154005,"Start-Up & PD",10]
[154006,"Start-Up & PD",10]
[154007,"Start-Up & PD",10]
[154008,"Start-Up & PD",10]
[154009,"Start-Up & PD",10]
[154010,"Start-Up & PD",10]
[154011,"Start-Up & PD",10]
[154012,"Start-Up & PD",10]
[154013,"Start-Up & PD",10]
[154014,"Start-Up & PD",10]
[154015,"Start-Up & PD",10]
[154016,"Start-Up & PD",10]
[154017,"Start-Up & PD",10]
[154018,"Start-Up & PD",10]
[154019,"Start-Up & PD",10]
[154020,"Start-Up & PD",10]
[154021,"Start-Up & PD",10]
[154022,"Start-Up & PD",10]
[154023,"Start-Up & PD",10]
[154024,"Start-Up & PD",10]
[154025,"Start-Up & PD",10]
[154026,"Start-Up & PD",10]
[154027,"Start-Up & PD",10]
[154028,"Start-Up & PD",10]
[154029,"Start-Up & PD",10]
[154030,"Start-Up & PD",10]
[154031,"Start-Up & PD",10]
[154032,"Start-Up & PD",10]
[154033,"Start-Up & PD",10]
[154034,"Start-Up & PD",10]
[154035,"Start-Up & PD",10]
[154036,"Start-Up & PD",10]
[154037,"Start-Up & PD",10]
[154038,"Start-Up & PD",10]
[154039,"Start-Up & PD",10]
[154040,"Start-Up & PD",10]
[154041,"Start-Up & PD",10]
[154042,"Professional Developement Fund",10]
[154043,"Professional Developement Fund",10]
[154044,"Professional Developement Fund",10]
[154045,"Professional Developement Fund",10]
[154046,"Professional Developement Fund",10]
[154047,"Start-up & PD",10]
[154048,"Start-up & PD",10]
[154049,"Start-up & PD",10]
[154050,"Start-up & PD",10]
[154051,"Start-up & PD",10]
[154052,"Start-up & PD",10]
[154053,"Start-up & PD",10]
[154054,"Start-up & PD",10]
[154055,"Start-up & PD",10]
[154056,"Start-up & PD",10]
[154057,"Start-up & PD",10]
[154058,"Start-up & PD",10]
[154059,"Start-up & PD",10]
[154060,"Start-up & PD",10]
[154061,"Start-up & PD",10]
[154062,"Start-up & PD",10]
[154063,"Start-up & PD",10]
[154064,"Start-up & PD",10]
[154065,"Start-up & PD",10]
[154066,"Start-up & PD",10]
[154067,"Start-up & PD",10]
[154068,"Start-up & PD",10]
[154069,"Start-up & PD",10]
[154070,"Start-up & PD",10]
[154071,"Start-up & PD",10]
[154072,"Start-up & PD",10]
[154073,"Start-up & PD",10]
[154074,"Start-up & PD",10]
[154075,"Start-up & PD",10]
[154076,"Start-up & PD",10]
[154077,"Start-up & PD",10]
[154078,"Start-up & PD",10]
[154079,"Start-up & PD",10]
[154080,"Start-up & PD",10]
[154081,"Start-up & PD",10]
[155000,"Start-Up & PD",10]
[155001,"Start-Up & PD",10]
[155002,"Start-Up & PD",10]
[155003,"Start-Up & PD",10]
[155004,"Start-Up & PD",10]
[155005,"Start-Up & PD",10]
[155006,"Start-Up & PD",10]
[155007,"Start-Up & PD",10]
[155008,"Start-Up & PD",10]
[155009,"Start-Up & PD- Closed",10]
[155010,"Start-Up & PD",10]
[155011,"Start-Up & PD",10]
[155012,"Start-Up & PD",10]
[155013,"Start-Up & PD",10]
[155014,"Start-Up & PD",10]
[155015,"Start-Up & PD",10]
[155016,"Start-Up & PD",10]
[155017,"Start-Up & PD",10]
[155018,"Start-Up & PD",10]
[155019,"Start-Up & PD",10]
[155020,"Start-Up & PD",10]
[155021,"Start-Up & PD",10]
[155022,"Start-Up & PD - CLOSED",10]
[155023,"Start-Up & PD",10]
[155024,"Start-Up & PD",10]
[155025,"Start-Up & PD",10]
[155026,"Start-Up & PD",10]
[155027,"Start-Up & PD",10]
[155028,"Start-Up & PD",10]
[155029,"Start-Up & PD",10]
[155030,"Start-Up & PD",10]
[155031,"Start-Up & PD",10]
[155032,"Start-Up & PD",10]
[155033,"Start-Up & PD - CLOSED",10]
[155034,"Start-Up & PD",10]
[155035,"Start-Up & PD",10]
[155036,"Start-Up & PD",10]
[155037,"Start-Up & PD - CLOSED",10]
[155038,"Start-Up & PD",10]
[155039,"Start-Up & PD",10]
[155040,"Start-Up & PD",10]
[155041,"Start-Up & PD",10]
[155042,"Start-up & PD",10]
[155043,"Start-up & PD",10]
[155044,"Start-up & PD",10]
[155045,"Start-up & PD",10]
[155046,"Start-up & PD",10]
[155047,"Start-up & PD",10]
[155048,"Start-up & PD",10]
[155049,"Start-Up & PD",10]
[155050,"Start-Up & PD",10]
[155051,"Start-Up & PD",10]
[155052,"Start-Up & PD",10]
[155053,"Start-Up & PD",10]
[155054,"Start-Up & PD",10]
[155055,"Start-Up & PD",10]
[155056,"Start-Up & PD",10]
[155057,"Start-Up & PD",10]
[155058,"Start-Up & PD",10]
[155059,"Start-Up & PD",10]
[155060,"Start-Up & PD",10]
[155061,"Start-Up & PD",10]
[155062,"Start-Up & PD",10]
[155063,"Start-Up & PD",10]
[155064,"Start-Up & PD",10]
[155065,"Start-Up & PD",10]
[155066,"Start-Up & PD",10]
[155067,"Start-Up & PD",10]
[155068,"Start-Up & PD",10]
[155069,"Start-Up & PD",10]
[155070,"Start-Up & PD",10]
[155071,"Start- UP & PD",10]
[156000,"Start-Up & PD",10]
[156001,"Start-Up & PD",10]
[156002,"Start-Up & PD",10]
[156003,"Start-Up & PD",10]
[156004,"Start-Up & PD",10]
[156005,"Start-Up & PD",10]
[156006,"Start-Up & PD",10]
[156007,"Start-Up & PD",10]
[156008,"Start-Up & PD",10]
[156009,"Start-Up & PD",10]
[156010,"Start-Up & PD",10]
[156011,"Start-Up & PD",10]
[156012,"Start-Up & PD",10]
[156013,"Start-Up & PD",10]
[156014,"Start-Up & PD",10]
[156015,"Start-Up & PD",10]
[156016,"Start-Up & PD",10]
[156017,"Start-Up & PD",10]
[156018,"Start-Up & PD",10]
[156019,"Start-Up & PD",10]
[156020,"Start-Up & PD",10]
[156021,"Start-Up & PD",10]
[156022,"Start-Up & PD",10]
[156023,"Start-Up & PD",10]
[156024,"Start-Up & PD",10]
[156025,"Start-Up & PD",10]
[156026,"Start-Up & PD",10]
[156027,"Start-Up & PD",10]
[156028,"Start-Up & PD - CLOSED",10]
[156029,"Start-Up & PD - CLOSED",10]
[156030,"Start-Up & PD",10]
[156031,"Start-Up & PD",10]
[156032,"Start-Up & PD",10]
[156033,"Start-Up & PD",10]
[156034,"Start-Up & PD",10]
[156035,"Start-Up & PD",10]
[156036,"Start-Up & PD",10]
[156037,"Start-Up & PD",10]
[156038,"Start-Up & PD",10]
[156039,"Start-Up & PD",10]
[156040,"Start-Up & PD",10]
[156041,"Start-Up & PD",10]
[156042,"Start-Up & PD",10]
[156043,"Start-Up & PD",10]
[156044,"Start-Up & PD",10]
[156045,"Start-Up & PD",10]
[156046,"Start-up & PD",10]
[156047,"Start-up & PD",10]
[156048,"Start-up & PD",10]
[156049,"Start-up & PD",10]
[156050,"Start-up & PD",10]
[156051,"Start-up & PD",10]
[156052,"Start-up & PD",10]
[156053,"Start-up & PD",10]
[156054,"Start-up & PD",10]
[156055,"Start-up & PD",10]
[156056,"Start-up & PD",10]
[156057,"Start-up & PD",10]
[156058,"Start-up & PD",10]
[156059,"Start-up & PD",10]
[156060,"Start-up & PD",10]
[156061,"Start-up & PD",10]
[156062,"Start-up & PD",10]
[156063,"Start-up & PD",10]
[156064,"Start-up & PD",10]
[156065,"Start-up & PD",10]
[156066,"Start-up & PD",10]
[156067,"Start-up & PD",10]
[156068,"Start-up & PD",10]
[156069,"Start-up & PD",10]
[159000,"Start-Up & PD",10]
[159001,"Start-Up & PD",10]
[159002,"General Start-Up & PD Fund",10]
[159003,"Start-Up & PD",10]
[159004,"RWG (Research Working Group)",10]
[159005,"Start Up & PD",10]
[159006,"Start Up & PD",10]
[159009,"Start Up & PD Clearing",10]
[159012,"Start Up & PD",10]
[160000,"ORS Intrnal Restrctd Residual Fund",10]
[160001,"Residual funds from FSCO Contract",10]
[160002,"Cleanwave project - Residual funds",10]
[160003,"Environchill Cryogen- Residual Fund",10]
[160004,"Volvo w/Auto 21-Residual fund",10]
[160005,"Sartrex - Use of MaRS Lab",10]
[160006,"CRIAQ - Modeling- Residual Fund",10]
[160007,"Phoenix Canada -Residual Fund",10]
[160008,"PEW - Residual funds",10]
[160009,"Justice Canada - Residual Funds",10]
[160010,"OPG Residual Fund",10]
[160011,"Residual fund - OPG Fund #231118",10]
[160012,"CNL Service fee for PI-F#218064",10]
[160013,"IDRC- Service fee for PI- F#218044",10]
[160014,"Residual fund-UOIT Matchng F#211184",10]
[160015,"Residual fund - KIMM F# 221022",10]
[160016,"Residual fund - OPG Fund#231043",10]
[160017,"Residual fund - MariaPosa F#231127",10]
[160018,"Residual fund-CRDwIngersol F#231108",10]
[160019,"Supplies funds related to F#221029",10]
[160020,"Residual fund- THC Fund #231153",10]
[160021,"Residual fund-Ontario Shor-F#234122",10]
[160022,"Residual fund - Ingle Fund#234055",10]
[160023,"Residual Fund-Egale Canada F#234126",10]
[160024,"Residual Fund-QA Consultan-F#231140",10]
[160025,"Residual Fund-NAV CAnada-F#234121",10]
[160026,"MiNA Research Fee of F#221043",10]
[160027,"Residual Fund-IDEAs 1b-F#218088",10]
[160028,"Residual Fund-QA Consultan-F#231155",10]
[160029,"Residual Fund-QA Consultan-F#231155",10]
[160030,"Residual Fund-QA Consultan-F#231155",10]
[160031,"Residual Fund - ECCC# 218094",10]
[160032,"Residual Fund - BioMar #231167",10]
[160033,"Residual Fund-Fisheries&Ocea-218077",10]
[160034,"APMA-Project Arrow-Dr. Barari 's La",10]
[160035,"Residual Fund- Greenwood Mashroom-F",10]
[160036,"NII- Service fee for PI- F#234055",10]
[160037,"Residual fund -VPRII OPG/RIF-231129",10]
[160038,"BEA/DOE- Research Fee of F#221031",10]
[160039,"SFC- Visiting Scholar in Residence",10]
[160040,"Nessis Inc. – Wastewater project",10]
[160999,"Internal Research Residual Fund",10]
[161000,"DC/UOIT Innovative-Research Capacit",10]
[161001,"DC/UOIT Innovative-Education",10]
[161002,"DC/UOIT Innovative-Canada-Ireland",10]
[161003,"DC/UOIT Innovative-Community",10]
[161004,"DC/UOIT Innovative - ACE Centre",10]
[161005,"DC/UOIT Innovative-Simulated Exper",10]
[161006,"UOIT- UPF- Enhancing Student commut",10]
[161007,"UOIT-REC VPRII-Electrochemical Ener",10]
[161008,"UOIT- Dr.Deborah Saucier ERA-A",10]
[161009,"UOIT- Dr.Deborah Saucier ERA-A",10]
[161010,"UOIT-VPRII REC-Artificial Intellig",10]
[161011,"UOIT-Dr.Deborah Saucier ERA-A",10]
[161012,"UOIT-VPRII REC-Health Informatics",10]
[161013,"UOIT-VPRII RIF A-Cloud-connected",10]
[161014,"UOIT-VPRII RIF A-PIV System",10]
[161015,"UOIT-Dr.Deborah Saucier ERA-A",10]
[161016,"SSIF- Student Life Digital Communit",10]
[161017,"UOIT-VPRII OPG/RIF-Stream C:ACE",10]
[161018,"UOIT-VPRII RIF-Stream C-Refining",10]
[161019,"UOIT-VPRII RIF-Stream A-Upgradin",10]
[161020,"OnTechU SIG- Identifying ways to im",10]
[161021,"Available",10]
[161022,"OnTech-VPRII RIF-Development of Ful",10]
[161023,"OnTech- Dr.Deborah Saucier ERA-Loca",10]
[161024,"North Head-Supporting linguistic",10]
[161025,"CRCP- Using smart Materials and mic",10]
[161026,"CRCP- Improved Regenerative Braking",10]
[161027,"CRCP- GROWING CHANGE THROUGH ENERGY",10]
[161028,"CRCP EaRTH- Demonstration of smart",10]
[161029,"CRCP EaRTH- Impacts of physical",10]
[161030,"CRCP EaRTH- Optimal Best Managemen",10]
[161031,"OnTech- REC- Nutrition Policy",10]
[161032,"OnTech- REC- Chemichal Biology",10]
[161033,"OnTech- REC- Clean Hydrogen Energy",10]
[161034,"OnTech- REC- Software and Informat",10]
[161035,"OnTech- REC- Techno-Economic and En",10]
[161036,"OnTech- REC- Advanced Functional M",10]
[161037,"Start-Up Visa Funds -Research Suppo",10]
[161038,"OnTechU RE 2023- Centre Hate,Bias",10]
[161039,"OnTechU RE 2023- Dementia Care Cent",10]
[161040,"OnTechU RE 2023- Social Research Ce",10]
[161041,"OnTechU RE 2023- Biomolecular Facil",10]
[161042,"OnTechU RE 2023- Digital Life Insti",10]
[161043,"OnTechU RE 2023- Electrochemical",10]
[161044,"OnTechU RE 2023- Clean Energy Resea",10]
[161045,"OnTechU RE 2023- Age with Dignity o",10]
[161046,"OnTechU RE 2023- BEI",10]
[161047,"SUV Program- Brilliant Venture Sup",10]
[161048,"OntarioTech U- Innovative approache",10]
[161049,"FOS Collaborative R&D Award- Diagno",10]
[162000,"Start-Up & PD-Closed",10]
[163000,"Start-Up & PD",10]
[164000,"Start-Up & PD-Closed",10]
[165000,"Start-Up & PD",10]
[165001,"UOIT/ORS-Understanding",10]
[166000,"Start-Up & PD",10]
[169000,"Start-Up & PD-Closed",10]
[170000,"BIT Team Research",10]
[170001,"Internal Research Fund",10]
[171000,"Open-Closed",10]
[172000,"Voices of UOIT Project",10]
[172001,"UOIT's Use of Digital Technology",10]
[172002,"UOIT-Exploration into Assessment",10]
[172003,"Steam 3D Lab Events",10]
[172004,"EI Lab- Service Contracts",10]
[173000,"Open-Closed",10]
[173001,"OPG Management",10]
[174000,"Open",10]
[174001,"Restart Proj - Heat Engine System-C",10]
[175000,"Open-closed",10]
[176000,"Science Research/Other",10]
[176001,"CS&V Lab Operational Support",10]
[177000,"Internal Matching Contribution",10]
[177001,"UOITMatching-Activities Southlake",10]
[179000,"UOIT Support - Ramon's CFI",10]
[179001,"RBC-Support experiential learning i",10]
[180000,"BIT UOIT Overhead",10]
[180001,"FSSH UOIT Overhead",10]
[180002,"Education UOIT Overhead",10]
[180003,"ESNS UOIT Overhead",10]
[180004,"EAS UOIT Overhead",10]
[180005,"HS UOIT Overhead",10]
[180006,"Science UOIT Overhead",10]
[180007,"OAPR UOIT Overhead",10]
[180008,"Overhead Research Infrastructure",10]
[180009,"FSCO - Indirect/Overhead",20]
[190000,"Highest Priority Unrestricted",30]
[190001,"Debenture",30]
[190002,"Designated Capital Fund",30]
[190003,"Expendable Research",30]
[190004,"Registration Fees",30]
[190005,"Varsity Men's Hockey",30]
[190006,"Solar Car",30]
[190007,"Formula SAE Team",30]
[190008,"Highest Priority Schol & Burs",30]
[190009,"EcoCar",30]
[190010,"Rowing",30]
[190011,"Highest Priority Research",30]
[190012,"Highest Priority Capital",30]
[190013,"Varsity Women's Hockey",30]
[190014,"Varsity Tennis",30]
[190015,"Varsity Soccer",30]
[190016,"OPG Education Programs Support",30]
[190017,"Boyce Chair - Natural Gas, ERC",30]
[190018,"Library Fund",30]
[190019,"Homecoming Revenue",30]
[190020,"Annual Fund Priority Needs",30]
[190021,"Commemorative Tree & Bench Program",30]
[190022,"Hold for Gift Designation",30]
[190023,"Alumni Events Revenue",30]
[190024,"Alumni Branded Material Sales",30]
[190025,"Alumni Affinity Partner Revenue",30]
[190026,"GE Canada Energy Lecture Series",30]
[190027,"SIRC Capital",30]
[190028,"CARIE Capital",30]
[190029,"Athletics",30]
[190030,"Boyce-Mass Transit Systems Research",30]
[190031,"Boyce Engineering Innovation Studio",30]
[190032,"Sponsorship Revenue",30]
[190033,"Pi-Day Highest Priority",30]
[190034,"Pi-Day FBIT",30]
[190035,"Pi-Day FEAS",30]
[190036,"Pi-Day FEd",30]
[190037,"Pi-Day FESNS",30]
[190038,"Pi-Day FHSci",30]
[190039,"Pi-Day FSci",30]
[190040,"Pi-Day FSSH",30]
[190041,"Pi-Day SGS",30]
[190042,"Pi-Day Athletics",30]
[190043,"Student Design Team Fund",30]
[190044,"Engineering Outreach",30]
[190045,"RBC-City Idea Lab Program (CIL)",30]
[190046,"Peer to Peer Mental Health Program",30]
[190047,"ACE Enhancement Project",30]
[190048,"Ctr on Hate/Bias/Extremism Support",30]
[190049,"Brave The Future Unrestricted",30]
[190050,"Career Readiness - Student w Disab",30]
[190051,"Centre for Students Capital",30]
[190052,"Adopt-a-Ridgeback",30]
[190053,"Student Clubs & Initiatives",30]
[190054,"TD Core Success Skills - Micro-Cred",30]
[190055,"Bell Mental Health Support",30]
[190056,"Catalyst Challenge Sponsorship",30]
[190057,"Brilliant Energy Institute Capital",30]
[190058,"Men's Varsity Soccer",30]
[190059,"Women's Varsity Soccer",30]
[190060,"Men's Varsity Basketball",30]
[190061,"Women's Varsity Basketball",30]
[190062,"Varsity Curling",30]
[190063,"Varsity Dance",30]
[190064,"Varsity Lacrosse",30]
[190065,"Varsity Golf",30]
[190066,"Varsity Badminton",30]
[190067,"Continuous Learning Camps",30]
[190068,"Net Zero Carbon Emissions Project",30]
[190069,"OPG EDI Initiatives",30]
[190070,"Engineering Machine Shop Equipment",30]
[190071,"Student Accessibility Services Fund",30]
[190072,"Student Investment Fund",30]
[190073,"Campaign-Areas of Greatest Need",30]
[190074,"Student Mental Health - AMDF",30]
[190075,"Mental Health Support",30]
[190076,"RBC Student Enrichment Program",30]
[190077,"Student Enrichment Program Support",30]
[190100,"FBIT Dean's Fund",30]
[190101,"FBIT Capstone Donations",30]
[190102,"Vanhaverbeke FBIT Student Support",30]
[190200,"FHS Dean's Fund",30]
[190300,"FSSH Dean's Fund",30]
[190400,"FE Dean's Fund",30]
[190500,"FESNS Dean's Fund",30]
[190600,"FS Dean's Fund",30]
[190700,"FEAS Dean's Fund",30]
[190701,"FEAS Capstone Sponsorship",30]
[190800,"General Exp. Graduate Scholarship",30]
[190801,"General Exp. OGS/OGSS Scholarship ",30]
[190802,"General Exp. Graduate Bursary",30]
[190803,"Prichard Graduate Award",30]
[190804,"CultureWorks Graduate Award",30]
[190805,"ICCD Graduate Scholarship Fund",30]
[190806,"Morris-Caribbean Friends Grad Schol",30]
[190807,"ICCD International Grad Scholarship",30]
[190808,"OGS,Supported by Lawson Gay Family",30]
[190809,"OGS,Supported by Nutall Family",30]
[190810,"OGS,Oshawa Parkwood Rotary Club",30]
[190811,"OGS, Supported by Lovell Dividends",30]
[190812,"OGS, Supported by J.J McGuire",30]
[190813,"OGS, Supported by OCI",30]
[190814,"OGS, Supported by Durham Medical",30]
[190815,"OGS, Clinical Lab Leaders of Ont",30]
[190816,"OGS, Devon and Linda Biddle",30]
[190817,"OGS, Supported by Carol Gifford",30]
[190818,"Zilinsky Graduate Scholarship",30]
[190819,"SGPS Dean's Fund",30]
[190820,"OGS, supported by the Hayball Fdn",30]
[190821,"OGS, Supported by Dermarkar Family",30]
[190822,"OGS,Supported by Space Age Electric",30]
[190823,"OGS Supported by Marigold Ford",30]
[190824,"OGS-Supported by Zilinsky Family",30]
[190825,"OGS, Carpenters Union Local 397",30]
[190826,"Scotiabank Women for STEM Schol",30]
[190827,"OGS supported by Scotiabank",30]
[190828,"OGS, supported by the Alger Family",30]
[190829,"OGS, J.P. Bickell Foundation",30]
[190830,"OGS, supported by Peter Williamson",30]
[190831,"OGS, Sharon and Richard Swain",30]
[190832,"OGS supported by Tamarac Consulting",30]
[190833,"OGS, supported by Glasshouse System",30]
[190834,"OGS supported by Judy Goldring",30]
[190835,"OGS, Paradise Developments",30]
[190836,"OGS, Forum Investment and Dev Corp",30]
[190837,"OGS, Harcharan and Prem Singh Fdn",30]
[190838,"OGS, Vanessa and Mark Mulroney",30]
[190839,"OGS, supported by Chris Tambakis",30]
[190840,"OGS supported by S.M. Blair Fam Fdn",30]
[190841,"OGS supported by Lori Livingston",30]
[190842,"OGS, supported by OPG",30]
[190843,"Encouragement PhD Scholarship",30]
[190844,"Encouragement Grad Student Relief",30]
[190845,"OGS, Michael and Andrea Barrack",30]
[190846,"OGS, supported by the Rahme Family",30]
[190900,"Indigenous Student Ctr Priorities",30]
[191000,"Wilson Furniture Bursary",30]
[191001,"Retired Teachers Association",30]
[191002,"Surgical Suite Memorial Fund",30]
[191003,"OCI-Jack Howett Award",30]
[191004,"Durham Filipino - Cdn Society Award",30]
[191005,"M.J. Gerrow Award",30]
[191006,"Hubbell Canada Award",30]
[191007,"HSBC Bank Canada Awards",30]
[191008,"Lenovo (Canada) Inc. Access Awards",30]
[191009,"Ontario Power Generation Award",30]
[191010,"Greater Oshawa Chamber of Commerce",30]
[191011,"Neighbourhoods of Windfields Farm ",30]
[191012,"Robert Darou Norris Prichard Fund",30]
[191013,"Vickie Knox Award",30]
[191014,"Lifelabs Award",30]
[191015,"The Clinical Lab. Leadership Award",30]
[191016,"Antionio & Ida Albis Award",30]
[191017,"Jim Witty Award",30]
[191018,"Grace Fund Bursary",30]
[191019,"CLC Residence Life Award",30]
[191020,"Bill Robinson Bursary",30]
[191021,"Gamma-Dynacare Scholarship",30]
[191022,"Echoscan Entrance Scholarship",30]
[191023,"D. Simmonds Entrepreneurship Award",30]
[191024,"HR Assoc. of Durham Scholarship",30]
[191025,"Gary Milovick Memorial Award",30]
[191026,"KINSA-Best Buy Canada Award",30]
[191027,"Joseph Rooney Memorial Scholarship",30]
[191028,"K.J. Blencoe Award",30]
[191029,"Goodwin Family Bursary",30]
[191030,"Prudencio Black Bursary",30]
[191031,"Messier-Dowty Award",30]
[191032,"Michael Starr Award",30]
[191033,"CultureWorks Fund",30]
[191034,"Expendable General Bursary",30]
[191035,"Expendable General Scholarship",30]
[191036,"International Student Emergency Fnd",30]
[191037,"Emergency Bursary",30]
[191038,"Central East CCAC Award",30]
[191039,"West-Moynes Mens Soccer Scholarship",30]
[191040,"Chris Kostka Leadership Award",30]
[191041,"ICCD Entrance Scholarship",30]
[191042,"ICCD Gravina Scholarship",30]
[191043,"ICCD Space Age Electric Scholarship",30]
[191044,"ICCD Magnone Scholarship",30]
[191045,"ICCD Revere & Nova Scholarship",30]
[191046,"ICCD Osso Scholarship",30]
[191047,"Stirling Entrance",30]
[191048,"Stirling Education",30]
[191049,"Founding Dean of Science Grad Award",30]
[191050,"Victoria Legacy Expendable Bursary",30]
[191051,"Robert Coke Memorial Bursary - Exp",30]
[191052,"Jo Aldwinckle Award",30]
[191053,"Ajax Ride4 Youth Bursary",30]
[191054,"Senior Class Challenge Award",30]
[191055,"Sr. Class Challenge Award(Student)",30]
[191056,"Bobbie McTiernan Bursary",30]
[191057,"Vanhaverbeke Scholarship",30]
[191058,"McGarry amily Scholarship",30]
[191059,"Francis Lyle Somers Mem Bursary",30]
[191060,"Independent Project Mgrs Bursary",30]
[191061,"RTO D28 Bursary",30]
[191062,"Student Success Fund",30]
[191063,"Women in Engineering",30]
[191064,"Durham Womens Lacrosse League Award",30]
[191065,"Oshawa Dental House-Dr. Danis Award",30]
[191066,"James Barnett Bursary",30]
[191067,"Virani Family Bursary",30]
[191068,"Hydro One - WIEUC",30]
[191069,"Flaherty Dow Elliott & McCarthy Exp",30]
[191070,"COCA Bursary",30]
[191071,"OPG-In-Course Scholarship",30]
[191072,"Village Suites Oshawa Bursary",30]
[191073,"NorthStar(Emergency Fund)",30]
[191074,"KPMG Foundation Bursary",30]
[191075,"Multicultural Council Bursary",30]
[191076,"St. Louis Bar & Grill Award",30]
[191077,"Daniel Gazarek Entrepreneurship Awa",30]
[191078,"Manon Lemonds & Pierre Hinse Award",30]
[191079,"Ian Young Bursary",30]
[191080,"Rotary Club of Ajax Bursary",30]
[191081,"Class of xx Award",30]
[191082,"Five Points Mall Bursary",30]
[191083,"Rotary Club of Pickering Bursary",30]
[191084,"Five points Mall Ent Scholarship",30]
[191085,"Temmer Enterprises Ltd.Bursary",30]
[191086,"Ukrainian Credit Union Scholarship",30]
[191087,"Owasco Scholarship",30]
[191088,"Johnson Inc. Scholarships",30]
[191089,"Rotary Club of Port Perry Bursary",30]
[191090,"The Compton Family Award",30]
[191091,"UNIFOR Social Justice Bursary",30]
[191092,"UNIFOR Social Justice Scholarship",30]
[191093,"Professional Eng In-Course Schol",30]
[191094,"Professional Eng Entrance Schol",30]
[191095,"RBC Capstone Award",30]
[191096,"Faculty Champion Award-Homecoming",30]
[191097,"Student Champion Award-Homecoming",30]
[191098,"Alumni Champion Award-Homecoming",30]
[191099,"Durham lifelong Learning Bursary",30]
[191100,"Firefly Award",30]
[191101,"Roger Anderson Charity Classic Burs",30]
[191102,"Paul Vessey Bursary",30]
[191103,"Rotaract UOIT Bursary",30]
[191104,"Rotaract UOIT Scholarship",30]
[191105,"SSF- Travel & Conference",30]
[191106,"CGA Ontario Bursary",30]
[191107,"CGA Ontario Scholarship",30]
[191108,"IEEE Toronto section Scholarship",30]
[191109,"GE Female in Eng Summer Experience",30]
[191110,"ICCD Student Mobility Award",30]
[191111,"Women in Networking Scholarship",30]
[191112,"Women in Networking Bursary",30]
[191113,"IODE, Golden Jubilee Bursary",30]
[191114,"Board of Governors' Pathways Award",30]
[191115,"Hon. Jim Flaherty Exp. Bursary",30]
[191116,"M. Georges Dermarker Scholarship",30]
[191117,"Enbridge Indigenous Student Bursary",30]
[191118,"SAFA Matched Entrance Award",30]
[191119,"SAFA Matched In-Course Award",30]
[191120,"Clifford Simmons Scholarship",30]
[191121,"Peter MacMillan Bursary",30]
[191122,"Peter MacMillan Scholarship",30]
[191123,"GM Oshawa Assembly Plant Awards",30]
[191124,"Jason Kareem Husain Award",30]
[191125,"Levy Family Scholarship",30]
[191126,"Gareau Family Bursary",30]
[191127,"Marigold Ford Lincoln Entrance",30]
[191128,"Marigold Ford Lincoln in-Course",30]
[191129,"Veridian Schol in Electrical Eng",30]
[191130,"Tom and Linda Mitchell Bursary",30]
[191131,"Summers Bursary",30]
[191132,"CAA Auto Ins.Travel Scholarship",30]
[191133,"VON Community Nursing Award",30]
[191134,"Dr. Danis Dental House Award",30]
[191135,"Guglielmo Marconi Scholarship",30]
[191136,"Ontario Motor Sales Scholarship",30]
[191137,"Ontario Motor Sales Bursary",30]
[191138,"Dermarker Family Bursary",30]
[191139,"Experiential Learning Award",30]
[191140,"Unifor Local 222 Retirees - Oshawa",30]
[191141,"Vanhaverbeke Entrance Scholarship",30]
[191142,"TIFC Flaherty Memorial Scholarship",30]
[191143,"TIFC Flaherty Memorial Bursary",30]
[191144,"Rotary Oshawa Student Research Fund",30]
[191145,"Joyce Foundation Success Award",30]
[191146,"Nurse Chev-Cadillac Ltd. Bursary",30]
[191147,"Rotary Club of Uxbridge Scholarship",30]
[191148,"Rotary Club Uxbridge Family Schol",30]
[191149,"Honourable George Vari Bursary",30]
[191150,"Honourable George Vari Scholarship",30]
[191151,"AAC Award",30]
[191152,"OCI Scholarship",30]
[191153,"Allan Stern - Marketing Bursary",30]
[191154,"Life Lab Scholarship",30]
[191155,"Greenbriar Auto Engineering School",30]
[191156,"GM-Osh Assembly Plant In-Course",30]
[191157,"Cleeve Technology Scholarship",30]
[191158,"Nustadia Recreation Award",30]
[191159,"Canada 150 Award",30]
[191160,"PWU Graduate Research Award",30]
[191161,"PWU Undergraduate Award",30]
[191162,"Dermarkar Indigenous Nursing Bursur",30]
[191163,"CPA ON Assn (CA Legacy) Incubator",30]
[191164,"Giving Tuesday",30]
[191165,"Women 4 Women",30]
[191166,"RCM Technologies Canada Bursary",30]
[191167,"Lorraine Sunstrum_Mann Award",30]
[191168,"Bert DeJeet Memorial Award Top-Up",30]
[191169,"Mary Anne O'Leary Leadership Award",30]
[191170,"In memory of Atheesh B.Bursary",30]
[191171,"Durham Lifelong Learning Scholarshi",30]
[191172,"Bright Future Award",30]
[191173,"Anonymous Donor Entrance Award",30]
[191174,"Enterprise Holdings Fdn Scholarship",30]
[191175,"Lafarga Family Scholarship",30]
[191176,"B'nai Brith Award (Expendable)",30]
[191177,"OPG Entrance Scholarship",30]
[191178,"Schol in memory of Nancy L.Diamond",30]
[191179,"Cruz Loman Ison Humanitarian Award",30]
[191180,"Jessica Lynn Smith Memorial Bursary",30]
[191181,"Vaso Vujanovic MVP Award",30]
[191182,"Joan Thompson Memorial Bursary",30]
[191183,"Carpenter's Union Local 397 Bursary",30]
[191184,"Lifelong Group Engineering Schol",30]
[191185,"Lifelong Group Bus & IT Schol",30]
[191186,"Hitachi Vantara Women in Eng Schol",30]
[191187,"Hitachi Vantara Indigenous Stu Scho",30]
[191188,"Samac Fdn Science Scholarship",30]
[191189,"Samac Fdn Nursing Scholarship",30]
[191190,"Samac Fdn SSH Bursary",30]
[191191,"Paul Vessey Case Competition Award",30]
[191192,"Paul Vessey Int'l Internship Award",30]
[191193,"OCNI- Martyn Wash Memorial Schol",30]
[191194,"Joan Melanson Scholarship",30]
[191195,"CPPI Group Scholarship",30]
[191196,"CPPI Group Entrepreneurship Scholar",30]
[191197,"BWXT Women for STEM Scholarship",30]
[191198,"Scholarship in Physical Sciences",30]
[191199,"Sarah Frith Mem Nursing Award",30]
[191200,"Sarah Frith Mem H.S. Graduate Award",30]
[191201,"100 Women Who Care STEM Scholarship",30]
[191202,"Dermarkar Indigenous Leaders Award",30]
[191203,"Excellence-Undergrad Res Conf Award",30]
[191204,"Purdue Pharma Women for STEM Schol",30]
[191205,"MeridianCreditUnion Women for STEM",30]
[191206,"PWU Women for STEM",30]
[191207,"Donna (Glover) Semple Bursary",30]
[191208,"Bereznai-Tokushiro DEan's Entrance",30]
[191209,"Rhyss Glenfield Motivation Award",30]
[191210,"Samia Abdel Malik Memorial Award",30]
[191211,"Women for Stem Council Scholarship",30]
[191212,"SAFRAN Women for STEM Schol",30]
[191213,"B.A. Grosse Women for STEM Schol",30]
[191214,"NWMO Women for STEM Scholarship",30]
[191215,"CTaggart Women's Varsity Hockey Awd",30]
[191216,"Women for STEM Scholarship-Anonymou",30]
[191217,"Global News Communications Bursary",30]
[191218,"Global News Communications Schol",30]
[191219,"Woodbridge Group Women for STEM Sch",30]
[191220,"Paul Vessey Student Opportunity",30]
[191221,"Oui STEM Academy Award",30]
[191222,"Bonnie Brown Scholarship",30]
[191223,"Moonshot Brilliant Pitch Award",30]
[191224,"Westinghouse Women for STEM Schol",30]
[191225,"Lela and Max Rogatinsky Scholarship",30]
[191226,"Zilinsky Education Award",30]
[191227,"Tribute Communities Success Scholar",30]
[191228,"CYBL Bursary",30]
[191229,"Rene Massie Scholarship",30]
[191230,"Nargis Pirmohamed Mem Award",30]
[191231,"Roger Anderson Memorial W-Stem Scho",30]
[191232,"Wholistic Child & Family Serv Schol",30]
[191233,"OTSU Emergency Fund",30]
[191234,"Ontario Tech Student Relief Fund",30]
[191235,"Elexicon Energy Women for STEM Scho",30]
[191236,"Scotiabank Women for STEM Schol",30]
[191237,"Walker Wood Foundation Bursary",30]
[191238,"NWMO Indigenous Student Award",30]
[191239,"Covanta Women for STEM Scholarship",30]
[191240,"Mitch and Leslie Frazer Award",30]
[191241,"Commonwell Women for STEM Schol",30]
[191242,"Dr. Qusay H. Mahmoud Scholarship",30]
[191243,"SNC-Lavalin Women for STEM Schol",30]
[191244,"OTSU BIPOC Award",30]
[191245,"Ubisoft Toronto Scholarship",30]
[191246,"Qureshy Family Award",30]
[191247,"Campus Living Centres Scholarship",30]
[191248,"Lee Family W-STEM Scholarship",30]
[191249,"Paul Vessey Entrance Scholarship",30]
[191250,"Paul Vessey In-Course Scholarship",30]
[191251,"Pathwise Credit Union W-STEM Schol",30]
[191252,"Kemp Travel Group Award",30]
[191253,"Kimberley Black Grad Schol",30]
[191254,"Comm & Dig Media Studies Award-Exp",30]
[191255,"W-STEM Scholarship, Anonymous 2",30]
[191256,"MPAC W-STEM In-Course Award",30]
[191257,"Bereznai Nuclear Eng Award - Exp",30]
[191258,"HOPA Ports Sustainability Award",30]
[191259,"James Vilfort Memorial Award",30]
[191260,"Lenbrook Experiential Learning Awd",30]
[191261,"Norm Mackie W-STEM Scholarship",30]
[191262,"Ubisoft Toronto Award",30]
[191263,"NSC Pay it Forward Award",30]
[191264,"Harold & Ethel Freeman Fdn Award",30]
[191265,"Motorola Solutions Fdn W-STEM Schol",30]
[191266,"Roger Anderson Memorial Scholarship",30]
[191267,"Paul and Gina Godfrey Award",30]
[191268,"Malcolm Brown Family Award",30]
[191269,"Lafarga Family Award",30]
[191270,"Bonnie Brown Women in STEM Award",30]
[191271,"FBIT Award",30]
[191272,"FEd Award",30]
[191273,"Engineering Award",30]
[191274,"FHS Award",30]
[191275,"FSci Award",30]
[191276,"FSSH Award",30]
[191277,"OPG Women for STEM Scholarship",30]
[191278,"OGS, Supported by OPG",30]
[191279,"BAA Bursary",30]
[191280,"CRH Canada Group W-STEM Scholarship",30]
[191281,"FC Durham Academy Scholarship",30]
[191282,"Chancellor's Scholarship",30]
[191283,"Chancellor's Award",30]
[191284,"Becky Dinwoodie Memorial Award-Exp",30]
[191285,"Next Generation in STEM Award",30]
[191286,"Encouragement U/G Scholarship",30]
[191287,"Tom and Linda Mitchell Award",30]
[191288,"Motorola Solutions W-STEM Award",30]
[191289,"Cienna Ardellini Bus. Award",30]
[191290,"Cienna Ardellini U/G Award",30]
[191291,"Cienna Ardellini International Awar",30]
[191292,"Ely Engineering Award",30]
[191293,"Barbara and Louis Balogh Award",30]
[191294,"Susan Allward Award",30]
[191295,"Boland Family Award in Energy & Env",30]
[191296,"Society of United Prof Stude Award",30]
[191297,"Norm Mackie Nursing Award",30]
[191298,"Keshav Mayya Passion for Math Award",30]
[191299,"BIHS Bursary",30]
[191300,"Gary Elfstrom Memorial Award",30]
[191301,"Durham Lifelong Learning Award",30]
[191302,"Durham Lifelong Learning Scholarshi",30]
[191303,"Gerdau W-STEM Scholarship",30]
[191304,"Annual Fund",30]
[191305,"Student Support Fund",30]
[191306,"Derek Giberson Award",30]
[191307,"KoC Indigenous Student Award",30]
[191308,"Edward Sorbara Entrance Scholarship",30]
[191309,"AT the Dentist Junction Award",30]
[192000,"IFR - Start-up and PD",17]
[192001,"TELE",17]
[192002,"Deferred Capital Maintenance",17]
[192003,"Student Awards",17]
[192004,"MTCU Working Capital",17]
[192005,"Expendable Donations",17]
[192006,"Student Varsity",17]
[192007,"Student Life",17]
[192008,"GC / UOIT Capital Reserve",17]
[192009,"Learning Re-imagined",17]
[192010,"Fundraising",17]
[192011,"ACE",17]
[192012,"Grad Scholarships",17]
[192013,"Student Assistance - SWAPP",17]
[192014,"One-time Other COVID Support",17]
[192015,"Digital and Physical infrastructure",17]
[195000,"FIP Grant",22]
[195001,"Trevani Research Lab",22]
[195002,"Gaming Lab",22]
[195003,"ACE Start-up Operations",22]
[195004,"11 Simcoe - FOE",22]
[195005,"Maintenance Building",22]
[195100,"Provost Proj 1-Lockers in US",22]
[195101,"Provost Proj 2-Multi-Media Lab",22]
[195102,"FESNS Proj 1-UNENE Research Lab",22]
[195103,"FBIT Project 1 - Cisco Lab",22]
[195104,"HS Proj 1-Res Lab for W.Bartfay",22]
[195105,"HS Project 2 - Kinesiology Lab",22]
[195106,"FEAS Project 1 - Eng. UG Lab",22]
[195107,"FEAS Proj 2 - Marnie Ham Research",22]
[195108,"Science Proj 1-Sharcnet Lab",22]
[195109,"Science Proj 2-Leblanc",22]
[195110,"Science Proj 3-Forensics Instrument",22]
[195111,"Science Proj 4-Dig. Media Comp Sc",22]
[195112,"Science Proj 5-Renos to Hold.&Forr",22]
[195113,"Science Proj 6-Gaspari Lab Reno",22]
[195114,"Science Proj 7-Lewis Research Lab",22]
[195200,"Food Services - UB Cafe",22]
[195201,"Food Services-Tim Hortons on the GO",22]
[195202,"Food Services - Upper Crust",22]
[195210,"CIBC 6th Floor - 2 Simcoe Street",22]
[195211,"55 Bond Street - FSSH",22]
[195212,"McLaughlin Square",22]
[199000,"Campus Childcare Centre",18]
[199100,"ACE",20]
[199101,"CRF Equipment Fund",20]
[199200,"Regent",18]
[199300,"Campus Ice Centre",18]
[199301,"Campus Field House",18]
[199305,"2200 North Restaurant",18]
[199400,"Food Services",18]
[199500,"Bookstore",18]
[200000,"ORF-RE w/ UNENE",20]
[200001,"ORF-RE w/ NRCan/AECL (main)",20]
[200002,"ORF-RE w/ NRCan/AECL (Gr 1)",20]
[200003,"ORF-RE w/ NRCan/AECL (Gr 3)",20]
[200004,"ORF-RE w/ NRCan/AECL (Gr 4)",20]
[200005,"ORF-RE w/ NRCan/AECL (Gr 5)",20]
[200006,"ORF-RE w/ NRan/AECL (Gr 2)",20]
[200007,"ORF w/ SHARCNET(SL) - CLOSED",20]
[200008,"ORF w/ SHARCNET",20]
[200009,"ORF w/ Queen's U",20]
[200010,"ORF w/ SHARCNET(SL)",20]
[200011,"ORF w/ OCADU",20]
[200012,"ORF-RE w/ AECL/PHOENIX Main (G.N)",20]
[200013,"ORF-RE w/ AECL/PHOENIX Group1(G.N)",20]
[200014,"ORF-RE w/ AECL/PHOENIX Group1(K.G)",20]
[200015,"ORF-RE w/ AECL/PHOENIX Grp1(Zh.W)",20]
[200016,"ORF-RE w/ AECL/PHOENIX Grp1 (I.P)",20]
[200017,"ORF-RE w/ AECL/PHOENIX Group2 (M.R)",20]
[200018,"ORF-RE w/ AECL/PHOENIX Group2 (I.D)",20]
[200019,"ORF-RE w/ AECL/PHOENIX Group2 (G.N)",20]
[200020,"ORF-RE w/ AECL/PHOENIX Group3 (I.D)",20]
[200021,"ORF-RE w/ AECL/PHOENIX Group3 (M.R)",20]
[200022,"ORF-RE w/ AECL/PHOENIX Group3 (G.N)",20]
[200023,"ORF-RE w/ AECL/PHOENIX Group3 (B.E)",20]
[200024,"ORF-RE w/ AECL/PHOENIX Group3 (F.G)",20]
[200025,"ORF-RE w/ AECL/PHOENIX Group (B.I)",20]
[200026,"ORF-RE w/ AECL/PHOENIX Group 4(G.R)",20]
[200027,"ORF-RE w/ AECL/PHOENIX Group 4(M.K)",20]
[200028,"ORF-RE w/ AECL/PHOENIX Group 5(L.L)",20]
[200029,"ORF-RE w/ AECL/PHOENIX Group 5(D.Z)",20]
[200030,"ORF-RE w/AECL/PHOENIX Students(G.N)",20]
[200031,"ORF RE w/Quillsoft- An App Desi",20]
[200032,"ORF RE w/Quillsoft: Community Zone",20]
[200033,"ORF RE w/Quillsoft: Central Zone",20]
[200034,"ORF RE w/Quillsoft: Body Zone",20]
[200035,"ORF RE w/Quillsoft- Western U",20]
[200041,"ORF RE w/McMaster University",20]
[200042,"ORF RE w/Ryerson University",20]
[200043,"MRIS ORF RE w/ Western U- Analysis",20]
[200044,"Available",20]
[201000,"ORCP w/ OPIC - CLOSED",20]
[201001,"ORCP w/ OPIC - CLOSED",20]
[201002,"ORCP w/ OPIC - CLOSED",20]
[201003,"PREA - CLOSED",20]
[201004,"ORCP w/ OPIC - CLOSED",20]
[201005,"MRI/TSTOP - CLOSED",20]
[201006,"ORCP w/ OPIC - CLOSED",20]
[201007,"ORCP w/ OPIC - CLOSED",20]
[201008,"MRI/YSTOP - CLOSED",20]
[201009,"ORCP w/ OPIC - CLOSED",20]
[201010,"MRI/PDFP-Closed",20]
[201011,"MRI/PDFP",20]
[201012,"ORCP w/ OPIC - CLOSED",20]
[201013,"MRI/PDFP-closed",20]
[201014,"MRI/PDFP",20]
[201015,"MRI",20]
[201016,"ORCP w/ OPIC - Moved (202017)",20]
[201017,"MRI/PDFP-Closed",20]
[201018,"MRI - Early Researcher Award",20]
[201019,"MRI - Early Researcher Award-Decent",20]
[201020,"Mobile Experience Innovation Centre",20]
[201021,"OPIC -POP Grant - CLOSED",20]
[201022,"OPIC - Phase 1 - CLOSED",20]
[201023,"OPIC - Building Heating - CLOSED",20]
[201024,"OPIC - CLOSED",20]
[201025,"MRI - UOIT Post Doctoral Fellowship",20]
[201026,"OPIC - Thermochemical - CLOSED",20]
[201027,"OPIC - Steam Generator - CLOSED",20]
[201028,"OPIC Sub-grant - CLOSED",20]
[201029,"ISOP Grant",20]
[201030,"MRI Early Researcher Award",20]
[201031,"MRI Early Researcher Award",20]
[201032,"MRI -UOIT Post Doctoral Fellowship",20]
[201033,"MRI -HPCG w/SHARCNET",20]
[201034,"MRI -HPCG w/SHARCNET",20]
[201035,"MEDI-Early research Award",20]
[201036,"NSERC Engage-Test Cases to Require-",20]
[201037,"MRIS ERA-Simulation and Modeling",20]
[201038,"MRIS ERA-A general methodology",20]
[201039,"MEDI ERA- Closing the knowledge",20]
[201040,"MEDJCT/ORF-ERA w Waterloo U",20]
[202000,"OCE - CLOSED",20]
[202001,"OCE IP - CLOSED",20]
[202002,"OCE w/ Various",20]
[202003,"OCE w/ Marnoch TP Inc.-Closed",20]
[202004,"OCE IP - CLOSED",20]
[202005,"OCE w/ Walters Inc. - CLOSED",20]
[202006,"OCE",20]
[202007,"OCE IP - CLOSED",20]
[202008,"OCE IP - CLOSED",20]
[202009,"OCE - CLOSED",20]
[202010,"OCE - CLOSED",20]
[202011,"OCE w/ U of Waterloo - CLOSED",20]
[202012,"OCE/Cleanfield Energy Inc.",20]
[202013,"OCE - CLOSED",20]
[202014,"OCE Interact - CLOSED",20]
[202015,"OCE - OPIC TTN",20]
[202016,"OCE - OPIC PoP",20]
[202017,"OCE - OPIC TTN w/UOIT",20]
[202018,"OCE - IACP w/GGAO-Closed",20]
[202019,"OCE PoP w/ OPIC-Closed",20]
[202020,"OCE PoP w/ OPIC",20]
[202021,"OCE Market Readiness-closed",20]
[202022,"OCE PoP w/ OPIC",20]
[202023,"OCE Market Readiness",20]
[202024,"OCE TPSw/SRI Petrochemical Inc.",20]
[202025,"OCE PoP w/ OPIC Phase 2",20]
[202026,"OCE PoP w/ OPIC",20]
[202027,"OCE PoP w/ OPIC (Marnoch)",20]
[202028,"OCE PoP w/ OPIC",20]
[202029,"OPIC PoP Interactive AccountingGame",20]
[202030,"OCE artemis: Clinical Decision Supp",20]
[202031,"OPIC Testing Self Propelled Rotary",20]
[202032,"OCE-Spcial Evnt-2013/14(Rplcd202246",20]
[202033,"OCE- Level Up Showcase",20]
[202034,"OCE Technical Problem Solving",20]
[202035,"OCE Collaborative Grant/Waterloo",20]
[202036,"OCE-Special Energy Fund-Ontario Enr",20]
[202037,"OCE-VIP-Water Pump Design",20]
[202038,"OCE-Assist Investigate Test",20]
[202039,"OCE-Development of Novel Power",20]
[202040,"OCE through MRI-OCEA",20]
[202041,"OCE through MRI-OCEA - UOIT Portion",20]
[202042,"OCEA Brilliant Project OTF",20]
[202055,"ICTC- WIL Digital Program",20]
[202200,"OCE CP w/ OPGI - CLOSED",20]
[202201,"OCE CP w/ DND/DRDC",20]
[202202,"OCE CP w/ NRCan/AECL - CLOSED",20]
[202203,"OCE CP w/ Bruce Power - CLOSED",20]
[202204,"OCE CP w/ NRCan/AECL - CLOSED",20]
[202205,"OCE CP w/ DND/DRDC - CLOSED",20]
[202206,"OCE CP w/ Mindmatter - CLOSED",20]
[202207,"OCE CP w/ Various",20]
[202208,"OCE CP w/ BRIC ES Ltd. - CLOSED",20]
[202209,"OCE CP",20]
[202210,"OCE CP w/BRIC ES Ltd.",20]
[202211,"OCE CP w/ Industry Partners - CLOSE",20]
[202212,"OCE CP w/Ecobee-Closed",20]
[202213,"OCE CP w/Thermadie/Enable - CLOSED",20]
[202214,"OCE CP - CLOSED",20]
[202215,"OCE CP w/Genist/String Co. - CLOSED",20]
[202216,"OCE CP w/Enable Industries - CLOSED",20]
[202217,"OCE CP w/AECL - CLOSED",20]
[202218,"OCE CP Event 2010 - CLOSED",20]
[202219,"OCE CP w/Durmach Co. - CLOSED",20]
[202220,"OCE CP w/Aquavion",20]
[202221,"OCE CP w/Lam & Associates",20]
[202222,"OCE CP w/Genist/AESCO - CLOSED",20]
[202223,"OCE CP w/Jet Moulding - CLOSED",20]
[202224,"OCE CP w/Net Output Inc",20]
[202225,"OCE CP w/Aquavion Systems - CLOSED",20]
[202226,"FBIT OCE CP",20]
[202227,"OCE CP Event 2011 - CLOSED",20]
[202228,"OCE CP 10-11 w/AECL - CLOSED",20]
[202229,"OCE CP w/ Magna Powetrain Systems",20]
[202230,"OCE CP w/ CAMECO (A)",20]
[202231,"OCE CP w/ CAMECO (B)",20]
[202232,"OCE CP w/ Durmah Tooling Company",20]
[202233,"OCE CP w/ Gerdau Ameristell Company",20]
[202234,"OCE CP w/ Shimfrez Inc.",20]
[202235,"OCE CP w/ Pharma Trust",20]
[202236,"OCE CP w/ OPG/Bruce Power",20]
[202237,"OCE CP w/ Aquavion Systems Corp (A)",20]
[202238,"OCE CP w/ Aquavion Systems Corp (B)",20]
[202239,"OCE CP Presentation Event 2012",20]
[202240,"OCE Connection",20]
[202241,"OCE Connection",20]
[202242,"OCE Connection",20]
[202243,"OCE Connection",20]
[202244,"OCE Connection - March 2013",20]
[202245,"OCE Connection - 2013",20]
[202246,"OCE -Special Event -2013-2014",20]
[202247,"OCE VIP w/Standard Power Corp.",20]
[202248,"OCE - Gorilla – UOIT",20]
[202249,"OCE w/Vibro-Acoustics noise",20]
[202250,"OCE w/TEGSS-TEGSS Nuclear Cooling",20]
[202251,"OCE w/NSERC ENG. & Mirexus Inc.",20]
[202252,"OCE VIP I w/ HOPE Innovations",20]
[202253,"OCE-Reducing Hospital Admissions",20]
[202254,"OCE VIP w/Frontier AgriScience",20]
[202255,"OCE TEIP w/UOIT- Jason Plummer",20]
[202256,"OCE w/Stoddard Silencers of Canada",20]
[202257,"OCE VIP w/ Armstrong Fluid Tech.",20]
[202258,"OCE VIP w/ ExVivo- Development of P",20]
[202259,"OCE SOSCIP w/ Mirexus- Large Scale",20]
[202260,"OCE funding for SEGE conference",20]
[202261,"OCE VIP 1.w NSERC-Enhancing cond",20]
[202262,"OCE VIP II w Mirexus-Atomistic simu",20]
[202263,"OCE VIP w Anubis Inc.-Design & Deve",20]
[202264,"OCE VIP1.w NSERC-Investigation",20]
[202265,"OCE VIP1.w NSERC-Development of Ad",20]
[202266,"OCE-Frontier Agre-Scienw/NSERC Eng.",20]
[202267,"OCE & Smart Nora w/NSERC Eng.",20]
[202268,"OCE VIP w/Punchtime",20]
[202269,"OCE VIP1 w/Emphatec-Design&Develope",20]
[202270,"OCE -Spark AVIN",20]
[202271,"OCE VIP1 w/eCamion- Thermal Charact",20]
[202272,"OCE TalentEdge w/Magna-Design metho",20]
[202273,"OCE TalentEdge w/Magna- Development",20]
[202274,"OCE TalentEdge w/ProFlange-Integrat",20]
[202275,"OCE VIP w/Hydrogenics- Material For",20]
[202276,"OCE 5G w/Ericsson-Spectrum Sharing",20]
[202277,"OCE VIP w/ IECL-Anti-reflective",20]
[202278,"OCI w/ NSERC Alliance-Development",20]
[202279,"OCI VIPw/ NSERC Alliance & Ashron",20]
[202280,"OCE TalentEdge w/Magna- Investigati",20]
[202281,"OCE TalentEdge w/Magna- Numerical m",20]
[202282,"OCI VIP w/ Inner Analytics- Evaluat",20]
[202283,"OCI VIP w/ MCR-Advancement of a Nov",20]
[202284,"OCI VIP w/ NSERC Alliance& AescuRob",20]
[202285,"OCI w/ OVIN- Experiential Discovery",20]
[208000,"MHLTC/HFO/IHEIFM - CLOSED",20]
[208001,"MHLTC/HFO - CLOSED",20]
[208002,"MHLTC/CCAC/CE - CLOSED",20]
[208003,"ME/DCDSB - CLOSED",20]
[208004,"MEO-Closed",20]
[208005,"NCE/MITACS w/ MTCU & Dynac - CLOSED",20]
[208006,"NCE/MITACS w/ MTCU/Hinext - CLOSED",20]
[208007,"NCE/MITACS w/ MTCU & Canbe - CLOSED",20]
[208008,"MHLTC/CCAC",20]
[208009,"NCE/MITACS w/ MTCU & Canbe - CLOSED",20]
[208010,"NSAC-Closed",20]
[208011,"MITACS w/WireIE Holdings-Closed",20]
[208012,"MITACS w/Planet Car Inc - CLOSED",20]
[208013,"MITACS - Fields - CLOSED",20]
[208014,"MITACS Postdoctoral Res. Project",20]
[208015,"MITACS w/Intellimeter Canada-closed",20]
[208016,"OM of T&C/ OMDC",20]
[208017,"OME KNAER w/ OISE @ UofT-Closed",20]
[208018,"CUCC",20]
[208019,"Ontario WSIB Development",20]
[208020,"Minor Injury Treatment Protocol",20]
[208021,"Mitacs Accelerate Game Metrics",20]
[208022,"OMAFRA KIT w/U of Guelph",20]
[208023,"Serious Games to Decrease injury",20]
[208024,"Mitac-Accelerate Internship",20]
[208025,"Mitacs-Accelerate Internship",20]
[208026,"ONCAT: Performance Evaluation",20]
[208027,"OHCRIF_Examining the use and learni",20]
[208028,"MTCU-PI-Synergy One-UOIT/Trent U",20]
[208029,"MTCU-PIF- w/UW-The Teaching evaluat",20]
[208030,"MTCU-PIF- w/UW-A Multi-Institutiona",20]
[208031,"SIM-One- SRIG-A Serious Game for Me",20]
[208032,"MOHLTC-CAMH/UOIT-Subgrant agreement",20]
[208033,"MITACS-IRDI/Non-NCE-Hybrid Small UA",20]
[208034,"Mitacs IRDI w/Durham Region-Extract",20]
[208035,"Mitacs IRDI-Flow Optimization for",20]
[208036,"Mitacs- Design of Novel Self Coolin",20]
[208037,"Mitacs w/Frontier Agri-Science Inc.",20]
[208038,"OPA-Ontario Energy Supply Network",20]
[208039,"Mitacs w/GM- Bridging the GapHealth",20]
[208040,"PSHSA-Application and Dashboard",20]
[208041,"MHLTC w/Women's College Hospital",20]
[208042,"NOAMA AHSC AFP w/WCH-Assessing",20]
[208043,"CIHR PDG w/CSEP&CCAA - Fostering",20]
[208044,"MSCC - The evolving health & Social",20]
[208045,"ON-MCSCS- A mixed method Study",20]
[208046,"ON-MCSCS-A collaboration w/ Durham",20]
[208047,"CODE-Science 3D: Discovery",20]
[208048,"CODE-Science 3D: Discovery Phase II",20]
[208049,"MCSS-Key elements of successful",20]
[208050,"HEQCO -Digital Competency Profiler",20]
[208051,"SPIc/oThe Superior Court of Justice",20]
[208052,"Oshawa PUC-Resilient flywheel",20]
[208053,"MOHLTC w/ UOTSubgrant-Integrating",20]
[208054,"HEQCO -Digital Technology Competen",20]
[208055,"MCSS-SPI w/WLU-RECOUNTING HURONIA",20]
[208056,"PSHSA - Virtual Reality Hands",20]
[208057,"OCWA-Mitacs w/Cole Eng.-Biomarkers",20]
[208058,"OMAFRA- Building Ontario Food Bran",20]
[208059,"MiHR- Coding,Robotics and the Miner",20]
[208060,"MTO HIIFP- Implementation of hybrid",20]
[208061,"MTO HIIFP-A study of CAV technologi",20]
[208062,"MTCU- Blending of molecular science",20]
[208063,"MSA- Co-Creation of the Age Friend",20]
[208064,"MTO HIIFP- Event-Oriented",20]
[209000,"ICP",20]
[210000,"NSERC GRF",20]
[210001,"NSERC DG-Internally funded-Secure a",20]
[210002,"NSERC DG-Internally funded-Game-the",20]
[210003,"NSERC DG- Internally funded- Advanc",20]
[210004,"NSERC DG-Interally funded-Investiga",20]
[210005,"NSERC DG- Internally funded-Cortica",20]
[210006,"NSERC DG-Internally funded-Driver F",20]
[210007,"NSERC DG-Internally funded-Microbia",20]
[210008,"NSERC DG-Internally funded- Visual",20]
[210009,"NSERC DG- Internally funded-Device",20]
[210010,"NSERC DG-Internally funded-Measure",20]
[210011,"NSERC DG-Internally funded-Twards",20]
[210012,"NSERC DG-Internally funded-Develop",20]
[210013,"NSERC DG-Internal fund-Defining",20]
[210014,"NSERC Covid Supplement-F#210397",20]
[210015,"NSERC Covid Supplement F#210360",20]
[210016,"NSERC Covid Supplement F#210378",20]
[210017,"NSER Covid Supplement F#210349",20]
[210018,"NSERC Covid Supplement F#210415",20]
[210019,"NSERC Covid Supplement F#210389",20]
[210020,"NSERC Covid Supplement F#210293",20]
[210021,"NSERC Covid Supplement F#210399",20]
[210022,"NSERC Covid Supplement F#210829",20]
[210023,"NSERC Covid Supplement F#210971",20]
[210024,"NSERC Covid Supplement F#210429",20]
[210025,"NSERC COVID Supplement F#210400",20]
[210026,"NSERC COVID Supplement F#210359",20]
[210027,"NSERC COVID Supplement F#210442",20]
[210028,"NSERC COVID Supplement F#210320",20]
[210029,"NSERC COVID Supplement F#210988",20]
[210030,"NSERC COVID Supplement F#210832",20]
[210031,"NSERC COVID Supplement F#210990",20]
[210032,"NSERC COVID Supplement F#210975",20]
[210033,"NSERC COVID Supplement F#210827",20]
[210034,"NSERC COVID Supplement F#210410",20]
[210035,"NSERC COVID Supplement F#210963",20]
[210036,"NSERC COVID Supplement F#210321",20]
[210037,"NSERC COVID Supplement F#210407",20]
[210038,"NSERC COVID Supplement #F210330",20]
[210039,"NSERC COVID Supplement F#210825",20]
[210040,"NSERC COVID Supplement F#210355",20]
[210041,"NSERC COVID Supplement F#210435",20]
[210042,"NSERC COVID Supplement F#210966",20]
[210043,"NSERC COVID Supplement F#210354",20]
[210044,"NSERC COVID Supplement F#210423",20]
[210045,"NSERC COVID Supplement F#210313",20]
[210046,"NSERC COVID Supplement F#210417",20]
[210047,"NSERC COVID Supplement F#210317",20]
[210048,"NSERC COVID Supplement F#210314",20]
[210049,"NSERC COVID Supplement F$210439",20]
[210050,"NSERC COVID Supplement F#210970",20]
[210051,"NSERC COVID Supplement F#210440",20]
[210052,"NSERC COVID Supplement F#210284",20]
[210053,"NSERC COVID Supplement F#210408",20]
[210054,"NSERC COVID Supplement F#210350",20]
[210055,"NSERC COVID Supplement F#210303",20]
[210056,"NSERC COVID Supplement F#2100393",20]
[210057,"NSERC COVID Supplement F#210351",20]
[210058,"NSERC COVID Supplement F#210338",20]
[210059,"NESRC COVID Supplement #210312",20]
[210060,"NSERC COVID Supplement F#210411",20]
[210061,"NSERC COVID Supplement F#210318",20]
[210062,"NSERC COVID Supplement F#210425",20]
[210063,"NSERC COVID Supplement F#210363",20]
[210064,"NSERC COVID Supplement F#210428",20]
[210065,"NSERC COVID Supplement F#210974",20]
[210066,"NSERC COVID Supplement F#210362",20]
[210067,"NSERC COVID Supplement F#210358",20]
[210068,"NSERC COVID Supplement F#210325",20]
[210069,"NSERC COVID Supplement F#210831",20]
[210070,"NSERC COVID Supplement F#210969",20]
[210071,"NSERC COVID Supplement F#210968",20]
[210072,"NSERC COVID Supplement F#210977",20]
[210073,"NSERC COVID Supplement #210967",20]
[210074,"NSERC COVID Supplement F#210986",20]
[210075,"NSERC COVID Supplement F#210364",20]
[210076,"NSERC COVID Supplement F#210316",20]
[210077,"Main CLEARING COVID Supplement",20]
[210078,"NSERC COVID Supplement F#210826",20]
[210079,"NSERC COVID Supplement F#210261",20]
[210080,"NSERC COVID Supplement F#210450",20]
[210081,"NSERC COVID Supplement F#210451",20]
[210082,"NSERC COVID Supplement F#210396",20]
[210083,"NSERC COVID Supplement F#210449",20]
[210084,"NSERC COVID Supplement F#210353",20]
[210085,"NSERC COVID Supplement F#210837",20]
[210086,"NSERC COVID Supplement F#210834",20]
[210087,"NSERC COVID Supplement F#210805",20]
[210088,"NSERC COVID Supplement F#210833",20]
[210089,"NSERC COVID Supplement F#210972",20]
[210090,"NSERC COVID Supplement F#210973",20]
[210091,"NSERC COVID Supplement F#210830",20]
[210092,"NSERC COVID Supplement F#210989",20]
[210093,"NSERC COVID Supplement F#210401",20]
[210094,"NSERC COVID Supplement F#210458",20]
[210100,"NSERC DG - CLOSED",20]
[210101,"NSERC DG",20]
[210102,"NSERC DG",20]
[210103,"NSERC DG",20]
[210104,"NSERC DG",20]
[210105,"NSERC DG",20]
[210106,"NSERC DG",20]
[210107,"NSERC DG",20]
[210108,"NSERC DG",20]
[210109,"NSERC DG",20]
[210110,"NSERC DG",20]
[210111,"NSERC RTI - CLOSED",20]
[210112,"NSERC DG",20]
[210113,"NSERC DG",20]
[210114,"NSERC DG",20]
[210115,"NSERC DG",20]
[210116,"NSERC DG - CLOSED",20]
[210117,"NSERC PS-Closed",20]
[210118,"NSERC DG",20]
[210119,"NSERC DG",20]
[210120,"NSERC DG - CLOSED",20]
[210121,"NSERC DG - CLOSED",20]
[210122,"NSERC DG - CLOSED",20]
[210123,"NSERC DG",20]
[210124,"NSERC DG - CLOSED",20]
[210125,"NSERC DG",20]
[210126,"NSERC DG - CLOSED",20]
[210127,"NSERC DG",20]
[210128,"NSERC DG",20]
[210129,"NSERC DG",20]
[210130,"NSERC DG",20]
[210131,"NSERC RTI - CLOSED",20]
[210132,"NSERC DG",20]
[210133,"NSERC DG",20]
[210134,"NSERC RTI - CLOSED",20]
[210135,"NSERC DG",20]
[210136,"NSERC DG",20]
[210137,"NSERC DG",20]
[210138,"NSERC DG",20]
[210139,"NSERC DG",20]
[210140,"NSERC DG",20]
[210141,"NSERC DG",20]
[210142,"NSERC RTI - CLOSED",20]
[210143,"NSERC DG",20]
[210144,"NSERC RTI - CLOSED",20]
[210145,"NSERC DG",20]
[210146,"NSERC DG",20]
[210147,"NSERC DG",20]
[210148,"NSERC DG",20]
[210149,"NSERC DG",20]
[210150,"NSERC DG",20]
[210151,"NSERC DG - CLOSED",20]
[210152,"NSERC DG",20]
[210153,"NSERC DG",20]
[210154,"NSERC DG",20]
[210155,"NSERC DG",20]
[210156,"NSERC DG",20]
[210157,"NSERC PS - CLOSED",20]
[210158,"NSERC DG",20]
[210159,"NSERC DG",20]
[210160,"NSERC DG",20]
[210161,"NSERC RTI",20]
[210162,"NSERC DG",20]
[210163,"NSERC DG",20]
[210164,"NSERC DG",20]
[210165,"NSERC DG - CLOSED",20]
[210166,"NSERC DG",20]
[210167,"NSERC RTI - CLOSED",20]
[210168,"NSERC DG",20]
[210169,"NSERC DG",20]
[210170,"NSERC DG",20]
[210171,"NSERC DG",20]
[210172,"NSERC UFASA",20]
[210173,"NSERC DG",20]
[210174,"NSERC IPM - CLOSED",20]
[210175,"NSERC DG",20]
[210176,"NSERC IG - CLOSED",20]
[210177,"NSERC Engage Grant-Closed",20]
[210178,"NSERC RTI",20]
[210179,"NSERC RTI",20]
[210180,"NSERC RTI",20]
[210181,"NSERC DG",20]
[210182,"NSERC DG",20]
[210183,"NSERC DG",20]
[210184,"NSERC DG",20]
[210185,"NSERC DG",20]
[210186,"NSERC DG",20]
[210187,"NSERC DAS",20]
[210188,"NSERC SAPIN",20]
[210189,"NSERC Engage Grant-Closed",20]
[210190,"NSERC EG - CLOSED",20]
[210191,"NSERC DG w/UofGuelph (Langford)-Clo",20]
[210192,"NSERC Subgrant - U of Alberta",20]
[210193,"NSERC Subgrant - U of Alberta",20]
[210194,"NSERC PromoScience",20]
[210195,"NSERC PromoScience",20]
[210196,"NSERC Engage Grant",20]
[210197,"NSERC DG",20]
[210198,"NSERC DG",20]
[210199,"NSERC DG",20]
[210200,"NSERC DG",20]
[210201,"NSERC SNG-DIVA w/UofOttawa",20]
[210202,"NSERC Engage Grant-Closed",20]
[210203,"NSERC Discovery Grant",20]
[210204,"NSERC DG w/ Lakehead U",20]
[210205,"NSERC SurfNet@UofCalgary",20]
[210206,"NSERC SmartNet-Zero@Concordia",20]
[210207,"NSERC Engage Grant",20]
[210208,"NSERc RTI",20]
[210209,"NSERC DG",20]
[210210,"NSERC DG",20]
[210211,"NSERC RTI",20]
[210212,"Design of Active Safety System",20]
[210213,"Managing the Impact of the Electrif",20]
[210214,"Competition & Contracting in Supply",20]
[210215,"Securing the Next Generation Smart",20]
[210216,"Next Generation Multi-Band Satelit",20]
[210217,"Efficient modeling design & Optimiz",20]
[210218,"Materials Chemistry Applications-Cl",20]
[210219,"Real-time predictive modeling meth",20]
[210220,"Enviroment for Smart, Customizable",20]
[210221,"Strategy to improve scintillation",20]
[210222,"NSERC Engage Grant",20]
[210223,"NSERC Discovery Grant",20]
[210224,"NSERC Engage- Securing Geo-Spatial",20]
[210225,"NSEC DG- Humanized Database System",20]
[210226,"NSEC - Human- Computer Interfaces",20]
[210227,"NSERC l2l",20]
[210228,"NSERC Engage",20]
[210229,"NSERC Engage Grant",20]
[210230,"NSERC - DG",20]
[210231,"NSERC Engage - Test Cases to Requir",20]
[210232,"NSERC Engage-Test Cases to Require",20]
[210233,"DG-Towards Cognitive Aids",20]
[210234,"DG-Social Network-based Data",20]
[210235,"DG-Safety Assessment & Risk",20]
[210236,"DG-Practical ways of using smart",20]
[210237,"DG-Regulatory mechanisms",20]
[210238,"DG-Renewable Energy Science",20]
[210239,"DG-Transition and pattern formation",20]
[210240,"DG-Testing and analysis Software",20]
[210241,"DG-Aerodynamic of Complex Bluff",20]
[210242,"DG-Twards New security Paradigms",20]
[210243,"NSERC SurfNet w/ U of Calgary",20]
[210244,"NSERC _Engage_Leveraging device com",20]
[210245,"NSERC Engage:Design & Safety Assess",20]
[210246,"NSERC_Engage_Optimization of biomas",20]
[210247,"NSERC Engage : Functional Safety",20]
[210248,"NSERC Engage : Threat Analysis of",20]
[210249,"NSERC Engage : An augmented reality",20]
[210250,"NSERC Engage w/OPG",20]
[210251,"NSERC Engage- Design of Passive",20]
[210252,"NSERC SPG - U of T Cloud in the Air",20]
[210253,"NSERC DG-Transfer frm UW-Air-hybrid",20]
[210254,"NSERC Promoscience- Inspiring Youth",20]
[210255,"NSERC DG- Recyclable and Sustainabl",20]
[210256,"NSERC SPG - U of T Cloud in the Air",20]
[210257,"NSERC -CRD W/U of Waterloo- Reliabl",20]
[210258,"NSERC Engage- an engaing vision",20]
[210259,"NSERC Engage- Big data analytics",20]
[210260,"NSERC DG- Mixed Methods for Video G",20]
[210261,"NSERC DG -Transition-metal-free",20]
[210262,"NSERC DG-Computational Nanobiophysi",20]
[210263,"NSERC DG-Inverse Problem in Medical",20]
[210264,"NSERC DG-Security and privacy",20]
[210265,"NSERC DG-Spatial Sound Generation",20]
[210266,"NSERC DG-Cellulose synthesis & regu",20]
[210267,"NSERC DG-The modeling, analysis",20]
[210268,"NSERC DG- Developement of System",20]
[210269,"NSERC DG- Nonlinear vibration",20]
[210270,"NSERC DG-Intelligent and Mined",20]
[210271,"NSERC DG- Evaporation enhancement",20]
[210272,"NSERC DG- Cooperative and cognitive",20]
[210273,"SERC DG- Application of numerical",20]
[210274,"NSERC DG-Aquatic toxicity of pharma",20]
[210275,"NSERC DG-Synthesis and inve",20]
[210276,"NSERC DG-Internally funded-Twards",20]
[210277,"NSERC Eng-Development of heart-tran",20]
[210278,"NSERC DG-Toward technologically",20]
[210279,"NSERC Eng. w/Presagis",20]
[210280,"NSERC DG-Design and Development",20]
[210281,"NSERC DG-Towards predicting Socio",20]
[210282,"NSERC SNG w/Concordia U-Smart Net",20]
[210283,"NSERC DG-Advanced Fundamental",20]
[210284,"NSERC DG- Efficient Evolutionary",20]
[210285,"NSERC DG- Vessel-based Framework",20]
[210286,"NSERC DG-Understanding the activity",20]
[210287,"NSERC DG-Safety Enforcement",20]
[210288,"NSERC DG-Game-theoretic models",20]
[210289,"NSERC DG - Improving Big Data",20]
[210290,"NSERC DG - The acetylcholine-gated",20]
[210291,"NSERC DG -A neuromechanical",20]
[210292,"NSERC RGPAS - Mixed-Initiative",20]
[210293,"NSERC DG - Mixed-Initiative Visual",20]
[210294,"NSERC DG - Theory and applications",20]
[210295,"NSERC DG -Big Data Cleaning",20]
[210296,"NSERC DG -Next Generation Smart",20]
[210297,"NSERC DDG -Trust, regret",20]
[210298,"NSERC DDG- New High Power Density",20]
[210299,"NSERC DDG-Development of Innovative",20]
[210300,"NSERC DDG- Modeling tire-soil inter",20]
[210301,"NSERC DDG -Supporting Autonomic",20]
[210302,"NSERC DDG-Influence of altered",20]
[210303,"NSERC DG tfr.Carleton U-MM-Wave",20]
[210304,"NSERC DG - Machining of Metal",20]
[210305,"NSERC Connect( L2)- Get Moving",20]
[210306,"NSERC Eng w/ Delia - New LPG",20]
[210307,"NSERC SPG w/ U of S - Safer fuel",20]
[210308,"NSERC CREAT w/ Ottawa U- Transit",20]
[210309,"NSERC CREATE w/ Carleton U",20]
[210310,"NSERC Connect - Futures Forum",20]
[210311,"NSERC RTI - State-of-the-art",20]
[210312,"NSERC DG - Power System Protection",20]
[210313,"NSERC DG - Flow-Sound Interaction",20]
[210314,"NSERC DG - Tethered Aerial",20]
[210315,"NSERC DG - Interactions of Probi",20]
[210316,"NSERC DG - Molecular Self-Asse",20]
[210317,"NSERC DG - Effects of altered",20]
[210318,"NSERC DG - Grid integration",20]
[210319,"NSERC DG - Integrated Solar Energy",20]
[210320,"NSERC DG - Planning, Control",20]
[210321,"NSERC DG - Child Privacy Protection",20]
[210322,"NSERC DG - Advanced Fundamental",20]
[210323,"NSERC DDG- Integration of trigen",20]
[210324,"NSERC DDG- Fundamental Research",20]
[210325,"NSERC DDG - FRadiation Environment",20]
[210326,"NSERC DDG- Prioritizing Infrastruct",20]
[210327,"NSERC Eng.w/EV Fern-Intelligent",20]
[210328,"NSERC DG w/ UW- M.YU(Adjunct PI)",20]
[210329,"NSERC WJPI-Development and testing",20]
[210330,"NSERC DG - Nanofabrication",20]
[210331,"NSERC Eng. w/API- Intelligent Contr",20]
[210332,"NSERC Eng. w/VerticalScope",20]
[210333,"NSERC Eng. w/Measurements Int.",20]
[210334,"NSERC DDG- Exploring fundamental",20]
[210335,"NSERC DDG-Design optimization of mu",20]
[210336,"NSERC Eng. W/ OTAVA-Development",20]
[210337,"NSERC Eng. W/RBRO-Design and Evalua",20]
[210338,"NSERC DG - Resource allocation",20]
[210339,"NSERC I2I-External Heat Engines",20]
[210340,"NSERC CRD w/Carleton U-Wireless",20]
[210341,"NSERC PromoScience-Connecting",20]
[210342,"NSERC Engage w Bluewrist Inc.",20]
[210343,"NSERC Eng. w/SciCan Ltd.-Developmen",20]
[210344,"NSERC PromoScience-Discover STEM",20]
[210345,"NSERC Eng.w/Synthose Inc.-Synthesis",20]
[210346,"Leading Edge: an Integrated Communi",20]
[210347,"NSERC Eng. w/VerticalScope Inc.",20]
[210348,"NSERC Eng. w/Norsfell Games Inc",20]
[210349,"NSERC DG-A novel framework",20]
[210350,"NSERC DG- Towards collaborative",20]
[210351,"NSERC DG- Intelligent Group",20]
[210352,"NSERC DG- Computational Methods",20]
[210353,"NSERC DG- Integrating transportatio",20]
[210354,"NSERC DG- Degradation Analysis",20]
[210355,"NSERC DG- Ecological Drivers",20]
[210356,"NSERC DG- Highly polar supramolecu",20]
[210357,"NSERC DG- Information Transparency",20]
[210358,"NSERC DG- Enhancing Authentication",20]
[210359,"NSERC DG- DEVELOPMENT OF ADVANCED",20]
[210360,"NSERC DG- Investigation of Turbule",20]
[210361,"NSERC DG- Trigeneration and distri",20]
[210362,"NSERC DG- Development of a virtual",20]
[210363,"NSERC DG- Discovering the regulato",20]
[210364,"NSERC DG-User Interfaces and Diffe",20]
[210365,"NSERC DDG - Physics and applicatio",20]
[210366,"NSERC DDG -D&D of Middleware Techni",20]
[210367,"NSERC DG w/Ottawa U-Deep learning",20]
[210368,"NSERC Connect - Futures Forum-2018",20]
[210369,"NSERC I2I - Novel conductive metal",20]
[210370,"NSERC Eng.w/NOVAerial Robotics",20]
[210371,"NSERC DG w/Memorial U-Multiphase",20]
[210372,"NSERC DG w/UW- New Paradigm",20]
[210373,"NSERC Eng.w/OCE-Frontier Agri-Scien",20]
[210374,"NSERC Eng. w/MOBISMART- Development",20]
[210375,"NSERC Eng. w/OCE & Smart Nora",20]
[210376,"NSERC Eng.w/Telus- Predictive Cyber",20]
[210377,"NSERC Eng.w/OCE VIP-Design and Deve",20]
[210378,"NSERC DG- Disruption Risk Managemen",20]
[210379,"NSERC I2I- Photoresponsive siRNAs",20]
[210380,"NSERC Eng. w/Engineering Services",20]
[210381,"NSERC Eng. w/Scotiabank- Building",20]
[210382,"NSERC Eng w/OCE VIP1-Camion",20]
[210383,"NSERC Studies in NSE Research",20]
[210384,"NSERC Eng. w/METSCO- Power line",20]
[210385,"NSERC Supplement of DG# F#210354",20]
[210386,"NSERC Supplement of DG#210350",20]
[210387,"NSERC Supplement of DG F# 210351",20]
[210388,"NSERC Supplement of DG# 210349",20]
[210389,"NSERC DG - Utilizing Artificial Int",20]
[210390,"NSERC Eng. w/ ORIGIN-VR framework",20]
[210391,"NSERC Eng. w/Visiontec-Configurable",20]
[210392,"NSERC Eng. w/SkyX- Risk Assessment",20]
[210393,"NSERC SPG w/ ORBCOMM- ANR",20]
[210394,"NSERC Supplement of DG F# 210364",20]
[210395,"NSERC DG/User-Centric Quality",20]
[210396,"NSERC DG/Integrated transmission",20]
[210397,"NSERC DG- Rapid Prototyping",20]
[210398,"NSERC DG- Intent-Based Network",20]
[210399,"NSERC DG- Synthesis and Applicat",20]
[210400,"NSERC DG- Towards Privacy",20]
[210401,"NSERC DG- Linking dynamics",20]
[210402,"NSERC Supplement of DG F#210396",20]
[210403,"NSERC Supplement of DG F# 210397",20]
[210404,"NSERC Supplement of DG F# 210400",20]
[210405,"NSERC Eng. w/Klick Health",20]
[210406,"NSERC EDI - Building sustainable",20]
[210407,"NSERC DG- Developing Effective Imme",20]
[210408,"NSERC DG- Enhancing Polygeneration",20]
[210409,"NSERC DG- Memory-Enhanced User Auth",20]
[210410,"NSERC DG- Semi-Autonomous Driving",20]
[210411,"NSERC DG- Use of multi-omic approac",20]
[210412,"NSERC Supplement of DG F#210411",20]
[210413,"NSERC Launch Supplem DG F# 210411",20]
[210414,"NSERC DDG-Innovative Investment",20]
[210415,"NSERC DG-Integrated Inspection Syst",20]
[210416,"NSERC CREATE w/McMaster-Small Modul",20]
[210417,"NSERC Eng. w/Curtiss-Wright Nuclear",20]
[210418,"NSERC CRD w/Ottawa U-Rapid nanopore",20]
[210419,"NSERC CREATE w/Sask U-SWaGUR",20]
[210420,"NSERC DG-Using Logistic Regression",20]
[210421,"NSERC DG- Finish Machining of Add",20]
[210422,"NSERC Supplement Of DG#210421",20]
[210423,"NSERC DG- Flow control in textile",20]
[210424,"NSERC RTI- Development platform aco",20]
[210425,"NSERC DG- Characterizing the local",20]
[210426,"NSERC DG Lauch Suppl F#210425",20]
[210427,"NSERC DG Accel.Suppl F#210425",20]
[210428,"NSERC DG- Continuous Data Curation",20]
[210429,"NSERC DG- Doped metal oxide electro",20]
[210430,"NSERC DG-Integrated Technical Solut",20]
[210431,"NSERC DG Launch Suppl.F#210430",20]
[210432,"NSERC RTI- A CUSTOMIZED ELECTROMAGN",20]
[210433,"NSERC DG- Actionable Behaviour Disc",20]
[210434,"NSERC DG Launch Suppl.F#210433",20]
[210435,"NSERC DG- Advancing digital human",20]
[210436,"NSERC DG Launch Suppl.F#210435",20]
[210437,"NSERC DG Accel.Suppl. F#210435",20]
[210438,"NSERC DG- NexGenDFA: A Framework",20]
[210439,"NSERC DG- Road Sensing through",20]
[210440,"NSERC DG- Visual Perception in Ad H",20]
[210441,"NSERC DG- Liquid Chromatography Hig",20]
[210442,"NSERC DG- Cyslo-opligangated chlori",20]
[210443,"NSERC DG w/Concordia-FGeshlaghi GRA",20]
[210444,"NSERC DG w/MUN U-Aida Farsi's GRA",20]
[210445,"NSERC DG- Assessment of small modul",20]
[210446,"NSERC Alliance w/Marion Surgical",20]
[210447,"NSERC DDG-Integration of Satellites",20]
[210448,"NSERC DDG- A Framework for AI-Enabl",20]
[210449,"NSERC DDG-Inverse Problems in Medic",20]
[210450,"NSERC DDG- Chemical genetic approac",20]
[210451,"NSERC DG- Combining Deep Learning",20]
[210452,"NSERC Alliance Des Covid19",20]
[210453,"NSERC DG - Machining of Composite",20]
[210454,"NSERC Alliance w/Chatman Lab&Ontari",20]
[210455,"NSERC Alliance w/Durham Region-Mode",20]
[210456,"NSERC Alliance w/ON2 Solutions",20]
[210457,"NSERC w/UOT- Designing and Evaluat",20]
[210458,"NSEC DG- Game theoretic models",20]
[210459,"NSERC Alliance w/Northumerland Hos",20]
[210460,"NSERC Alliance w/Mech Solutions",20]
[210461,"NSERC Alliance w/IBM -Quality and D",20]
[210462,"NSERC DG w/Trent U- MSI degrading b",20]
[210463,"NSERC w Ryerson COVID Sup #F210796",20]
[210464,"NSERC PromoScience- Accessible",20]
[210465,"NSERC Alliance w/ OCI & Ashron",20]
[210466,"NSERC Alliance w/ OCI & ProFlange",20]
[210467,"NSERC Alliance w/5MM",20]
[210468,"NSERC DG-Data-driven gameplay exper",20]
[210469,"NSERC Promo- Supple F#210464",20]
[210470,"NSERC DG- Radionuclide Capture Tech",20]
[210471,"NSEC DG- Applying Deep Learning",20]
[210472,"NSERC RTI- Multimode microplate rea",20]
[210473,"NSERC DG- Guidance in Visual",20]
[210474,"NSERC DAS- Guidance in Visual",20]
[210475,"NSERC DG- Markov chain theory",20]
[210476,"NSERC DLS- Markov chain theory",20]
[210477,"NSERC RTI- State-of-the-art all-in-",20]
[210478,"NSERC DG- Algorithms and applicatio",20]
[210479,"NSERC Alliance w/Stantec Consul",20]
[210480,"NSERC RTI- 3D Printer",20]
[210481,"NSERC Alliance w/ BetterFrost",20]
[210482,"NSERC DG- Unsteady Flows with Appli",20]
[210483,"NSERC DG- Service Operations Manage",20]
[210484,"NSERC Supplement of DG F#210483",20]
[210485,"NSERC DDG- Novel Insights into Sed",20]
[210486,"NSERC DDG- Investigating the heuris",20]
[210487,"NSERC Promo- Sacred Water, Climate",20]
[210488,"NSERC Alliance w/ Team Eagle-Runway",20]
[210489,"NSERC Alliance w/Stitch Media- VR G",20]
[210490,"NSERC Alliance w/North Line- Intell",20]
[210491,"NSERC Alliance w/ North Line- Intel",20]
[210492,"NSERC DG- Toward Seamless coordin",20]
[210493,"SSHRC NFRFR- Wastewater epidem",20]
[210494,"NSERC Alliance w/OCI & AescuRobo",20]
[210495,"NSERC DG- Investigating the develop",20]
[210496,"NSERC I2I- Real-time Traffic Analyt",20]
[210497,"NSERC Supplement of DG F#210495",20]
[210498,"NSERC RTI-A Highly-density electrom",20]
[210499,"NSERC DG- Grid Integration of Renew",20]
[210500,"NSERC DG-Design and Development of",20]
[210501,"NSERC DG- Advanced 3D Nanonetwork",20]
[210502,"NSERC DG- Microwave and Millimeter",20]
[210503,"NSERC DG- Design and Experiment",20]
[210504,"NSERC DG- Flow-Sound Interaction",20]
[210505,"NSERC DG-Effect of altered neck sen",20]
[210506,"NSERC DG- Development of novel cata",20]
[210507,"NSERC DG- The influence of mental",20]
[210508,"NSERC DG- Exploring the Physiologic",20]
[210509,"NSERC DLS- Exploring the physiologi",20]
[210510,"NSERC DDG- Numerical Bifurcation",20]
[210511,"NSERC DG- Inverse Problems in Mecha",20]
[210512,"NSERC DG DLS- Inverse Problems in",20]
[210513,"NSERC DDG- Autonomous Robotic Aeri",20]
[210514,"NSERC Promo- Supple F#210487",20]
[210515,"NSERC Alliance w/IBM- Test case",20]
[210516,"NSERC CCI w/ Fleming College- Desig",20]
[210517,"NSERC CCIw/FlemingCollege-Subgrant",20]
[210518,"NSERC CCIw/FlemingCollege-Subgrant",20]
[210519,"NSERC Alliance w/ York U-Knowledge",20]
[210520,"NSERC l2l/Lab 2 Market-Get Moving",20]
[210521,"NSERC DG DLS-Recyclable and Sustain",20]
[210522,"NSERC CREATE w/Mc Master U- ContRol",20]
[210523,"NSERC DH- Shari Forbes",20]
[210524,"NSERC Promo- OntarioTech U Enginee",20]
[210525,"NSERC Alliance w/COG- Damping of pr",20]
[210526,"NFRF SC- Exploring socially",20]
[210527,"NSERC Alliance CNSC- Study of New D",20]
[210528,"NSERC Alliance NSERC-CNSC - Balanci",20]
[210529,"NSERC Alliance CNSC- Establis of pr",20]
[210530,"NSERC Alliance w/ UNENE & Proflang",20]
[210531,"NSERC Alliance w/ DIT- Smart Scan",20]
[210532,"NSERC RTI- 2023-00558",20]
[210533,"NSERC RTI- Multi Mode Scanning SEM",20]
[210534,"NSERC RTI- Cyber-Physical Smart Ene",20]
[210535,"NSERC RTI- EEG equipment",20]
[210536,"NSERC DG- \"Smart\" Hybrid Chromogeni",20]
[210537,"NSERC DG- Development of new Atomic",20]
[210538,"NSERC DG DLS- Development of new",20]
[210539,"NSERC DG- Improving and Evaluating",20]
[210540,"NSERC DG- Renewable Energy Based",20]
[210541,"NSERC DG-Advancement in Future Auto",20]
[210542,"NSERC DG DLS-Advancement in Future",20]
[210543,"NSERC DG- Novel Insights into Seden",20]
[210544,"NSERC Promo- After School STEM Work",20]
[210545,"NSERC DG-DAffective Breath Recognit",20]
[210546,"NSERC DG DLS- Affective Breath Reco",20]
[210547,"NSERC DG- Novel Techniques",20]
[210548,"NSERC DG-Weather Adaptive Aerodynam",20]
[210549,"NSERC DG- Experimental and Comput",20]
[210550,"NSERC DG- Spectrally Efficient Mass",20]
[210551,"NSERC DDG- Multifunctional Microwa",20]
[210552,"NSERC DG- Socially Reflective AI",20]
[210553,"NSERC Alliance w/ WU-Resilient and",20]
[210554,"NSERC DDG- Design and Development",20]
[210555,"NSERC DDG- Computational Algorithms",20]
[210556,"NSERC DDG- Advanced materials",20]
[210557,"NSERC Alliance PFSA- Solid Waste",20]
[210700,"NSERC CRD w/ NRCan/AECL",20]
[210701,"NSERC IRC",20]
[210702,"NSERC IRC",20]
[210703,"NSERC IRC",20]
[210704,"NSERC IRC",20]
[210705,"NSERC CRD w/ BCE Inc. - CLOSED",20]
[210706,"NSERC CRD w/-Closed",20]
[210707,"NSERC IRC",20]
[210708,"NSERC IRC-Closed",20]
[210709,"NSERC CRD w/ Zephyr AP Inc - CLOSED",20]
[210710,"NSERC CRD w/-Closed",20]
[210711,"NSERC CRD w/ NRCan/AECL - CLOSED",20]
[210712,"NSERC CRD w/",20]
[210713,"NSERC CRD w/ SABIC IP",20]
[210714,"NSERC CRD w/ CSA & Lallema - CLOSED",20]
[210715,"NSERC CRD w/ Perform Plants-CLOSED",20]
[210716,"NSERC RPP- Closed",20]
[210717,"NSERC/APC/General Motors",20]
[210718,"NSERC CRD w/Genist System",20]
[210719,"NSERC CRD w/Nelson Industrial",20]
[210720,"NSERC CRD w/Phoenix Canada",20]
[210721,"NSERC CRD w/Cableshoppe Inc",20]
[210722,"NSERC STPGP",20]
[210723,"NSERC CRD w/ACS",20]
[210724,"NSERC CRD w/Cableshoppe Inc",20]
[210725,"NSERC CRD w/AECL/UNENE/OPG",20]
[210726,"NSERC CRD w/AECL/UNENE/OPG",20]
[210727,"NSERC CDEPJ w/OPG (Main)",20]
[210728,"NSERC IRC Salary Chair (Pop-Olliev)",20]
[210729,"NSERC IRC Salary Co-Chair(Sood)",20]
[210730,"NSERC CDEPJ w/OPG (Chair)",20]
[210731,"NSERC CDEPJ w/OPG (co-Chair)",20]
[210732,"NSERC CDEPJ w/OPG (associate-Chair)",20]
[210733,"NSERC CRD w/ UNENE & OPG",20]
[210734,"NSERC CRD w/ AECL",20]
[210735,"NSERC Engage with Wire IE",20]
[210736,"NSERCCRD_DFC_Investigating Anti-Ath",20]
[210737,"NSERC CRD - w/OPG/Hydro One",20]
[210738,"NSERC Engage w/Cross Wing Inc.",20]
[210739,"NSERC Partnership Workshop Grant",20]
[210740,"NSERC Engage Grant",20]
[210741,"NSERC_Engage-Synthesis and Evaluati",20]
[210742,"NSERC_Engage-Microscopic constrctn",20]
[210743,"NSERC_Engage-Data integration",20]
[210744,"NSERC CRD-Ontario Energy",20]
[210745,"NSERC Engage-w/Red River-Feasibilit",20]
[210746,"NSERC Engage- Assessment of Remain",20]
[210747,"NSERC -PWG-Next Research Forum",20]
[210748,"NSERC CRD-Improved CANDU-core",20]
[210749,"NSERC IRC-Salary -Health (Waker)",20]
[210750,"NSERC IRC/UNENE/AECL-Health (Waker)",20]
[210751,"NSERC IRC-Salary -Health (Waller)",20]
[210752,"NSERC IRC/UNENE/AECL-Health(Waller)",20]
[210753,"NSERC Engage w/AWE-Distributed Mixe",20]
[210754,"NSERC Eng./Vintage Fitness-Creating",20]
[210755,"NSERC Eng. w/Vibro-Investigation",20]
[210756,"NSERC Eng.w/Mantis-Aerodynamics",20]
[210757,"NSERC Eng.w/Cross Wing-Dynamic envi",20]
[210758,"NSERC Engage w/Clear Blue Tech",20]
[210759,"NSERC CRD w/ Com Dev Ltd.",20]
[210760,"NSERC Engage w/Gorilla- Technical",20]
[210761,"NSERC Engage w/GE Lighting",20]
[210762,"NSERC Engw/Standard Power",20]
[210763,"NSERC Engage FPGA-based real-time",20]
[210764,"NSERC CRD w/Ingle Int. -Computation",20]
[210765,"NSERC Eng. w/Climate Control System",20]
[210766,"NSERC EG w/S.R,Digital Evidence Inc",20]
[210767,"NSERC EG w/ Anubis Manufacturing",20]
[210768,"NSERC EG w/ Envision SQ Inc.-Aerody",20]
[210769,"NSERC EG w/Delta-Q Technologies",20]
[210770,"NSERC Eng. w/Wegu Manufacturing",20]
[210771,"NSERC Eng. w/ Greater Sudbury",20]
[210772,"NSERC Eng. w/Megawatt Inc.",20]
[210773,"NSERC Eng. w/Charlotte Products",20]
[210774,"NSERC Eng. w/Veridian -The impact",20]
[210775,"NSERC Engage w/Search Engine",20]
[210776,"NSERC Eng w/GM - Develpment",20]
[210777,"NSERC Eng. w/CEM Engineering",20]
[210778,"NSERC Eng. w/CV Studio",20]
[210779,"NSERC Eng. w/ Coraltec",20]
[210780,"NSERC Eng. w/Ingle International",20]
[210781,"NSERC Eng. w/Cimetrix Solutions",20]
[210782,"NSERC CRD w/Windsor U-Powertrain",20]
[210783,"NSERC Eng.w/ExVivo Labs -Paperbased",20]
[210784,"NSERC Eng. w/Virelec Ltd.",20]
[210785,"NSERC Eng. w/Security Compass",20]
[210786,"NSERC w/inMotive- Modelling",20]
[210787,"NSERC Eng.w/Ericsson- Energy effici",20]
[210788,"NSERC ING. w/Xiris Automation Inc.",20]
[210789,"NSERC SPG w/Ballard Inc.- Water",20]
[210790,"NSERC Engage w/ inMotive",20]
[210791,"NSERC CRD w/ Ericsson",20]
[210792,"NSERC ENG. W/ OCE & Mirexus Inc.",20]
[210793,"NSERC ENG. W/ DeviantArt-Improving",20]
[210794,"NSERC CRD w/ CAMECO - Automated",20]
[210795,"NSERC ENG w/GE Grid Solutions",20]
[210796,"NSERC SNG-NEST w/ Ryerson U",20]
[210797,"NSERC ENG W/ Envision-Aerodynamic",20]
[210798,"NSERC Eng. w/ eCamino- Battery",20]
[210799,"NSERC Eng. w/ 360 Incentives",20]
[210800,"NSERC Eng.w/ Whitby Hydro",20]
[210801,"NSERC Interaction Grant-Closed",20]
[210802,"NSERC Eng.w/ GM Canada",20]
[210803,"NSERC Eng.w/ GM Canada",20]
[210804,"NSERC Eng. W/Liasn",20]
[210805,"NSERC CRD w/COG & UNENE",20]
[210806,"NSERC Eng.w/Covertex Corp.",20]
[210807,"NSERC Eng. w/Exvivo Labs",20]
[210808,"NSERC CRD w/ Armstrong Fluid Tech.",20]
[210809,"NSERC Eng. w/Lightning Rod Games",20]
[210810,"NSERC CRD w/Ingersoll Axles",20]
[210811,"NSERC Eng. w/ eDecree - Detecting",20]
[210812,"NSERC Eng. w/Crowdbabble Inc",20]
[210813,"NSERC Eng W/OCE VIP & Stoddard Inc.",20]
[210814,"NSERC CRD w/Grundfos-Wire-to-water",20]
[210815,"NSERC Eng.Plus w/Virelec Ltd.",20]
[210816,"NSERC CRD w/ Purude Pharma",20]
[210817,"NSERC-Eng.Plus w/Lightning Rod",20]
[210818,"NSERC Eng.w OCE-Enhancing conduc",20]
[210819,"NSERC Eng.w/ SNC Lavalin-Design",20]
[210820,"NSERC CRD w OCE VIP-Resolving",20]
[210821,"NSERC CRD w/ExVivo Labs -Paperbased",20]
[210822,"NSERC Eng- OCE.w/Betterfrost-Invest",20]
[210823,"NSERCEng.-OCE w/ Betterfrost-Devel",20]
[210824,"NSERC Eng w/Marion Surgical",20]
[210825,"NSERC CRD w/ Kennedy Labs",20]
[210826,"NSERC CRD w/ Bluewrist Inc.",20]
[210827,"NSERC CRD w/UNENE- Development",20]
[210828,"NSERC CRD w/Greenwood Mushroom Farm",20]
[210829,"NSERC CRD w/ Synthose Inc.",20]
[210830,"NSERC CRD w/EHC Global",20]
[210831,"NSERC IRC/UNENE - Health Physics",20]
[210832,"NSERC CRD w/OPG-IERS",20]
[210833,"NSERC CRD Investigation of the",20]
[210834,"NSERC CRD w/IFTech-Big Data Analy",20]
[210835,"NSERC IRC w/UNENE-Health (Salary)",20]
[210836,"NSERC IRC w/UNENE-Health Research)",20]
[210837,"NSERC DDG-Stidy of Alternative Radi",20]
[210838,"NSERC DG- Dissecting the molecular",20]
[210839,"NSERC DLS- F# 210838 Dissecting the",20]
[210900,"NSERC USRA",20]
[210950,"GGSF-NSERC",20]
[210951,"GGSF-SSHRC",20]
[210952,"GGSF-CIHR",20]
[210953,"NSERC Eng.w/ ROI -Developing a Topo",20]
[210954,"NSERC Eng.w/Hydrogenics-Method of",20]
[210955,"NSERC Eng.w/ InspecTech-Enhancem",20]
[210956,"NSERC Eng.w/ Coastal Genomics",20]
[210957,"NSERC Eng. w/North-Line Canada Ltd.",20]
[210958,"NSERC Eng. w/Uzado Inc.",20]
[210959,"NSERC Eng.w/ Ward-Beck Systems Inc.",20]
[210960,"NSERC-Eng.w/Kelvin Thermal Energy",20]
[210961,"NSERC Eng. w/Cytognomix Inc.",20]
[210962,"NSERC Eng. w/Frontier Agri-Science",20]
[210963,"NSERC DG-Fundamental Challenges",20]
[210964,"NSERC DG-Information Transparency",20]
[210965,"NSERC RTI - Replacement Scanning",20]
[210966,"NSERC DG - Research and Development",20]
[210967,"NSERC DG - Innovative Power",20]
[210968,"NSERC DG - DESIGN AND DEVELOPMENT",20]
[210969,"NSERC DG -Intelligent Modeling",20]
[210970,"NSERC DG -Managing Constraints",20]
[210971,"NSERC DG - Novel Integrated",20]
[210972,"NSERC DG - Thermodynamic Investigat",20]
[210973,"NSERC DG - Innovative Production",20]
[210974,"NSERC DG - Advanced Materials",20]
[210975,"NSERC DG- Understanding the impact",20]
[210976,"NSERC DNDDG-DESIGN AND DEVELOPMENT",20]
[210977,"NSERC DG- Influence of altered",20]
[210978,"NSERC DG - Materials chemistry",20]
[210979,"NSERC DDG - An Integrated Framework",20]
[210980,"NSERC DDG - Active Optimal Control",20]
[210981,"NSERC DDG-Scalable, real-time",20]
[210982,"NSERC CRD w/ Ericsson-Robust",20]
[210983,"NSERC CRD Pro-Flange Testing Platfo",20]
[210984,"NSERC CRD w/Polytechnique Montreal",20]
[210985,"NSERC CRD w/QNX Software Systems",20]
[210986,"NSERC CRD w/ inMotive-The inGear",20]
[210987,"NSERC-Eng.Plus w/Hydrogenics-PEMFC",20]
[210988,"NSERC CRD w CSA-CAVTE",20]
[210989,"NSERC CRD w/ Ericsson-Asynchronous",20]
[210990,"NSERC CRD w/CNL-Cu-Cl Cycle System",20]
[210991,"NSERC Alliance Missions w/Carleton",20]
[211000,"SSHRC GRF",20]
[211001,"SSHRC-SRG -Internally Funded-Words",20]
[211002,"SSHRC SRG - The hot mess of Hot",20]
[211003,"SSHRC SRG - Words on the move",20]
[211004,"SSHRC SRG - Regulating end",20]
[211005,"SSHRC Small Grant A Scaling Up Appr",20]
[211100,"SSHRC SRG-Closed",20]
[211101,"SSHRC POG/MBF-Closed",20]
[211102,"SSHRC POG/MBF",20]
[211103,"SSHRC Std Res Grant-Closed",20]
[211104,"SSHRC ITST - CLOSED",20]
[211105,"SSHRC RDI-Closed",20]
[211106,"SSHRC SRG",20]
[211107,"SSHRC ITST-Closed",20]
[211108,"SSHRC SRG- Closed",20]
[211109,"SSHRC SRG - CLOSED",20]
[211110,"SSHRC SRG w/ U of Windsor - CLOSED",20]
[211111,"SSHRC Grant-Closed",20]
[211112,"SSHRC Grant-Closed",20]
[211113,"SSHRC CURA w/UWO-Closed",20]
[211114,"SSHRC sub-grant (Waterloo)-Closed",20]
[211115,"SSHRC SRG",20]
[211116,"SSHRC CURA w/MSVU",20]
[211117,"SSHRC SRG",20]
[211118,"SSHRC SRG-Closed",20]
[211119,"SSHRC SRG",20]
[211120,"SSHRC SRG",20]
[211121,"SSHRC IDG-Closed",20]
[211122,"SSHRC IDG",20]
[211123,"SSHRC IDG",20]
[211124,"SSHRC PG-LOI",20]
[211125,"SSHRC SRG w/ U of Waterloo",20]
[211126,"SSHRC SRG w/ Queen's U- Closed",20]
[211127,"SSHRC POG",20]
[211128,"SSHRC POG/DE-closed",20]
[211129,"SSHRC PDG",20]
[211130,"SSHRC IDG-Closed",20]
[211131,"SSHRC IDG",20]
[211132,"SSHRC Banting Post Doctoral Fellows",20]
[211133,"SSHRC - Performing digital Literacy",20]
[211134,"SSHRC-Methodology integrating b",20]
[211135,"SSHRC - Insight Grant Adolescents",20]
[211136,"SSHRC IG - Bridge The Claims",20]
[211137,"SSHRC with Ryerson - Social Media C",20]
[211138,"SSHRC with Waterloo Interactive & M",20]
[211139,"SSHRC with Waterloo Interactive & M",20]
[211140,"SSHRC w/OCAD - Imaging Canada's",20]
[211141,"SSHRC IDG Advertising in the Small",20]
[211142,"SSHRC IDG- Equitable Lens:How Ethn",20]
[211143,"SSHRC SRG - Wearable, mobile, augme",20]
[211144,"SSHRC SRG - Words that Matter",20]
[211145,"SSHRC - Interactive and multi-modal",20]
[211146,"SSHRC SRG - Exposed citizens: Arab",20]
[211147,"SSHRC_IDG_supported literacy educat",20]
[211148,"SSHRC_KSG_Skill shed Project",20]
[211149,"SSHRC-IDG-Exploring Teacher Knowled",20]
[211150,"SSHRC-IG-Enviromental Effects",20]
[211151,"SSHRC IG- Wear Me : A Rhetorical",20]
[211152,"SSHRC IG-Development or Margin",20]
[211153,"SSHRC IG-Does Corporate Governance",20]
[211154,"SSHRC IG-Improving the alibi",20]
[211155,"SSHRC w/UW-Understanding",20]
[211156,"SSHRC-IDG-Ties that bind",20]
[211157,"SSHRC IDG-The (Un) Making",20]
[211158,"SSHRC IG-A Comparative Study",20]
[211159,"SSHRC IG- Policy layer enactment",20]
[211160,"SSHRC PDG-Improving Our Schools",20]
[211161,"SSHRC PDG w/Ryerson U",20]
[211162,"SSHRC-McMaster U Subgrant-Income",20]
[211163,"SSHRC IDG- Ottawa U Subgrant",20]
[211164,"SSHRC ID-The Contribution of Perspe",20]
[211165,"SSHRC PDG w/ Ryerson U-Child Sexual",20]
[211166,"SSHRC ID-Using fMRI to investigate",20]
[211167,"SHRC PDG-Diversities of Resilience",20]
[211168,"SSHRC PG w/Ryerson U- Rights for",20]
[211169,"SSHRC IG - Increasing Literacies",20]
[211170,"SSHRC PDG w/Western U-Computational",20]
[211171,"SSHRC IG w/UWinnipeg -Frozen Justic",20]
[211172,"SSHRC IG w/ Western U",20]
[211173,"SSHRC IG -The risks and opportun",20]
[211174,"SSHRC IG- Mediating Crime and Race",20]
[211175,"SSHRC_CCSIF w/George Brown-Partner",20]
[211176,"SSHRC PG w/ York U- Re-Figuring",20]
[211177,"SSHRC IG - the coercion assessment",20]
[211178,"SSHRC SPRI - Examining and addressi",20]
[211179,"SSHRC IG - Motor Skills Intervent",20]
[211180,"SSHRC IG - Making Minds",20]
[211181,"SSHRC IDG w/Wilfrid Laurier U",20]
[211182,"SSHRC PG w/Carleton U -Food:Locally",20]
[211183,"SSHRC IDG - Policing Hate Crime",20]
[211184,"SSHRC Connection w/York Region-Inte",20]
[211185,"SSHRC PG w/WU-TSAS(OldF#2320236)",20]
[211186,"SSHRC Connection-Technologies",20]
[211187,"SSHRC IG w/Trent U- Digital Culture",20]
[211188,"SSHRC IG- Making the right call",20]
[211189,"SSHRC IG-After innocence: identify",20]
[211190,"SSHRC IG-Levelling the playing fiel",20]
[211191,"SSHRC PG w/McGill U- A Multi-Secto",20]
[211192,"SSHRC IDG- Community-based sport Ed",20]
[211193,"SSHRC IG-A multidisciplinary approa",20]
[211194,"SSHRC PEG w/City of Oshawa-Active T",20]
[211195,"SSHRC IG- Pension deficits and fina",20]
[211196,"SSHRC Connection - Capacity buildin",20]
[211197,"SSHRC IG- Understanding the connect",20]
[211198,"SSHRC SPRI- Making the right call",20]
[211199,"SSHRC IPG- Evaluating the impact",20]
[211200,"SSHRC NFRFE - Steerable tumour",20]
[211201,"SSHRC IDG - Antisemitic hate crime",20]
[211202,"SSHRC IG- Understanding the experie",20]
[211203,"SSHRC IG -The effects of digital",20]
[211204,"SSHRC IG -Examination of Assistance",20]
[211205,"SSHRC IG - Understanding and Enhanc",20]
[211206,"SSHRC IG-Restructuring Work:Labour",20]
[211207,"SSHRC IG- Using Science-Based Inter",20]
[211208,"SSHRC IG-The Multidimensional Devel",20]
[211209,"SSHRC PDG w/Guelph U- (Co-applica)",20]
[211210,"SSHRC PG w/WU-TSAS(ReplacdF#232044)",20]
[211211,"SSHRC IG (INRS)- Targeting Muslims",20]
[211212,"SSHRC IDG- Exploring Methods",20]
[211213,"SSHRC IDG- GATHERING INPUT FROM",20]
[211214,"SSHRC IG-Constructing the mental",20]
[211215,"SSHRC IG-Using mathematical models",20]
[211216,"SSHRC IG-Using Functional Magnetic",20]
[211217,"SSHRC IDG w/York U- Person-centered",20]
[211218,"SSHRC NFRFE-Antimicrobial self-",20]
[211219,"SSHRC PDG w/Mc Master U- Promoting",20]
[211220,"SSHRC PG w/WU-TSAS",20]
[211221,"SSHRC CRCEF - Emergency Fund",20]
[211222,"SSHRC IG- An Era of Islamophobia",20]
[211223,"SSHRC Covid Supplement F#211206",20]
[211224,"SSHRC Covid Supplement F#211197",20]
[211225,"SSHRC Covid Supplement F#211180",20]
[211226,"SSHRC Covid Supplement F#211206",20]
[211227,"SSHRC Covid Supplement F#211192",20]
[211228,"SSHRC Covid Supplement F#211193",20]
[211229,"SSHRC Covid Supplement F#211208",20]
[211230,"SSHRC Covid Supplement F#211205",20]
[211231,"SSHRC Covid Supplement F#211188",20]
[211232,"SSHRC COVID Supplement F#211189",20]
[211233,"SSHRC COVID Supplement F#211207",20]
[211234,"SSHRC CLEARING COVID Supplement",20]
[211235,"SSHRC IDG- Organizational Trust",20]
[211236,"SSHRC Knowledge Synthesis Grant -Ha",20]
[211237,"CRCEF Stage 4",20]
[211238,"Main SSHRC CRCEF Stage 3",20]
[211239,"SSHRC Connection w Pandemic Parenti",20]
[211240,"Ready, Teacher One",20]
[211241,"SSHRC PEG w/ TOCUFA-Differential Im",20]
[211242,"SSHRC PEG Covid 19 w/ Victim Servic",20]
[211243,"SSHRC KSG- Informing Inclusive",20]
[211244,"SSHRC CG w/Cited Media-The Dangers",20]
[211245,"SSHRC Mar2021 1008-2020-0008",20]
[211246,"SSHRC Mar2021 872-2020-1001",20]
[211247,"SSHRC IG- Exploring mathematics",20]
[211248,"SSHRC IG- Transnational Environment",20]
[211249,"SSHRC IG- Finding the Gaps",20]
[211250,"SSHRC PDG- Devising and Testing",20]
[211251,"SSHRC IG- Environmental determinant",20]
[211252,"SSHRC IG- Climate Change, Education",20]
[211253,"SSHRC IDG- Stock-level investor sen",20]
[211254,"SSHRC IDG- Managing Infertility Dis",20]
[211255,"SSHRC IDG- Opening Spaces:",20]
[211256,"SSHRC NFRF- Sustainability An Urban",20]
[211257,"SSHRC IG w/ York U- AREduX Augm",20]
[211258,"SSHRC PG w/Quebec U- PUPP Project",20]
[211259,"SSHRC IDG- Climate Change, Educati",20]
[211260,"SSHRC PEG- Make to Connect: Foster",20]
[211261,"SSHRC IG w/ UWO- Improving Children",20]
[211262,"SSHRC PEG-Comparative policy analys",20]
[211263,"SSHRC RCDI- Carceral Intersections",20]
[211264,"SSHRC Connection-Advocates Assemble",20]
[211265,"SSHRC IG- Evidence-informed Parent",20]
[211266,"SSHRC IG- Exploring and describing",20]
[211267,"SSHRC IG- Motor Skill Intervention",20]
[211268,"SSHRC IG- Examining the physical",20]
[211269,"CRCES- EDI Stipend",20]
[211270,"SSHRC Connection- Tech with a Green",20]
[211271,"SSHRC SPRI- Evidence-informed Paren",20]
[211272,"SSHRC DNDRI- Exploring and describ",20]
[211273,"SSHRC PDG- Building Knowledge and U",20]
[211274,"SSHRC PDG- LGBT Rights Advocacy Chi",20]
[211275,"SSHRC NFRF- Reimagining Forensic",20]
[211276,"SSHRC IDG- Sibling Sexual Interact",20]
[211277,"SSHRC IG- A Multi-Methodological",20]
[211278,"SSHRC CG- Disability in Education",20]
[211279,"SSHRC IG- Tracing and recuiting",20]
[211500,"Open",20]
[211800,"Open",20]
[211900,"SSHRC Institutional Grant",20]
[211901,"SSHRC Institutional Grant- Base",20]
[211902,"SSHRC Institutional Grant- Suppleme",20]
[211903,"SSHRC IG w/ OAPR -CLOSED",20]
[211904,"SSHRC IG w/ OAPR -CLOSED",20]
[211905,"SSHRC IG w/ OAPR - CLOSED",20]
[211906,"SSHRC IG w/ OAPR - CLOSED",20]
[211907,"SSHRC IG w/ OAPR - CLOSED",20]
[211908,"SSHRC IG w/ OAPR - CLOSED",20]
[211909,"SSHRC IG Subgrant-Closed",20]
[211910,"SSHRC IG Subgrant",20]
[211911,"SSHRC IG Subgrant",20]
[211912,"SSHRC IG Subgrant - CLOSED",20]
[211913,"SSHRC IG Subgrant-Closed",20]
[211914,"SSHRC IG Subgrant-Closed",20]
[211915,"SSHRC IG Subgrant-closed",20]
[211916,"SIGInformationliteracy survey-closd",20]
[211917,"SSHRC Open knowledge creation :Peer",20]
[211918,"SSHRC SIG - The Canadian Immigrant",20]
[211919,"SSHRC SIG - Exposed citizens: Arab",20]
[211920,"SSHRC IG_Does corporate goverence",20]
[211921,"SSHRC IG_Alibi generation and asset",20]
[211922,"SSHRC IG_Transnational exploration",20]
[211923,"SSHRC IG_Challenging Tradition",20]
[211924,"SSHRC IG_Examining a Support Group",20]
[211925,"SSHRC IG_The (un) Making Teacher",20]
[211926,"SSHRC IG-Wear Me(Replaced #211151)",20]
[211927,"UOIT-SSHRC - School University",20]
[211928,"SSHRC Small Res Grant- Participatio",20]
[211929,"SSHRC SRG -Corporate Innovation",20]
[211930,"SSHRC SRG-A game of life chances",20]
[211931,"SSHRC SRG-The contribution",20]
[211932,"SSHRC SRG-An Examination",20]
[211933,"SSHRC SRG-Investigation sex offende",20]
[211934,"SSHRC SRG - Privacy",20]
[211935,"SSHRC SRG - Understanding",20]
[211936,"SSHRC SRG - Migration Policing",20]
[211937,"SSHRC SRG - The hot mess of Hot",20]
[211938,"SSHRC SRG_Alibi generation & asset",20]
[211939,"SSHRC SRG-Arranged Marriage",20]
[211940,"SSHRC SRG-Arranged Marriage",20]
[211941,"SSHRC SRG-Corporate Cultural Simila",20]
[211942,"SSHRC SRG - The impact of the refug",20]
[211943,"SSHRC SRG- Financialization of Comm",20]
[211944,"SSHRC SRG- What can we learn",20]
[211945,"SSHRC SRG -Use of technology in fac",20]
[211946,"SSHRC SRG -Mathematics and computer",20]
[211947,"SSHRC SRG - Neglected Eyewitnesses",20]
[211948,"SSHRC SRG- Exploring perceptions",20]
[211949,"SSHRC SRG - Usability testing",20]
[211950,"SSHRC SRG - An exploratory study",20]
[211951,"SSHRC SRG - Community-based Fundam",20]
[211952,"SSHRC SRG - Collaborative Resource",20]
[211953,"SSHRC SRG - An Examination of Bully",20]
[211954,"SSHRC SRG- Understanding User Priva",20]
[211955,"SSHRC SRG-Impact of Viewing Body-Wo",20]
[211956,"SSHRC SRG- Exploring New Methods",20]
[211957,"SSHRC SRG- Understanding early asm",20]
[211958,"SSHRC SRG- Swipe Right: The Social",20]
[211959,"SSHRC SRG- Young People's Percept",20]
[211960,"SSHRC SRG- Implementing Advance Con",20]
[211961,"SSHRC SRG Explore- A Podcast",20]
[211962,"SSHRC SRG Exchange -Offense-Supp",20]
[211963,"SSHRC SRG Explore- Enhancing Educat",20]
[211964,"SSHRC SRG- Exploring thr Lived Expe",20]
[211965,"SSHRC SRG- Exploring the role of Vi",20]
[211966,"SSHRC SRG Explore- Examining",20]
[211967,"SSHRC SRG Explore- Examining",20]
[211968,"SSHRC SRG Explore- The Postponed",20]
[211969,"Exploring factors impacting the imp",20]
[211970,"SSHRC SRG Explore- Incarcerated",20]
[211971,"SSHRC SRG Explore- Effectiveness",20]
[211972,"SSHRC SRG Exchange-30 Years of Cha",20]
[211973,"SSHRC SRG Exchange -Breastfeeding",20]
[211974,"SSHRC SRG Exchange- Knowledge mobil",20]
[211975,"SSHRC SRG Explore- Justice-Involved",20]
[211976,"SSHRC SRG Exchange- Knowledge mobil",20]
[211977,"SSHRC SRG Explore- Multiple Perpet",20]
[211978,"SSHRC SRG Explore-Assessing the Ben",20]
[211979,"SSHRC SRG Exchange- Does social int",20]
[211980,"SSHRC SRG Explore- Social Interacti",20]
[211981,"SSHRC SRG Explore- Re-examining",20]
[211982,"SSHRC SRG Explore- Collaboration us",20]
[211983,"Available",20]
[211984,"SSHRC SRG Exchange- A qualitative S",20]
[211985,"SSHRC SRG Explore- Beyond Lip Servi",20]
[211986,"SSHRC SRG Ignite- Creating an evide",20]
[211987,"SSHRC SRG Explore- Affective Joint",20]
[211988,"SSHRC SRG Ignite- Exploring Innovat",20]
[211989,"SSHRC SRG Exchange- Aide medical ac",20]
[211990,"SSHRC SRG Exchange- Creators for C",20]
[211991,"SSHRC SRG Explore- Exploring Curios",20]
[211992,"SSHRC SRG Ignite- From distress to",20]
[211993,"SSHRC SRG Explore- The Effect of Lo",20]
[211994,"SSHRC SRG Ignite- Integrating VR Re",20]
[211995,"SSHRC SRG Explore- Perceptions of C",20]
[211996,"SSHRC SRG Explore- Access to rehabi",20]
[211997,"SSHRC SRG Explore- Do Firm's Purcha",20]
[212000,"Open",20]
[212100,"CIHR OG",20]
[212101,"CIHR OG w/University of Toronto",20]
[212102,"CIHR YO",20]
[212103,"CIHR MPD",20]
[212104,"CIHR OG",20]
[212105,"CIHR Undergraduate",20]
[212106,"CIHR-Safe at Work :An International",20]
[212107,"CIHR-Plan&Diss- Maximizing the use",20]
[212108,"CIHR-Aboriginal men's narratives",20]
[212109,"CIHR Catalyst Grant-Exploring",20]
[212110,"CIHR w/ CAMH- Cognitive Behavior",20]
[212111,"CIHR PCS- A Dissemination Event",20]
[212112,"CIHR w/Ottawa U-Primary care reform",20]
[212113,"CIHR - IMproving heart failure",20]
[212114,"CIHR w/SFU - Practice patterns",20]
[212115,"CIHR Travel Award-Idea Fair",20]
[212116,"CIHR PDG -Creating an Urban Mobilit",20]
[212117,"CIHR LOI- Resilience Assessment",20]
[212118,"CIHR PDG- Planning for home birth",20]
[212119,"CIHR OG- A systematic review on",20]
[212120,"CIHR w/SFU- Evaluate the impact",20]
[212121,"CIHR w/ Lethbridge U- Stand When",20]
[212122,"CIHR- Impact of COVID-19",20]
[212123,"CIHR- Pan-Canadian Study of Psychia",20]
[212124,"CIHR w/ UOT- Autonomic Modulation",20]
[212125,"CIHR ICR w/ CCS- A pilot project to",20]
[212126,"CIHR Catalyst w/Dalhousie Universit",20]
[212127,"CIHR PJT-Investigating the contextu",20]
[212128,"CIHR EPICAT w/UOT- Visualization",20]
[212129,"CIHR PDG- Canadian Research Group",20]
[212130,"CIHR PG- Co-Creation and Feasibilit",20]
[212131,"CIHR PG IHUP- Equitable Access",20]
[212132,"CIHR PG w/Ottawa U- PriSMI",20]
[212133,"CIHR PG- Efficacy of a digital scho",20]
[212134,"CIHR HG w/ UNB- Understanding how t",20]
[212135,"CIHR PDG- Planning the Age",20]
[212136,"CIHR PG w Brock U-Contemporary risk",20]
[212500,"Open",20]
[212800,"CIHR",20]
[212801,"CIHR Joint Health Initiative",20]
[212802,"CIHR Representative",20]
[212803,"CIHR - Safe at Work: An Internation",20]
[212804,"CIHR-Establishing Durham Resuscitat",20]
[212805,"CIHR/CAMH-Indicators for primary",20]
[212806,"CIHR PDG w/CSEP&CCAA - Fostering",20]
[212807,"CAMH-CIHR Sub grant- Health-Care",20]
[212808,"CIHR w/ CAMH- MindMate: Design",20]
[212809,"CIHR Travel Award - Derek Manis",20]
[212810,"CIHR OG \"Environmental (Returned)",20]
[212811,"CIHR OG Data Analysis Cancer Contro",20]
[212812,"CIHR Catalyst/CLSA- Analysis of CL",20]
[212900,"CIHR SA",20]
[213000,"NSERC CRC Tier 2",20]
[213001,"NSERC CRC Tier 1",20]
[213002,"NSERC CRC Tier 2",20]
[213003,"NSERC CRC Tier 1 - Closed",20]
[213004,"NSERC CRC Tier 2",20]
[213005,"NSERC CRC Tier 1",20]
[213006,"CRC from SSHRCC Tier 2",20]
[213007,"CRC - Health Informatics Laboratory",20]
[213008,"Disability Prevention",20]
[213009,"NSERC CRC_Linguistic Information",20]
[213010,"NSERC CRC_Renewal in Advancing",20]
[213011,"NSERC CRC_Electric Energy Storage",20]
[213012,"SSHR CRC- Technology & Pedagogy",20]
[213013,"NSERC CRC Tier 2-Nuclear Fuels",20]
[213014,"SSHRC Tier 2 CRC Renewal-Digital",20]
[213015,"CRC Tier 2- Internet of Things",20]
[213016,"CRC Tier 2- Disability Prevention",20]
[213017,"NSERC CRC Tier 2_Renewal F#213009",20]
[213018,"NSERC CRC Tier 2 -in Aquatic Envir",20]
[213019,"CIHR CRC Tier 1 -in Healthcare Simu",20]
[213020,"SSHR CRC- Technology & Pedagogy (Re",20]
[213021,"NSERCCRC_ElectricEnergyStorageRenew",20]
[213022,"CRC EDI Stipend",20]
[213023,"CRC NSERC Tier 1- Adaptive Aerodyna",20]
[213024,"NSERC CRC Tier 2- Trustworthy",20]
[213025,"NSERC CRC Tier2 (Renewal)- Nuclear",20]
[213026,"CRC Tier2 (Renewal)- in the interne",20]
[213027,"CRCES- EDI Stipend 2023",20]
[213028,"CRC Tier 2 in Systemic Racism",20]
[214000,"CFI/ORF-RI & IOF",20]
[214001,"CFI/ORF-RI & IOF",20]
[214002,"CFI/ORF-RI & IOF",20]
[214003,"CFI/ORF-RI & IOF",20]
[214004,"CFI/ORF-RI & IOF",20]
[214005,"CFI/ORF-RI & IOF",20]
[214006,"CFI/ORF-RI & IOF-Closed",20]
[214007,"CFI/ORF-RI & IOF w/ SHARCNET",20]
[214008,"CFI/ORF-RI & IOF",20]
[214009,"CFI/ORF-RI & IOF",20]
[214010,"CFI/ORF-RI & IOF",20]
[214011,"CFI/ORF-RI & IOF",20]
[214012,"CFI/ORF-RI & IOF",20]
[214013,"CFI/ORF-RI & IOF",20]
[214014,"CFI/ORF-RI & IOF",20]
[214015,"CFI",20]
[214016,"CFI - IOF - Moved (214001)",20]
[214017,"CFI - IOF",20]
[214018,"CFI - IOF",20]
[214019,"CFI - IOF",20]
[214020,"CFI - IOF",20]
[214021,"CFI - IOF",20]
[214022,"CFI - IOF",20]
[214023,"CFI - IOF",20]
[214024,"CFI - IOF",20]
[214025,"CFI - IOF",20]
[214026,"CFI - IOF - Moved (214009)-Closed",20]
[214027,"CFI - IOF",20]
[214028,"CFI - IOF",20]
[214029,"CFI - IOF - CLOSED",20]
[214030,"CFI - IOF",20]
[214031,"CFI - IOF",20]
[214032,"CFI- Closed",20]
[214033,"CFI/MRI-Closed",20]
[214034,"CFI/MRI",20]
[214035,"CFI NIF 2009 w/OCAD",20]
[214036,"CFI / MRI",20]
[214037,"CFI / IOF",20]
[214038,"CFI / IOF",20]
[214039,"CFI / IOF",20]
[214040,"CFI/MRI w/ McMaster U",20]
[214041,"CFI NIF 2009",20]
[214043,"CFI - IOF w/ OCADU",20]
[214044,"CFI /ORF-RI",20]
[214045,"CFI /IOF",20]
[214046,"CFI /IOF",20]
[214047,"CFI /MEDI ORF-RI",20]
[214048,"CFI-MRI Laboratory for Human",20]
[214049,"CFI-LOF/MEDI ORF-RI",20]
[214050,"CFI-IOF w/MCMaster University",20]
[214051,"CFI XRay Diffractometer",20]
[214052,"CFI-MRI Establishment of DeCiMal",20]
[214053,"CFI /IOF",20]
[214054,"CFI /IOF",20]
[214055,"IOF Establishment of DeCiMaL",20]
[214056,"IOF Laboratory for Human",20]
[214057,"CFI-IOF Research Laboratory",20]
[214058,"CFI/IOF-XRAY diffractometer",20]
[214059,"CFI/MRI-JELF-Laboratory Linguistic",20]
[214060,"CFI/IOF-JELF-Laboratory Linguistic",20]
[214061,"CFI JELF - Advanced Storage Systems",20]
[214062,"CFI JELF- Steam 3D Lab",20]
[214063,"CFI JELF/IOF - Steam 3D Lab",20]
[214064,"CFI / IOF w/ U of T",20]
[214065,"CFI/IOF- Advanced Storage Systems",20]
[214066,"CFI JELF- The Sport and Physical",20]
[214067,"CFI/IOF JELF- The Sport and Physica",20]
[214068,"CFI/MRI Cyberinfrastru w/U Monteral",20]
[214069,"CFI JELF-Applied Thermodynamics Lab",20]
[214070,"CFI IOF JELF-Applied Thermodyn Lab",20]
[214071,"CFI JELF -UOIT Health and Hu",20]
[214072,"CFI JELF/IOF -UOIT Health and Hu",20]
[214073,"CFI JELF-Eye-link II Tracking",20]
[214074,"CFI JELF/IOF-Eye-link II Tracking",20]
[214075,"CFI JELF-Energy Automation",20]
[214076,"CFI JELF/IOF-Energy Automation",20]
[214077,"CFI JELF -3D Network for Immersive",20]
[214078,"CFI/IOF-JELF -3D Network for Immer",20]
[214079,"CFI w Western U- MSI 2.0 Phase1",20]
[214080,"CFI - Surface Characterization",20]
[214081,"CFI/IOF - Surface",20]
[214082,"CFI - Building open",20]
[214083,"CFI/IOF - Building open",20]
[214084,"CFI JELF- Bioinformatics Computing",20]
[214085,"CFI JELF- Bioinformatics Computing",20]
[214086,"CFI/IOF Cyberinfrastru w/U Monteral",20]
[214087,"CFI JELF/MRI-Materials Charac Centr",20]
[214088,"CFI JELF/IOF-Materials Charac Centr",20]
[214089,"CFI JELF- Climatic human Factors",20]
[214090,"CFI JELF/IOF-Climatic human Factors",20]
[214091,"CFI JELF- - Climatic human Factors",20]
[214092,"CFI JELF/IOF - Climatic human Facto",20]
[214093,"CFI JELF- Trustworthy Artificial In",20]
[214094,"CFI JELF/IOF- Trustworthy Artifici",20]
[214095,"CFI JELF- Cybersecurity& Resiliency",20]
[214096,"CFI JELF-Adaptive Hybrid Manufactur",20]
[214097,"CFI JELF/IOF- Cybersecurity& Resili",20]
[214098,"CFI JELF/ IOF-Adaptive Hybrid Manuf",20]
[214099,"CFI JELF- fNIRS for Evaluation",20]
[214100,"CFI/ IOF JELF- fNIRS for Evaluation",20]
[214999,"IOF General Fund",20]
[215000,"NCE/AMFNET - CLOSED",20]
[215001,"NCE/AMFNET - CLOSED",20]
[215002,"NCE/AMFNET-closed",20]
[215003,"NCE/AMFNET-Closed",20]
[215004,"NCE/AFMNET Internship-Closed",20]
[215005,"AFM Dietary Fibre and Intestinal",20]
[215100,"NCE/Auto21 - CLOSED",20]
[215101,"NCE/Auto21 - CLOSED",20]
[215102,"NCE/Auto21 - CLOSED",20]
[215103,"NCE/Auto21",20]
[215104,"NCE/Auto21 - CLOSED",20]
[215105,"NCE/Auto21 - CLOSED",20]
[215106,"NCE/Auto21-Closed",20]
[215107,"NCE/Auto21 - CLOSED",20]
[215108,"NCE/Auto21-Closed",20]
[215109,"NCE/Auto21",20]
[215110,"Auto 21",20]
[215111,"Auto 21-Connect Canada Water Pump D",20]
[215112,"Auto 21-Connect Canada-Assist inves",20]
[215113,"OCE- Auto21 Connect Canada-Developm",20]
[215114,"Auto 21- EV Motor Drives",20]
[215115,"Auto21-KTTF-FY 2015-16",20]
[215200,"NCE/MITACS - CLOSED",20]
[215201,"NCE/MITACS - CLOSED",20]
[215202,"NCE/MITACS - CLOSED",20]
[215203,"NCE/MITACS - CLOSED",20]
[215204,"NCE/MITACS - CLOSED",20]
[215205,"NCE/MITACS - CLOSED",20]
[215206,"NCE/MITACS-Closed",20]
[215207,"NCE/MITACS - Internship fu - CLOSED",20]
[215208,"MITACS - Problem Solving Workshop",20]
[215209,"NCE/MITACS-Closed",20]
[215210,"NCE/MITACS Elevate",20]
[215211,"NCE/MITACS International Conferen",20]
[215212,"MITACS Training Event",20]
[215213,"Mitacs Accelerate",20]
[215214,"MITACS Accelerate",20]
[215215,"NCE-MITACS Accelerate",20]
[215216,"Mitacs Globalink - A Security",20]
[215217,"Mitacs Globalink RA-J.Hogerwaard",20]
[215218,"Mitacs Globalink RA- C. Acar",20]
[215219,"Mitacs Accelerate w/ Hydrofuel Inc.",20]
[215220,"Mitacs Accelerate w/ EHC Canada",20]
[215221,"Mitacs Accelerate w/Antrobus Consul",20]
[215222,"Mitacs w/Envirochill-Renew # 208036",20]
[215223,"Mitacs w/Hydrofuel-Renew F#215219",20]
[215224,"Mitacs Accelerate -Impact of Lacto",20]
[215225,"Mitacs Accelert w/EHC Canada-Renew",20]
[215226,"Mitacs Globalink-Student Award",20]
[215227,"Mitacs Accelerate- Developement",20]
[215228,"Mitacs Acc.w/EHC Canada-Improving",20]
[215229,"Mitacs Elevate- Implementation and",20]
[215230,"Mitacs Acc.W/Lallemand-Analyzing th",20]
[215300,"NCE - PrioNet- Closed",20]
[215301,"NCE BIOFUELNET- Assessment of Waste",20]
[215302,"NCE-KM(WORKNET)",20]
[215303,"NCE Grand w/USask- Digital Game",20]
[215304,"NCE:TVN 2013 Fellowship Award",20]
[215305,"NCE IC Impact Carbon Neutrality thr",20]
[215306,"IC-IMPACTS COVID19 HQP Sup-F#215305",20]
[215400,"NCE Grand",20]
[215401,"NCE Grand",20]
[215402,"NCE Grand",20]
[215403,"NCE Grand-Aesthvis,Sketch",20]
[215404,"NCE-Young Network Investigator-AFEV",20]
[215405,"NCE- Postgraduate Scholar Program",20]
[215406,"Mitacs w/AECL-Simulating CANDU",20]
[215407,"Mitacs w/Hydrofuel - Thermo-Econom",20]
[215408,"Mitacs Elevate- Implementation",20]
[215409,"Mitacs Acc- Accelerating roll-out",20]
[215410,"Mitacs Acc w/Antrobus - Building",20]
[215411,"Mitacs Acc w/Metcalf-Accelerating",20]
[215412,"Mitacs Acc w/Pro-Flange Ltd-Improve",20]
[215413,"Mitacs Globalink- Children Privacy",20]
[215414,"Mitacs Acc w/TEI- Molten salt react",20]
[215415,"Mitacs Acc w/Schindler Elevator Co.",20]
[215416,"Mitacs Acc w/Wina North -Design",20]
[215417,"Mitacs Acce w/1QBIT-Investigating Q",20]
[215418,"Mitacs Acc w/Pro-Flange Ltd.-Improv",20]
[215419,"Mitacs Acc.w/Green NH3-Experimental",20]
[215420,"Mitacs Career Connect-Development",20]
[215421,"Mitacs Acc w/ Mobismart -Resilient",20]
[215422,"Mitacs Acc w/GM- e-bike",20]
[215423,"Mitacs w/Frontier Agri-Developing n",20]
[215424,"Mitacs w/Patricia McCord-One to Zer",20]
[215425,"Mitacs Acc w/McClymont & Rak Eng.",20]
[215426,"Mitacs Acc w/Pro-Flange Ltd.-Radio",20]
[215427,"Mitacs Acc w/Senturing Technologies",20]
[215428,"Mitacs Acc w/Lallemand-Probiotic la",20]
[215429,"Mitacs Acc w/Air Lab-Pneumatic",20]
[215430,"Mitacs Acc. W/Wina-Thermal design",20]
[215431,"Mitacs Acc. - Connecting watershed",20]
[215432,"Mitacs Acc.Flow Weaver Virtual Real",20]
[215433,"Mitacs Acc. w/CUTRIC- Analysis & D",20]
[215434,"MITACS RTA",20]
[215435,"MITACS Acc with Klick Extraction of",20]
[215436,"Mitacs Acc w/Cole Eng.-Biomarkers",20]
[215437,"Mitacs Acc w/ Hypercare Inc.-Automa",20]
[215438,"Mitacs Acc w/Hydrogenics-Material F",20]
[215439,"Mitacs Acc. w/McClymont & Rak Eng",20]
[215440,"Mitacs Acc w/Air Lab -An Integrated",20]
[215441,"Mitacs Acc w/C.C.Solutions- A Feasi",20]
[215442,"Mitacs Acc.w/ DDA & AGE-WELL",20]
[215443,"Mitacs Acc.w/Lallemand- COVID-19",20]
[215444,"Mitacs Acc.w/Paradigm-DeHaan Super",20]
[215445,"Mitacs Acc. w/Pro-Flange-Developmen",20]
[215446,"Mitacs Acc w/I-INC-Red Shifted Gene",20]
[215447,"Mitacs Acc. w/Axiom Group",20]
[215448,"Mitacs Acc.w/Hydrofuel-Sectoral use",20]
[215449,"Mitacs Acc. w/ Durham Region",20]
[215450,"Mitacs Acc. w/ Durham Region-Compre",20]
[215451,"Mitacs Acc. w/ Parchment-Ictinus",20]
[215452,"Mitacs Acc, w/ On the Podium,...",20]
[215453,"MItacs Acc. w/ GM- Implementation",20]
[215454,"Mitacs Acc. w/ Fibos- Applications",20]
[215455,"Mtacs Acc.w/Durham Reg-Implementing",20]
[215456,"Mitacs Acc. w/Airlabs- Modeling and",20]
[215457,"Mitacs Acc w/New Vision Systems Cda",20]
[215458,"Mitacs w/GlassHouse Systems",20]
[215459,"MItacs BSI w/ Tiik Tech",20]
[215460,"Mitacs Acc. w/ NVS Canada",20]
[215461,"Mitacs w/Mobile Innovation",20]
[215462,"Mitacs w/Cascara Energy- Simulation",20]
[215463,"Mitacs Accelerate w/ TRCA- The trib",20]
[215464,"Mitacs Acc.w/ Ontario Shores- Compa",20]
[215465,"Mitacs Acc. w/ L2M (I-INC)",20]
[215466,"Mitacs Acc.w/ L2M-Design and Pro",20]
[215467,"Mitacs Acc.w/ I-INC- Intelligent Q",20]
[215468,"Mitacs Acc. w/ I-INC- Thermal analy",20]
[215469,"Mitacs Acc. w/Work Sport- Design",20]
[215470,"Mitacs Acc. w/ Pulse Industrial",20]
[215471,"Mitacs Acc. w/ Cort Research & Inno",20]
[215472,"NCE MtS- Exploring frameworks",20]
[215473,"Mitacs Acc. w/Lakeridge Health- Dev",20]
[215474,"Mitacs Acc. w/ Mech Solutions- AL-d",20]
[215475,"Mitacs Acc. w/ CNIB and Scotiabank",20]
[215476,"Mitacs Acc. w/ Fitfu CRM Solutions",20]
[215477,"Mitacs Acc.w/ L2M- Customer Develo",20]
[215478,"NCE MtS- Examining long term",20]
[215479,"Mitacs Acc.w/ L2M - Understanding",20]
[215480,"Mitacs Acc.w/ L2M- Developing Custo",20]
[215481,"Mitacs Acc.w/ Springboard Atlanti",20]
[215482,"Mitacs Acc.w/ I-INC- J.A.Khan",20]
[215483,"Mitacs Acc. w/ I-INC- A.Sheir",20]
[215484,"Mitacs Acc.w/Flex-Ion Battery Innov",20]
[215485,"Mitacs Acc. w/ Durham Municipality-",20]
[215486,"Mitacs Globalink- Development",20]
[215487,"Mitacs Acce. w/Ontario Shores-Exami",20]
[215488,"Mitacs Acc. w/Chrkam-Muhammd.Idrees",20]
[215489,"Mitacs w/ Glass House-Wing Yi Pao",20]
[215490,"Mitacs Acc.w/The City-T.Parsons",20]
[215491,"Mitacs Acc.w Trav/Beseda-Addo-Costa",20]
[215492,"Mitacs Acc. w/Petnerup-E.Azizi",20]
[215493,"Mitacs Acc.w/ Air Lab-Ali Karaca",20]
[215494,"Mitacs Acc.w/OPUC-M.Temiz&UKahraman",20]
[215495,"Mitacs Acc. w/ Worksport- 6 interns",20]
[215496,"Mitacs Acc. w/H2Generation Inc",20]
[215497,"Mitacs Acc.w/ ELL Tech- p.Sargolzar",20]
[215498,"Mitacs Acc.w/VPM Research",20]
[215499,"Mitacs BSI.w/Vision-J.Gaber&Y.Ahmed",20]
[215500,"Mitacs Acc.w/ Springboard-S.Darda",20]
[215501,"Mitacs Acc.w/ Eigen Inc.-A.Khakpour",20]
[215502,"Mitacs BSI. w/Durham Region-J.Young",20]
[215503,"Mitacs Acc.w/ L2M- Develop-Seddique",20]
[215504,"Mitacs Acc.w/ MDA-CANDU- Slade&Elvi",20]
[215505,"Mitacs BSI w/ Myant Inc.- O.Ahmadi",20]
[215506,"Mitacs Acc. w/ BBE Inc.- S.Majiluf",20]
[215507,"Mitacs Acc. w/ Viona- Kara & Kenez",20]
[215508,"Mitacs Acc. w/ Magna- Material char",20]
[215509,"Mitacs Acc. w/ St. Lawrence River",20]
[215510,"Mitacs Acc. w/ Neuroxootr- Visual",20]
[215511,"Mitacs Acc.w/ Customachinery",20]
[215512,"Mitacs Acc.w/ OPG(J.McKellar)-Life",20]
[215513,"Mitacs Globalink w/ NRC -Aachen U",20]
[215515,"Mitacs Acc.w/ Durham Region",20]
[215516,"Mitacs Acc.w/ Durham Community",20]
[218000,"NRCan/AECL",20]
[218001,"CSA - DUPLICATE-Closed",20]
[218002,"PWGSC - CLOSED",20]
[218003,"HealthC/CDPC",20]
[218004,"DND/DRDC",20]
[218005,"PWGSC w/ U of Ottawa - CLOSED",20]
[218006,"ACOA/AIF - CLOSED",20]
[218007,"AGR/ABIP w/ CBioN/Concordia U",20]
[218008,"Green Centre Canada - CLOSED",20]
[218009,"DFA - CLOSED",20]
[218010,"Public Works - CPRC",20]
[218011,"Fed Dev - ARCI (Moved 218600)",20]
[218012,"Fed Dev w/ UniTrak (Moved 218601)",20]
[218013,"CNSC - Calculation of Kinetics",20]
[218014,"Public Works- Research Support",20]
[218015,"CSA",20]
[218016,"AECL",20]
[218017,"OPC - Privacy and Civic Duty",20]
[218018,"AECL w/ORF RE",20]
[218019,"GreenCtr:Fuel Cell Electrod Structu",20]
[218020,"Public Safety-Right wing extremism",20]
[218021,"AECL",20]
[218022,"AECL-Develop MCNP Models",20]
[218023,"Transport Canada-Clean Rail",20]
[218024,"EC-TFA McMaster-Land use effects",20]
[218025,"GCC-SIGHR6P1-Affordable and simple",20]
[218026,"Transport Canada-CRAG-Smart Energy",20]
[218027,"Transport Canada-Green Hybrid Drive",20]
[218028,"Transport Canada-WAy-side wireless",20]
[218029,"NRC -Professional Services",20]
[218030,"NRC-CAIP- w/Ryerson",20]
[218031,"CNSC-Risk Analysis, Risk Informed",20]
[218032,"OPC-Paving the Way for Intelligent",20]
[218033,"Ministry of Enviroment- Lake Simcoe",20]
[218034,"Transport Canada CRAGP-Comparative",20]
[218035,"Transport Canada CRAGP - Design",20]
[218036,"Transport Canada CRAGP - Design",20]
[218037,"NRC-IRAP Program- Robotic",20]
[218038,"IDRC w/ U of T - Evaluation",20]
[218039,"NRC- IRAP - Combined Heat & Power",20]
[218040,"NRC IRAP - Diamond Like",20]
[218041,"NRC IRAP - Vertiponics",20]
[218042,"NRC IRAP - Contribution Agreement",20]
[218043,"NRC-IRAP Program- Pinpress GUI",20]
[218044,"IDRC -Research in food",20]
[218045,"NRC IRAP - CTO-Durham College Partn",20]
[218046,"NRC IRAP - CTO-ACE Partnerships",20]
[218047,"Justice Canada - Indigenous Youth",20]
[218048,"RMCC - Mindsight website",20]
[218049,"NRC IRAP- Ultima Apparel",20]
[218050,"OPC-Enhancing the privacy",20]
[218051,"Transport Canada-External Heat",20]
[218052,"Transport Canada-CRAGP- Proof",20]
[218053,"OPC- A Privacy Code Connected Car",20]
[218054,"NRC IRAP CTO - Expance Microtech’s",20]
[218055,"NRC IRAP CTO- Anubis Manufacturing",20]
[218056,"NRC-IRAP CTO-Qualead Group Inc.",20]
[218057,"NRC IRAP CTO- ACE Projects",20]
[218058,"NRC IRAP CTO-uBio Dicov &Flite Plan",20]
[218059,"NRC IRAP CTO-Transforming (Main)",20]
[218060,"CPSI-Healthcare Workers’ Views",20]
[218061,"NRC IRAP CTO - Oombo Technologies",20]
[218062,"TRANSPORT CANADA-Active Levitation",20]
[218063,"TRANSPORT CANADA-Feasibility Stud",20]
[218064,"CNL- Estimation of lifetime",20]
[218065,"Public Safety-Updating the Environm",20]
[218066,"DND IDEaS -Pre-deployment Acclim",20]
[218067,"NRC- Inverse Design",20]
[218068,"OPC- Involving Seniors and Caregi",20]
[218069,"OPC- Protecting User Privacy",20]
[218070,"Public Safety Canada w/ Carleton U",20]
[218071,"ESDC-FSC w/York U-Supporting Mid Ca",20]
[218072,"Heritage Canada-HistoryF w/Ottawa U",20]
[218073,"Transport Canada- FLYwheel Fast",20]
[218074,"DND IDEaS w/York U-Effective Human",20]
[218075,"DND IDEas w/York U- Effective Human",20]
[218076,"ESDC-SDP w/U of T- Black Student Un",20]
[218077,"Fisheries and Oceans Canada-Mapping",20]
[218078,"Global Affairs Canada-ITEA PO Days",20]
[218079,"DND IDEaS w/York U-SENTRYNET",20]
[218080,"NSERC CRD w/CNL-Cu-Cl Cycle System",20]
[218081,"ESDC-Senio Ridgebacks - Organized",20]
[218082,"OPC- Exploring Blockchain for Conse",20]
[218083,"OPC- Artificial Intelligence,Machi",20]
[218084,"DND MINDS Handling Hateful Conduct",20]
[218085,"DND- Network for Research on Hatef",20]
[218086,"NRC- SCADA, Real-time Simulation,V2",20]
[218087,"Justice Canada-OFOVC-Research Paper",20]
[218088,"DND IDEaS 2- Pre-deployment Acclim",20]
[218089,"NRC-3D Printed Hierarchical Structu",20]
[218090,"Transport Canada- Development and A",20]
[218091,"Ministry of Enviroment- Monitoring",20]
[218092,"CSA w IBMP- Autonomous Health Monit",20]
[218093,"CHS RK Smiley Grant- Deciphering",20]
[218094,"Environment Canada ECCC-Use of prot",20]
[218095,"ESDC I-WIL w/ Calgary U Brilliant C",20]
[218096,"DND- Unity Health Toronto- SMH",20]
[218097,"Public Safety -Talking about Right",20]
[218098,"CSA- Autonomous Health Monitoring",20]
[218099,"ASC- A Study of Accessible and Incl",20]
[218100,"CCS w/ CIHR ICR- A pilot project to",20]
[218101,"MECP- Determining the frequency",20]
[218102,"NRC-Scientific support of polymeriz",20]
[218103,"Transport Canada ERSTP- Improving t",20]
[218104,"ECCC-Use of proteomics..Part2",20]
[218105,"Public Safety Canada- Prevalence of",20]
[218106,"Infrastructure and Communities- Cam",20]
[218107,"Minister of Infrastructure PPTP-Inf",20]
[218108,"MECP w/ UOT- Wastewater SARS-CoV2-S",20]
[218109,"ECCC CAAF w/ Western U",20]
[218110,"NRCan Zero Emission- EDeveloping",20]
[218111,"ECCC CAAF w/Waterloo U",20]
[218600,"Fed Dev - ARC Initiative",20]
[218601,"Fed Dev - IKC of MMS-Closed",20]
[218602,"Fed Dev - IEM & DOCS-Closed",20]
[218603,"Fed Dev w/Aquavion Systems-Closed",20]
[218604,"Fed Dev w/Enginuity Group",20]
[218605,"Fed Dev w/DrinkBox Studios-Closed",20]
[218606,"Fed Dev w/Cable Shoppe",20]
[218607,"Fed Dev w/Durmach Tooling",20]
[218608,"Fed Dev w/Segasist Technologies-Clo",20]
[218609,"Fed Dev w/Nessis Inc.",20]
[218610,"Fed Dev w/Natural Input Solutions",20]
[218611,"Fed Dev w/Solana Networks Inc.",20]
[218612,"Fed Dev w/Enviroquest Ltd.-Closed",20]
[218613,"Fed Dev w/Phirelight Inc.-Closed",20]
[218614,"Fed Dev w/Marnoch Agency-Souther ON",20]
[218615,"Fed Dev w/Green Energy Watchdog Inc",20]
[218616,"Fed Dev w/Dunedin Energy Systems",20]
[218617,"Fed Dev w/Envirochill",20]
[218618,"Fed Dev w/Quillsoft",20]
[218619,"Fed Dev w/Genist Systems",20]
[218620,"Fed Dev w/ North American Carbon",20]
[218621,"Fed Dev - PV Lab Creation",20]
[218622,"Fed Dev and SendtryMetrics",20]
[218623,"FEDDEV-Harvistor Performance",20]
[218624,"FEDDEV ESRI GIS-based Visualization",20]
[218625,"FEDDEV Canberra Redesign",20]
[218626,"FEDDEV Kubota Improvement",20]
[218627,"FEDDEV w/IAI Control of Fiction",20]
[218628,"FEDDEV w/Southlake & York U",20]
[218629,"Ministry of Enviroment- Waste Water",20]
[219000,"ICP",20]
[220130,"Eurospine Post surgucal rehab",20]
[221000,"Qatar University - subagreement",20]
[221001,"EAA-Res. Support for Phd student",20]
[221002,"Saudi Cultural Bureau",20]
[221003,"Qatar University QNRF NPRP",20]
[221004,"City of Oshawa_Consortium Watercour",20]
[221005,"Saudi Cult. Bureau/Mr. Abdullah exp",20]
[221006,"IFEC-Lemeunier- Postdoctoral Fell",20]
[221007,"C&M T - The effectiveness of manual",20]
[221008,"DRPS - Improving Investigative",20]
[221009,"Saudi Cult.Bureau/Mr. A.Alzahrani",20]
[221010,"City of Oshawa_Consortium Watercour",20]
[221011,"GNWT- Evaluation of Dynamic",20]
[221012,"Zayed U - Analyzing Small Scale",20]
[221013,"Durham Region SS- Singles at Risk",20]
[221014,"BC Ministry of Transportation",20]
[221015,"Zayed U - Securing Critical Cyber",20]
[221016,"Zayed U - Malware analysis",20]
[221017,"IFEC - Systematic Review",20]
[221018,"IAEA-Design and Performance Assess",20]
[221019,"City of Oshawa- Understanding the",20]
[221020,"Master Dynamic- Sentiment Analysis",20]
[221021,"City of Oshawa -Understanding the B",20]
[221022,"KIMM - Study on tire-state diagn",20]
[221023,"City of Oshawa - Facilities Corpo",20]
[221024,"OECD NEA- ITAF-ID Phase II",20]
[221025,"City of Oshawa- Tactile Feedback",20]
[221026,"Saudi Cult.Bureau/Tayib-PhD Candida",20]
[221027,"ORNL - Thermochimica Research",20]
[221028,"ORNL - Thermochimica Research 2",20]
[221029,"CCBC- Independent Research Review",20]
[221030,"EuroSpine- Post-surgical rehab",20]
[221031,"BEA/DOE-Devt of Yellow Jacket",20]
[221032,"KIMM -Study on integrated control",20]
[221033,"City Of Oshawa- Using an Innovative",20]
[221034,"City of Oshawa- Traffic Monitoring",20]
[221035,"Clarington-Snowplow Route Optimizat",20]
[221036,"ORNL- Themochimica Research 3",20]
[221037,"City of Oshawa- Economic Recovery",20]
[221038,"Development of Virtual",20]
[221039,"Deakin U-Scientific knowledge and a",20]
[221040,"City of Oshawa- Waste Collection",20]
[221041,"KIMM- Study on de-noise filtering",20]
[221042,"CityStudio Durham program-Virtual M",20]
[221043,"MiNA- Chemical Synthesis of short",20]
[221044,"BCOHRC- Roots of Hate",20]
[221045,"QNRF- Development of novel and sust",20]
[221046,"Kasetsart University- Bench fee",20]
[221047,"KIMM- Development of de-noise filte",20]
[221048,"CityStudio-Region of Durham-Statist",20]
[221049,"Wenzhou Med Hospital- Multi-Physics",20]
[221050,"KITECH-Development of advanced path",20]
[221051,"GS/OAS- Development of a Database S",20]
[221052,"Medinetic Learning- Kinesport",20]
[221053,"KIMM- Advancement of dust filtering",20]
[221054,"KITECH-Development of algorithms fo",20]
[221055,"SURROMIND- Development of an AI lea",20]
[231000,"NWMO",20]
[231001,"Cameco Corp.",20]
[231002,"Toyota ME&M NA Inc.",20]
[231003,"UOIT Research",20]
[231004,"Sun Life Financial Inc.",20]
[231005,"Inukshuk Wireless/Learning Plan",20]
[231006,"IBM Corp. / Faculty Award",20]
[231007,"IBM Corp. / Faculty Award-Closed",20]
[231008,"IBM Corp. / Faculty Award",20]
[231009,"Inukshuk Wireless/Learning -Closed",20]
[231010,"Toshiba of Canada Ltd.-Closed",20]
[231011,"City of Oshawa - CLOSED",20]
[231012,"J.Wiley & Sons Inc.",20]
[231013,"IBM Corp. / Faculty Award",20]
[231014,"Zephyr AP Inc.-Closed",20]
[231015,"Messier Dowty Inc.-Closed",20]
[231016,"Genist Systems Co.",20]
[231017,"UOIT EcoCAR",20]
[231018,"CIRA - CLOSED",20]
[231019,"Toyota ME&M NA Inc.",20]
[231020,"Nessis Inc. - CLOSED",20]
[231021,"UOIT Intellectual Property",20]
[231022,"Plus Group of Companies",20]
[231023,"SABIC IP w/ NSERC CRD",20]
[231024,"CSA w/ NSERC CRD - CLOSED",20]
[231025,"Lallemand Inc. w/ NSERC CRD",20]
[231026,"Perform Plants w/ NSERC CRD-CLOSED",20]
[231027,"Nelson Industrial Inc.",20]
[231028,"ACS w NSERC CRD",20]
[231029,"RBC Bluewater - CLOSED",20]
[231030,"Inukshuk",20]
[231031,"Research in Motion Limited",20]
[231032,"CableShoppe Inc. Contract",20]
[231033,"PFizer - CLOSED",20]
[231034,"Dieticians of Canada - CLOSED",20]
[231035,"CAMECO Subaccount",20]
[231036,"UNENE Research Contract",20]
[231037,"Phoenix Canada Contract",20]
[231038,"Volvo Group North America",20]
[231039,"Durham Region-Closed",20]
[231040,"LGI - Feasibility Study-Closed",20]
[231041,"Imperial Oil Research Award",20]
[231042,"Oxford University Press",20]
[231043,"Ontario w/NSERC Chair Design",20]
[231044,"UNENE w/NSERC CRD",20]
[231045,"Volvo Contract w/auto 21",20]
[231046,"Hope Innovations Inc.",20]
[231047,"CGAO",20]
[231048,"OPG General",20]
[231049,"OPG FESNS Research Fund",20]
[231050,"Cameco",20]
[231051,"Hydro One Network Inc w/UWO",20]
[231052,"OPG (Main 231049)",20]
[231053,"Genist Systems w/OPIC POP",20]
[231054,"Durham Region w/ORF RE",20]
[231055,"Phoenix Canada w/ORF RE",20]
[231056,"Marnoch Thermal Power w/ORF RE",20]
[231057,"Research in Motion (RIM)",20]
[231058,"NSERCCRD_DFC_Investigating Anti-Ath",20]
[231059,"Whiplash intervention Trail",20]
[231060,"Socio-Economic and enviromental",20]
[231061,"Environchill Cryogen Dev. Corp",20]
[231062,"Environmental Education in Ontario",20]
[231063,"J.Boyce Research - Investigate into",20]
[231064,"GDLS-Torque Control Strategy",20]
[231065,"GE Energy/High-Speed Motor Bus",20]
[231066,"ACS_Improving the Performance Cost",20]
[231067,"J.Boyce Research - Natural Gas",20]
[231068,"OCE-NSERC-Hydrogenics-Ontario Energ",20]
[231069,"OCE-NSERC-Verdian-Ontario Energy",20]
[231070,"Grundfos-Water Pump Design",20]
[231071,"GE Energy - Turn to Turn",20]
[231072,"OCE- Connect Canada-Hope-Assist inv",20]
[231073,"NSERC CRD-AECL-Improved Candu-core",20]
[231074,"CE VIP-Auto21-Hydrobase-Developmen",20]
[231075,"UNENE w/NSERC IRC Salary (Waker)",20]
[231076,"UNENE w/NSERC IRC- Health (Waker)",20]
[231077,"AECL w/ NSERC IRC- Health (Waker)",20]
[231078,"UNENE w/NSERC IRC Salary (Waller)",20]
[231079,"UNENE w/NSERC IRC- Health (Waller)",20]
[231080,"AECL w/ NSERC IRC- Health (Waller)",20]
[231081,"GM Design Chair Residual",20]
[231082,"GE Energy- Turn to turn faults",20]
[231083,"Com Dev Ltd - Efficient design",20]
[231084,"CAMECO- Jet Boring System",20]
[231085,"EHC Canada-TPU Tg by using DMA",20]
[231086,"OPG-Spacer Reliability",20]
[231087,"Yukon Energy-Evaluation of Dynamic",20]
[231088,"Welch Allyn Clinical Trial Agreemen",20]
[231089,"Vertigo Digital- Characterization",20]
[231090,"IntriEnergy Inc-Validation performa",20]
[231091,"Cleanwave Energy Co.-Aluminum Water",20]
[231092,"Standard Power Corp.-GAP APP",20]
[231093,"Panasonic Eco- Oshawa UOIT",20]
[231094,"Ericsson w/ NSERC CRD",20]
[231095,"Mirexus Inc. w/OCE & NSERC ENG.",20]
[231096,"Hope Innovation w/ OCE VIP I",20]
[231097,"NSERC CRD w/Ericsso-MIMO Systems",20]
[231098,"NSERC CRD w/ Purdue Pharma",20]
[231099,"TSD Holding - 10-Axle",20]
[231100,"Envision SQ w/NSERC ENG.",20]
[231101,"CAMECO- NSERC CRD w/CAMECO-Automate",20]
[231102,"NSERC CRD w/COG & UNENE",20]
[231103,"Execution Labs Inc.- Game Analytics",20]
[231104,"NSERC Eng. w/Exvivo Labs",20]
[231105,"Pro-Flange- equipment",20]
[231106,"HydroOne -IEEE SEGE conference",20]
[231107,"NSERC CRD w/ Armstrong Fluid Tech.",20]
[231108,"NSERC CRD w/Ingersoll Axles",20]
[231109,"NSERC CRD w/Grundfos-Wire-to-water",20]
[231110,"NSERC Eng.Plus w/Virelec Ltd.",20]
[231111,"ORF RE w/Quillsoft- An App Desi",20]
[231112,"IntriEnergy Inc.-Use of carbon nano",20]
[231113,"Boyce-Exploring Mass Transit System",20]
[231114,"IBM CAS RFA-2017 Fellowship Project",20]
[231115,"Pro-Flange w/NSERC CRD-Testing Plat",20]
[231116,"LEAR CO - Evaluation of Active",20]
[231117,"Cenovus FCCL - Development",20]
[231118,"OPG - Autonomous UAV Spillway",20]
[231119,"GM Canada-STEM Professional",20]
[231120,"OCE VIP II w Mirexus-Atomistic simu",20]
[231121,"IFTech w/NSERC CRD- Big Data Analys",20]
[231122,"NSERC CRD w/ExVivo Labs -Paperbased",20]
[231123,"OPG - Wrench Time Assessment",20]
[231124,"NSERC CRD w/QNX Software Systems",20]
[231125,"NSERC CRD w/ inMotive-The inGear",20]
[231126,"NSERC-Eng.Plus w/Hydrogenics-PEMFC",20]
[231127,"Mariposa Dairy- Labor&Material Stud",20]
[231128,"Zoetis - Characterization of UNC-49",20]
[231129,"UOIT-VPRII OPG/RIF-Stream B:OPG",20]
[231130,"UOIT-VPRII RIF-Stream B:OPG-Upgrade",20]
[231131,"UOIT-VPRII OPG/RIF-ultrasonic Do",20]
[231132,"UOIT-VPRII OPG/RIF-B-Harware/Softw",20]
[231133,"UOIT-VPRII OPG/RIF-B-ERC Laborator",20]
[231134,"UOIT-VPRII OPG/RIF-B-PIV for ACE",20]
[231135,"OPG w/CFI JELF- Surface Characte",20]
[231136,"CSA GROUP- CAVTE INFRASTRUCTURE",20]
[231137,"Columbia Containers - Dynamic Perfo",20]
[231138,"NSERC CRD w/ Kennedy Labs",20]
[231139,"NSERC CRD w/ Bluewrist Inc.",20]
[231140,"QA Consultants- Software Testing",20]
[231141,"NSERC CRD w/ Ericsson-Asynchronous",20]
[231142,"Mirion Tech Ltd- Evaluate the envir",20]
[231143,"Greenwood Mushroom Farm w/NSERC CRD",20]
[231144,"NWMO- Chemistry for Initiating Stre",20]
[231145,"OPG -Intelligent Experience Reten",20]
[231146,"NSERC CRD w/ Synthose Inc.",20]
[231147,"NSERC CRD w/EHC Global",20]
[231148,"IBM CAS- Quality & Developer Produc",20]
[231149,"NSERC IRC/ UNENE - Health Physics",20]
[231150,"Magna- Sensor Soiling Project",20]
[231151,"Frontier Labs- Chitin production",20]
[231152,"GM(Residual)-Dielectrical Property",20]
[231153,"THC -Performance Evaluation of vari",20]
[231154,"Facebook- Centre on Hate, Bias and",20]
[231155,"QA Consultants- Verification of Hig",20]
[231156,"Alithya Subcontract_Digitization",20]
[231157,"IBM - Test Case Prioritization",20]
[231158,"Available",20]
[231159,"MDA CANDU Owners Group Work P",20]
[231160,"NSERC CRD w/CANDU-Investigation of",20]
[231161,"OCE Talent w/Magna-Design meth",20]
[231162,"OCE Talent w/Magna- Development",20]
[231163,"UNENE w/NSERC IRC in Health Physics",20]
[231164,"OCE VIP w/Hydrogenics-Material Form",20]
[231165,"IBM CAS- CTUNE: Continuous Knobs",20]
[231166,"Magna- Thermo-gravimetric analysis",20]
[231167,"BioMar A/S- Service Agreement",20]
[231168,"MECH SOLUTIONS w/NSERC Alliance",20]
[231169,"MECH SOLUTIONS -Service Agreement",20]
[231170,"North Line Canada-Intelligent Traff",20]
[231171,"IECL w/ OCE VIP- Anti-reflective",20]
[231172,"North Line Canada- Analyisis from L",20]
[231173,"Alithya Digital-Augmented Reality",20]
[231174,"5 MM w/ NSERC Alliance",20]
[231175,"BetterFrost w/ NSERC Alliance",20]
[231176,"ProFlange w/NSERC Allia-Development",20]
[231177,"Ashron silicon w/ OCI & NSERC Allia",20]
[231178,"Magna w/ OCE TalentEdge w/ Investig",20]
[231179,"SANDIA NATIONAL LAB- Coupling Melco",20]
[231180,"RMUS Canada- Investigating the use",20]
[231181,"Eagle Sport w/NSERC Alliance- Runwa",20]
[231182,"Stitch Media w/NSERC Alliance- VR G",20]
[231183,"WorkSport Funds",20]
[231184,"COG-Yeast-based impedance biodosime",20]
[231185,"OCE TalentEdge w/Magna-Numerical m",20]
[231186,"OPG- Developing An Additive Manufac",20]
[231187,"OCI VIP w/ Inner Analytics-Evaluat",20]
[231188,"OCI VIP w/ MCR-Advancement of a Nov",20]
[231189,"AescuRobot Inc. w/OCI & NSERC Allia",20]
[231190,"MDA- CANDU Owners Group (COG) Work",20]
[231191,"CBC- A comparative study of commonl",20]
[231192,"Pulse Industrial - Fault Detection",20]
[231193,"Facebook- Meta Funds Donation",20]
[231194,"Hyundai Motor- Development of Simul",20]
[231195,"ICASSSD- Detecting Demographic Bias",20]
[231196,"Burloak Technologies Inc. Surface",20]
[231197,"Staples- High Drain and Low Drain",20]
[231198,"IBM CAS RFA-Fellowship-Cloud Native",20]
[231199,"NCFDC- Devising and Testing Public",20]
[231200,"COG- Damping of Pressure Pulsations",20]
[231201,"GlassHouse- Smart Delta",20]
[231202,"Team Eagle- Smart Delta",20]
[231203,"MDA- CANDU(COG)-On line Monitoring",20]
[231204,"CGI Information- CSA C2M2",20]
[231205,"COG- Feasibility of in-vivo measur",20]
[231206,"Carbonix- Advanced Carbon Material",20]
[231207,"Imperial Oil- Data Mining Applic",20]
[231208,"e-CAMION- SmartDelta",20]
[231209,"SRC- Thermal Analysis of Yellowcake",20]
[231210,"CIBC- Research Services: Zero Trust",20]
[231211,"H2Generation- Development, Modellin",20]
[232000,"J. P. Bickell Foundation",20]
[232001,"R. Howard Webster Foundation",20]
[232002,"Research Corporation",20]
[232003,"CANFAR",20]
[232004,"Anthony Marchionne Foundation",20]
[232005,"J.P. Bickell Foundation",20]
[232006,"Xerox Foundation",20]
[232007,"ASRF- Closed",20]
[232008,"Grandview Children's Centre-Inactiv",20]
[232009,"Grandview Children's Centre",20]
[232010,"Web Networks Research Funds",20]
[232011,"CANFAR - Cycle 24",20]
[232012,"Honda Canada Foundation",20]
[232013,"FAPESP-Bio-delignification of sugar",20]
[232014,"CCLET-Closed",20]
[232015,"New Faculty Assistance Grant",20]
[232016,"UOIT-Envoro-Mentors Program",20]
[232017,"New Faculty Assisstance Grant",20]
[232018,"MRN-Error detection and error aware",20]
[232019,"TD FEF-The citizen science",20]
[232020,"STTI-Exploring Simulation Utilizati",20]
[232021,"CFDR-Food Security & the Transition",20]
[232022,"Grandview Children's Centre -Conven",20]
[232023,"RPNAO-Strategies and initiative",20]
[232024,"CIHR PDG w/CSEP&CCAA - Fostering",20]
[232025,"TD FEF- Enviro-Mentors Program",20]
[232026,"Atkinson Foundation - Job Related",20]
[232027,"Metcalf Foundation-Electrical Vehcl",20]
[232028,"CSEP-CEP Instructor-Examiner",20]
[232029,"TSAS-More than Paper Terrorists",20]
[232030,"CSEP - CPT/CEP Instructor",20]
[232031,"TD FEF- UOIT Mentors Program",20]
[232032,"BWF- Travel-Development and bifurc",20]
[232033,"AFC-the diagnosis of low back pain",20]
[232034,"TD FEF- UOIT Mentors Program",20]
[232035,"AFC - Evidence-based guidelines",20]
[232036,"TSAS - Moving to the Hateful",20]
[232037,"CFDR exploring relationships bet we",20]
[232038,"CCRF- CCRF Chair in Knowledge",20]
[232039,"CCGI-Development of PBRN of chiropr",20]
[232040,"Fulbright-UOIT Community Garden",20]
[232041,"TD FEF- UOIT Mentors Progra 2018-19",20]
[232042,"CCRF- Chiropractic Guidelines Init",20]
[232043,"NCMIC - Impact of chiropractic",20]
[232044,"Available- Replaced F# 211210",20]
[232045,"Kawartha Conservation- Northshore W",20]
[232046,"Ontario Soccer -Investigating Facto",20]
[232047,"Fulbright Canada-Pollinator Project",20]
[232048,"TD FEF- UOITMentors Program 2019-20",20]
[232049,"CCRF- Understanding health care",20]
[232050,"ICTC- WIL Digital Term Placement",20]
[232051,"TD FEF Enviro-Mentors Prog 2020-21",20]
[232052,"AGE-WELL NCE w/Mitacs Acc.-Impoweri",20]
[232053,"CCA - Diversity, Equity, and Inclu",20]
[232054,"Fullbright- Community Outreach",20]
[232055,"ICTC WIL Digital Program",20]
[232056,"CABHI- Advancing Reminiscence Thera",20]
[232057,"MKN- Computational Modelling",20]
[232058,"CSRT- Impact of Online EDucational",20]
[232059,"CCRF- The role of sensitization",20]
[232060,"Lovell Family Fund- User-centric",20]
[232061,"TD FEF Enviro-Mentors Prog 2021-22",20]
[232062,"CCRF- The development of a global",20]
[232063,"WCPD- Private Space Health-CANEX AX",20]
[232064,"OSSTF/FEESO- Understanding the Exp",20]
[232065,"APMA- VPRII Project Arrow",20]
[232066,"CSRT- IDENTIFYING RESEARCH",20]
[232067,"CCRF- Using ICF linking rules",20]
[232068,"FedDEV/DLF- Black Entrepreneurship",20]
[232069,"Fields w MKN- Computational Modelli",20]
[232070,"CCRF- Exploring pain-related disabi",20]
[232071,"WeRPN- Examining the critical need",20]
[232072,"WeRPN- Fellowship- Staffing Stabil",20]
[232073,"FAFM- Development of Virtual educa",20]
[232074,"CCBC- Evidence Reviews",20]
[232075,"CABHI- Integrating Virtual Reality",20]
[232076,"AGE-WELL ECR- Co‐Creating Smart",20]
[232077,"SRPC- Building simulators",20]
[232078,"Weston Foundation- Energy Efficient",20]
[232079,"UHT at SMH- Digital Interventions",20]
[233000,"N.Shuttleworth Family",20]
[234000,"Candu Owners Group Inc.-Closed",20]
[234001,"McMaster U / SLRU",20]
[234002,"McMaster U",20]
[234003,"McMaster U",20]
[234004,"CCL - CLOSED",20]
[234005,"U of Toronto - CLOSED",20]
[234006,"CPSI",20]
[234007,"UNESCO w/ IIEP - CLOSED",20]
[234008,"APA/L&HB Editor-Closed",20]
[234009,"SHARCENT/Fellowship - CLOSED",20]
[234010,"SHARCENT/Fellowship - CLOSED",20]
[234011,"OnSETT-Closed",20]
[234012,"Durham Mental Health Services",20]
[234013,"Durham Mental Health Services",20]
[234014,"Sharcnet Chair",20]
[234015,"Durham HS & JCC",20]
[234016,"APA - Student Award - CLOSED",20]
[234017,"CNFS/U of Ottawa",20]
[234018,"ONSETT Subgrant 2010 - CLOSED",20]
[234019,"AP-LS Grants-In-Aid (US)",20]
[234020,"AP-LS Grants-In-Aid (US)-Closed",20]
[234021,"Associated Medical Services- Closed",20]
[234022,"Modeling & Simul. Electric Aircraft",20]
[234023,"CGAO - Hogue",20]
[234024,"Youth Science Canada-Closed",20]
[234025,"Hospital for SickKids",20]
[234026,"Special Olympics Canada",20]
[234027,"Ontario Shores MOHLTC",20]
[234028,"CCDS",20]
[234029,"Alpha-Plus w/U of Windsor-closed",20]
[234030,"OHTN Subgrant w/ACDR",20]
[234031,"APA/President-Closed",20]
[234032,"UofCalgary-Closed",20]
[234033,"OMHLTC w/University of Ottawa-Closd",20]
[234034,"Lakehead/CUCC-Practical Nursing",20]
[234035,"U of Waterloo - SOWC",20]
[234036,"UOIT-DC Barriers to pathway",20]
[234037,"AYJ Global research Funds",20]
[234038,"HRRI Beyond the best and Brightest",20]
[234039,"AMS Phoenix Project",20]
[234040,"CCMC-Patient Journey Modeling",20]
[234041,"SOSCIP_with_UofT_Renewable Energy",20]
[234042,"Special Olympics",20]
[234043,"CASFAA_The Role of the financial",20]
[234044,"Yodigo- Web Tool",20]
[234045,"CMCC TFA -PDF Dr. Maja Stupar",20]
[234046,"ASRF - The effect of Chiropractic C",20]
[234047,"CLA-Home long-term Mechanical Venti",20]
[234048,"SOC-Implementing a multi sports",20]
[234049,"SOC- Is measuring best",20]
[234050,"HNexus-Comunity Breastfdng-creation",20]
[234051,"NSERC CRD- UNENE-Improved Candu and",20]
[234052,"Special Olympics- Maximizing use",20]
[234053,"ALS-Home long term mechanical vent",20]
[234054,"U of Ottawa- General Research",20]
[234055,"Ingle Int. w/NSERC -Computation",20]
[234056,"SOSCIP w/IBM- Artemis Expansion",20]
[234057,"WSC- The Global Spine Care",20]
[234058,"Health Nexus - Design & Evaluation",20]
[234059,"Pew-Use,Effectiveness and Percep",20]
[234060,"Special Olympics-Impact of Special",20]
[234061,"Special Olympics -Linking Special",20]
[234062,"SickKids Hospital -Combined texture",20]
[234063,"Hospital for SickKids - Peter Lauss",20]
[234064,"SOSCIP HQP -Machine Learning",20]
[234065,"OCA Funding",20]
[234066,"GMC w/ U of T- Health and Wellness",20]
[234067,"CARIC- NSERC CRD w CARIC/CRIAQ",20]
[234068,"HSFC- Evaluation of web-based",20]
[234069,"SPF- an ICF- based tool",20]
[234070,"CMCC- Transfer Funds",20]
[234071,"CMCC- TFA- Shoulder and Ankle",20]
[234072,"Scugog Lake -Aquatic Macro",20]
[234073,"WCH Women's Xchange - Examining",20]
[234074,"SOC - Management of Exercise",20]
[234075,"CMCC- TFA- Data mapping for OSCAR",20]
[234076,"St Dunstan Church-Cardiovascular",20]
[234077,"NSERC CRD w/COG & UNENE",20]
[234078,"OLA- Twenty years of research",20]
[234079,"CIL w/ Trent U- NEET Youth",20]
[234080,"CMHAD - MH pilot project",20]
[234081,"Alzheimer Society of Durham-Dementi",20]
[234082,"Genome Canada-DIG w/U Ottawa",20]
[234083,"CASFAA -An examination of post-sec",20]
[234084,"SOC - Development and evaluation",20]
[234085,"CLOCA - Assessment of Phytoplankton",20]
[234086,"Scugog Lake -Acquisition of Commun",20]
[234087,"CMCC- TFA- Implementation",20]
[234088,"eCampusOntario-Simulated Experi",20]
[234089,"DWA- Community Ethnography Research",20]
[234090,"WCH Women's Xchange-Mothers affect",20]
[234091,"WCH Women's Xchange-The Effectivene",20]
[234092,"ASRF -The impact of chiropractic",20]
[234093,"WindReach-Evaluate the Horticultu",20]
[234094,"CSIO- Consulting Agreement",20]
[234095,"CMCC TFA -PDF Dr. Samuel Howarth",20]
[234096,"DC/UOIT IIF-The Impact of Interview",20]
[234097,"UNENE - Development of Radionuclide",20]
[234098,"DC/UOIT Innovatice: College-Univers",20]
[234099,"Ontario Shores- Staff safety",20]
[234100,"CRE-MSD - Neuromechanical response",20]
[234101,"HSFC-Studies on the implementation",20]
[234102,"ACU Gender Program- Round table",20]
[234103,"DC/UOIT IIF-Examining the physiol",20]
[234104,"SOSCIP w/ OCE-Mirexus- Large Scale",20]
[234105,"CSIO- Refining short term heat",20]
[234106,"CGLR- Sustainability Assessment",20]
[234107,"CSA - Battery Management Systems",20]
[234108,"CSIO",20]
[234109,"CUTRIC- Energy Storage Integrat",20]
[234110,"Genome Canada-ePlants w/U of T",20]
[234111,"Vector Inst. Pathfinder - Artemis P",20]
[234112,"MUN-Hydrogen production",20]
[234113,"Ontario Shores Centre-Demand & Wait",20]
[234114,"CMCC-TFA-Comox-Implementation",20]
[234115,"ECO CANADA_ (Azzam Abu-Rayash)",20]
[234116,"ECO CANADA- (Ghassan Chehade)",20]
[234117,"ECO CANADA- (Ali Karaca)",20]
[234118,"ECO CANADA- (Osamah Siddiqui)",20]
[234119,"ECO CANADA- (Maan Al-Zareer)",20]
[234120,"ECO CANADA- (Ahmed Hasan)",20]
[234121,"NAV Canada-Simulation Developmet",20]
[234122,"Ontario Shores Centre-Pathways to C",20]
[234123,"Ontario Shores Centre-Chair of AI",20]
[234124,"CMCC- Educational and research prog",20]
[234125,"Compute Ontario- Project management",20]
[234126,"Egale Canada- A Qualitative Look",20]
[234127,"Ontario Shores Centre-Advancing Rem",20]
[234128,"WHO COVID 19 Daily Digest",20]
[234129,"SOC Food Security",20]
[234130,"CMCC - TFA-Exploring Canadian Armed",20]
[234131,"OnTech-Ontario Shores Centre-Lever",20]
[234132,"Ontario Shores- Anti-nuclear antibo",20]
[234133,"NII-Net Zero Emissions by 2050",20]
[234134,"AKCSE- Study on AI-based sensor",20]
[234135,"CSIO- Lead R&I Agreement for Servic",20]
[234136,"Enactus - Raise Your Voice",20]
[234137,"Enactus - Skill Series",20]
[234138,"INSTITUT DU SAVOIR MONTFORT-AR Augm",20]
[234139,"NCE-CFN-Agreement 2020 Fellowship",20]
[234140,"UNENE-Development of Advanced",20]
[234141,"Simcoe Muskoka DHU-Service fee",20]
[234142,"CRE-MS- DRefining acceptable manual",20]
[234143,"CKO- Educational Program",20]
[234144,"ECO CANADA-(Seham Shaid)",20]
[234145,"Mining Matters- Coding, Robotics",20]
[234146,"UOT- Forceps simulator",20]
[234147,"Ontario Shores Centre-Chair of Ment",20]
[234148,"Kawartha Conservation- Nearshore Wa",20]
[234149,"CLOCA- Oshawa Consortium Water",20]
[234150,"Enactus - She Leads",20]
[234151,"Enactus - Refind",20]
[234152,"eCampus Ontario w/ York U- VLS",20]
[234153,"SOC- Coping Strategies of Special",20]
[234154,"WHO- Low Back Pain Systematic Revie",20]
[234155,"NII- Neutron Metrology at CANDU Nuc",20]
[234156,"Computational and experimental eval",20]
[234157,"Digital Alliance (ISED) & Compute O",20]
[234158,"AKCSE- Funds for “Development",20]
[234159,"eCampusOntario w/ York U- Palliati",20]
[234160,"WHO- Supplementary Evidence Synthes",20]
[234161,"CLA AHRG- Testing the Effects of",20]
[234162,"CPC- Shaping the Future of Paraspor",20]
[234163,"CMCC- PIE Conference",20]
[234164,"SOC- Planning and Dissemination",20]
[234165,"CCMC- PIE Conference",20]
[241000,"CLU",20]
[241100,"HETRU",20]
[241101,"OnTechU RE - CFSMR",20]
[241200,"CCR Centre",20]
[241300,"CESR",20]
[241301,"FSSH- Psychophysiology laboratory",20]
[241400,"UOIT Disability Centre -Travel",20]
[241401,"UOIT Disability Centre - FHS",20]
[242100,"FBIT- Institute for Cyber Security",20]
[249100,"Brilliant Energy Institute",20]
[249101,"Brilliant Solutions- Entrepreneursh",20]
[249103,"Hydrocool- Research Center",20]
[410000,"Debenture",15]
[410001,"RBC External Financing (SHA)",22]
[610000,"General Undergrad Endowed Fund",30]
[610001,"Baagwating Community Assoc. Award",30]
[610002,"Canadian Federation of University W",30]
[610003,"Central Ontario CA Award",30]
[610004,"CIBC Entrace Bursary",30]
[610005,"Farr Chambers Award",30]
[610006,"Roger Anderson Memorial Award",30]
[610007,"Alexander J. and Stephanie Dulemba ",30]
[610008,"Howard Maitland Sly Award",30]
[610009,"Andrew Desmond Memorial Bursary",30]
[610010,"Downtown Oshawa BIA Award",30]
[610011,"Durham Filipino-Cdn Society Award",30]
[610012,"Durham Heavy Contractors Assoc Awar",30]
[610013,"DRP Services Board Bursary",30]
[610014,"Donald Family Entrance Award",30]
[610015,"Harold 'Pat' Dooley Bursary Award",30]
[610016,"Flaherty, Dow, Elliott and McCarthy",30]
[610017,"Dr. Michael G. Finlayson Award ",30]
[610018,"M.J. Gerrow Award",30]
[610019,"Michael Gourley Bursary",30]
[610020,"Grant Morris Assoc Limited Award ",30]
[610021,"Bert Dejeet Memorial Award",30]
[610022,"Canada Life Assurance Company Award",30]
[610023,"Hubbell Canada Award",30]
[610024,"HSBC Bank Canada Awards",30]
[610025,"Don and June James Award",30]
[610026,"Herman Kassinger Award",30]
[610027,"Lenovo (Canada) Inc. Access Awards",30]
[610028,"McErlean Family Award",30]
[610029,"Bruce MacMillan Memorial Award",30]
[610030,"Greater Oshawa Chamber of Commerce",30]
[610031,"OCI - Jack Howett Award",30]
[610032,"Ontario Power Generation Award",30]
[610033,"Roger Pardy Memorial Award",30]
[610034,"Victoria Legacy Bursary",30]
[610035,"Lois and Gary Polonsky Bursary Fund",30]
[610036,"Rotary Club of Osh Entrance Award",30]
[610037,"Schneider Electric Award",30]
[610038,"Strickert Family Bursary ",30]
[610039,"Harold Schickler Bursary",30]
[610040,"Scotiabank Group Award",30]
[610041,"Lois Sleightholm Awards",30]
[610042,"UA Local 401 Award",30]
[610043,"Paul Vessey Award",30]
[610044,"Colleen Walker Bursary (Fred Hogan)",30]
[610045,"Marjorie Elizabeth Willoughby Award",30]
[610046,"Neighbourhoods of Windfields Farm",30]
[610047,"Samac Foundation Entrance Award ",30]
[610048,"Wilson Furniture Award",30]
[610049,"Xerox Canada Award",30]
[610050,"Ontario Tech Student Union Award",30]
[610051,"Jan Draak Memorial Award",30]
[610052,"Kent and Douglas Farndale Award",30]
[610053,"Deb Clarke Award",30]
[610054,"Michael J. Martin Bursary",30]
[610055,"Gary Milovick Memorial Award",30]
[610056,"Purdue Pharma Award",30]
[610057,"Robert Darou Norris Prichard Award",30]
[610058,"Special Olympics 2008 Spring Games ",30]
[610059,"Carpenters Union Local 397 Award",30]
[610060,"Carolyn Byrne Award",30]
[610061,"Hatfield Family Award",30]
[610062,"Phoenix Quality Award",30]
[610063,"GM Suppliers Council Award",30]
[610064,"Ajax Lions Club-Audet Mem Award",30]
[610065,"Dudley & Joyce Bent Family Fund",30]
[610066,"Metis Nation of Ontario Award",30]
[610067,"Morris-Caribbean Friends Event",30]
[610068,"Marjory Frances Parkes Endowment",30]
[610069,"Robert Coke Memorial Bursary - End",30]
[610070,"TechReset Award",30]
[610071,"Baker Tilly KDN LLP Award",30]
[610072,"Hubert H. Harshman Award",30]
[610073,"The Honourable Jim Flaherty Bursary",30]
[610074,"Joyce Fdn Success Award Endowment",30]
[610075,"Robert and Patricia Gray Bursary",30]
[610076,"Honourable George Vari Endowed Burs",30]
[610077,"James A. Rice Engineerig Bursary",30]
[610078,"Dermarkar Family Endowment",30]
[610079,"Durham CPA Ontario Assn (CA Legacy)",30]
[610080,"B'nai Brith Award in Human Rights",30]
[610081,"Burtney McDonald Award",30]
[610082,"Bob Hann Memorial Bursary",30]
[610083,"Dermarkar Indigenous Leaders Award",30]
[610084,"Hungarian Club Study in Hungary Awd",30]
[610085,"Hungarian Club Study in Canada Awd",30]
[610086,"Jennings Family Nursing Bursary",30]
[610087,"Jennings Family Mech Eng Bursary",30]
[610088,"Ryan Blance Endowed Bursary",30]
[610089,"Comm & Dig Media Studies Award",30]
[610090,"Blair Roedding Award",30]
[620000,"General Graduate Endowed Fund",30]
[620001,"CIBC Graduate Bursary",30]
[620002,"Jeffrey S. Boyce Engineering Award ",30]
[620003,"Goldman/Durham Homes Award",30]
[620004,"TD Financial Group Grad Scholarship",30]
[630000,"Purdue Pharma Visiting Lecture",30]
[630001,"Endowed Scholarship in Physical Sci",30]
[630002,"Bob and Sallie Baun Varsity Scholar",30]
[630004,"Ron Bordessa Endowment Scholarship",30]
[630005,"Dr Naheed Dosani Entrance Scholarsh",30]
[630006,"ICCD Endowed Scholarship",30]
[630007,"Sabat Family Endowment",30]
[630008,"Commemorative Tree & Bench,Endowent",30]
[630009,"West-Moynes Endowed Scholarship",30]
[630010,"Guglielmo Marconi End Scholarship",30]
[630011,"M. Georges Dermarkar Scholarship",30]
[630012,"Endowed Library Fund",30]
[630013,"Future Leaders Scholarship",30]
[630014,"Fred and Linda Hart Scholarship",30]
[630015,"Jennings Family Nursing Scholarship",30]
[630016,"Jennings Family Mech Eng Schol",30]
[630017,"Ron Weiss Scholarship",30]
[630018,"Colleen Walker STEM Scholarship",30]
[630019,"OGS, Supported by Dermakar Family",30]
[630020,"Rene Massie Scholarship",30]
[630021,"Baldwin -Vickery Scholarship",30]
[630022,"Greenbriar Fdn Automotive Eng Schol",30]
[630023,"OGS, Herman Kassinger Fdn",30]
[630024,"Mothersill Family Graduate Scholars",30]
[630025,"D.Hart Memorial Scholarship",30]
[630026,"Bereznai Nuclear Engineering Award",30]
[640000,"Ont. Grad Fellowship Endowed Fund",30]
[640001,"Fed Dean's Graduate Scholarship",30]
[640002,"Founding Dean of Science Grad Award",30]
[650000,"Lovell Graduate Scholarship Fund",30]
[810000,"SolarCar",21]
[810001,"Formula SAE",21]
[810002,"SAE Baja Team",21]
[810003,"EMBS Student Club",21]
[810100,"Physicians Task Force - CLOSED"]
[910000,"ACE",20]
[910001,"ACE - MGP Research (Prov.)",20]
[910002,"ACE - MGP Research (FEDEV)",20]
[910003,"ACE - MGP Donations",20]
[910020,"ERC - Project",22]
[910021,"ERC - BTESS",22]
[910022,"ERC- U5 Portables",22]
[910030,"Academic Building 11",22]
[910031,"New Academic Building A5",22]
[910032,"Basketball Change Room",22]
[910040,"Campus Renewal Program",22]
[910041,"Graduate Capital Grant",22]
[910042,"UCRF - Hydrogen Project",20]
[910060,"Accounting Entries"]
[910061,"Eliminating Entries - CIC"]
[910062,"Eliminating Entries - CFH"]
[910063,"Eliminating Entries – 2200 North",18]
[910064,"Eliminating Entries - Regent Corp"]
[910070,"Campus Ice Centre",22]
[910071,"CIC Icepad Repair",13]
[910072,"CFH Renovations & Repairs",13]
[910073,"CIC Roof Repair",13]
[910080,"61 Charles Street (Alger Press)",22]
[910081,"Regent Theatre Renovations",22]
[910082,"Victoria St. Pedway",22]
[910090,"Library - Basement Renovation",22]
[910100,"FRP1 - Replace Transfer Switches",22]
[910101,"FRP2 - UA Sci Bld Envelop Repairs",22]
[910102,"FRP3 - UA Sci Bld Tox Lab Mech Work",22]
[910103,"FRP4 - Regent Theatre",22]
[910200,"FRP 10/11 General",22]
["1900 A","Advancement General",30]
["1950 A","IR Capital FIP General",22]
["1951 A","IR Capital Provost General",22]
["8100 A","Student Project General",21]
["9100 A","ERC General",22]
["9101 A","FRP 09/10 General",22]
["A20000","Research - General",20]
["A20001","Research-Deferred Capital Contribut",20]
["A20002","Research Award Clearing",20]
["BA0000","Bank Fund"]

{"sheet":"ORGFY23","index":5,"n_rows":205,"n_cols":6,"rows_kept":205,"cut":false,"hidden":true,"merged":[]}
["Orgn","DESCRIPTION","Default Prog.",null,"As at: ","2023-08-02"]
[1020,"RSPC",15]
[1021,"Eliminating Entry - OTU",15]
[1022,"Eliminating Entry - Regent",15]
[1100,"Board of Governors",15]
[1101,"Presidents Office",15]
[1102,"Secretariate",15]
[1200,"Finance & Admin - VP",15]
[1201,"Re-Engineering",15]
[1202,"Central Administration",15]
[1203,"Employee Benefit Cost Recov FTE45D",15]
[1204,"Employee Benefit Recovery PTZDU",15]
[1205,"Employee Costs Non-Recovery",15]
[1206,"Cultureworksn - CLosed to BS",15]
[1207,"Risk Management",15]
[1208,"Campus Safety Project",22]
[1209,"Cost Recovery - Anomalies",15]
[1210,"CAF20504 - Feasibility Study",15]
[1211,"Campus Safety",22]
[1215,"Ontario Tech Talent",15]
[1220,"Finance & Admin-Execu Dir- Closed",15]
[1221,"Financial Operations",15]
[1222,"Business Operations",15]
[1223,"Financial Planning & Reporting",15]
[1224,"Payroll",15]
[1225,"Finance Systems",15]
[1240,"OCIS",22]
[1241,"Facilities Management Admin Service",22]
[1242,"Facilities Management Cleaning",22]
[1243,"Facilities Management Utilities",22]
[1244,"Facilities Management Grounds",22]
[1245,"Facilities Management Buildings",22]
[1246,"Facilities Management Logistics",22]
[1260,"The Stone House",22]
[1261,"11 Simcoe (FEd)",22]
[1262,"Campus Corners",22]
[1263,"Dulemba Property",22]
[1264,"ACE - GM Uxbridge",22]
[1265,"55 Bond Street - FSSH",22]
[1266,"U5 Portables",22]
[1267,"61 Charles Street (Alger Press)",22]
[1268,"Regent Theatre",22]
[1269,"CIBC 6th Floor - 2 Simcoe Street",22]
[1270,"Victoria St. Pedway",22]
[1271,"McLaughlin Square Building",22]
[1272,"Windfields Farm",22]
[1273,"151 Athol Street",22]
[1274,"202 Simcoe Street (St. Gregory's)",22]
[1275,"SIRC Building",22]
[1276,"New Academic Building A5",22]
[1277,"154 Bruce Street",22]
[1280,"Bookstore",18]
[1281,"Parking",18]
[1282,"Food Services",18]
[1283,"Ancillary Services Administration",18]
[1300,"External Relations",16]
[1310,"Communications & Marketing",16]
[1320,"Advancement",16]
[1321,"Alumni",16]
[1322,"Annual Giving",16]
[1323,"Capital Campaign - Buildings",16]
[1400,"Administrative Computing",14]
[1401,"IT Services - Admin Office",14]
[1402,"ITS Media Services",14]
[1403,"Telecommunications",14]
[1404,"Planning & Project Management",14]
[2100,"Faculty of ESNS",10]
[2101,"AOOM Training Program",10]
[2102,"OPG Partnership",10]
[2103,"CANDU Station System Design & Op",10]
[2200,"Faculty of Business and IT",10]
[2300,"Fac. of Social Science & Humanities",10]
[2400,"Faculty of Education",10]
[2401,"FEd - Field Experience",10]
[2402,"STEAM 3D Maker Lab",10]
[2500,"Faculty of Health Sciences",10]
[2501,"FHS - Collaborative Nursing",10]
[2502,"FHS - Med Lab",10]
[2503,"FHS - Pass through",10]
[2504,"FHS - Georgian RPN",10]
[2600,"Faculty of EAS",10]
[2601,"OPG Partnership",10]
[2602,"FEAS - Go Eng Girl",10]
[2603,"FEAS - Boyce Donation",10]
[2604,"FEAS - Robotics Competition",10]
[2605,"FEAS Other Donations",10]
[2607,"Engineering Outreach",10]
[2608,"GE Canada Lecture and Scholarship",10]
[2609,"Hydrogen Production Conference",10]
[2700,"Faculty of Science",10]
[2701,"FS - Durham Region Science Fair",10]
[2702,"FS - Tablet Project",10]
[2703,"FS - Let's Talk Science",10]
[2800,"Office of Graduate Studies",10]
[2801,"OGS - Scholarship Disbursement",10]
[2850,"Academic",19]
[2860,"Management Development Centre",19]
[2861,"Nuclear Prof Development Centre",19]
[2862,"Continuous Professional Learning",19]
[2863,"Education Camps",19]
[2864,"Continuous Learning",19]
[3100,"Office of the Provost",11]
[3102,"Planning and Analysis",11]
[3103,"Central IFR",10]
[3104,"New Hires/Leaves",11]
[3105,"Government Initiative Program",11]
[3106,"ONCAT",11]
[3120,"Start-up no end date",10]
[3121,"Start-up end date June 2014",10]
[3122,"Start-up end date June 2015",10]
[3123,"Start-up end date other",10]
[3124,"Start-up end date June 2016",10]
[3125,"Start-up end date June 2017",10]
[3126,"Start-up end date June 2018",10]
[3127,"Start-up end date June 2019",10]
[3128,"Start-up end date June 2020",10]
[3129,"Start-up end date June 2021",10]
[3130,"Start-up end date June 2022",10]
[3131,"Start-up end date June 2023",10]
[3132,"Start-up end date June 2024",10]
[3133,"Start-up end date June 2025",10]
[3134,"Start-up end date June 2026",10]
[3135,"Start-up end date June 2027",10]
[3136,"Start-up end date June 2028",10]
[3137,"Start-up end date June 2029",10]
[3160,"PD-Non-Faculty Association",10]
[3161,"PD 10 - July 1-2009 - June 30-2012",10]
[3162,"PD 11 - July 1-2010 - June 30-2013",10]
[3163,"PD 12 - July 1-2011 - June 30-2014",10]
[3164,"PD 13 - July 1-2012 - June 30-2015",10]
[3165,"PD 14 - July 1-2013 - June 30-2016",10]
[3166,"PD 15 - July 1-2014 - June 30-2017",10]
[3167,"PD 16 - July 1-2015 - June 30-2018",10]
[3168,"PD 17 - July 1-2016 - June 30-2019",10]
[3169,"Professional Development (PD)",10]
[3170,"Research Overhead Payback",10]
[3171,"Internal Graduate Student Support",10]
[3190,"Home Office Pilot - Fiscal 11",10]
[3200,"Research, Innovation & Int'l",11]
[3201,"International Office (VPRII)",11]
[3202,"Creativity & Entrepreneurship",11]
[3300,"Teaching & Learning",11]
[3301,"Student Learning Centre",13]
[3302,"Academic Affairs",11]
[3303,"Learning Innovation",11]
[3304,"CIQE",11]
[3305,"ESL",11]
[3310,"Research - TIF",10]
[3311,"SSIF - end date Aug 2019",10]
[3312,"SSIF - end date Aug 2020",10]
[3400,"Registrar",11]
[3401,"Records and Registration",11]
[3402,"Admissions",11]
[3403,"International Office",11]
[3404,"Enrolment Services",11]
[3405,"Scheduling",11]
[3420,"Financial Aid & Awards",13]
[3422,"Tuition Set Aside",13]
[3423,"Government Bursary Programs",13]
[3424,"Donor Award Disbursements",13]
[3425,"Int'l Tuition Set Aside",13]
[3500,"Student Affairs",13]
[3501,"Student Experience",13]
[3502,"Career & Employment Services",13]
[3503,"Student Rights & Responsibilities",13]
[3504,"Student Accessibility Services",13]
[3505,"Student Clubs",13]
[3506,"OPAIP (First Gen)",13]
[3507,"Indigenous Education",13]
[3508,"Interpreter Fund",13]
[3509,"Enhanced Services Fund",13]
[3510,"Student Life (Ancillary)",13]
[3511,"Career Centre",13]
[3512,"Student Life (Operating)",13,"NEW"]
[3513,"International Education",13,"NEW"]
[3514,"OSL Data Analytics & Assessment",13]
[3515,"OSL Communications",13]
[3516,"Work Integrated Learning",13]
[3517,"Test Centre and Integrated Service",13]
[3520,"Student Mental Health",13]
[3540,"Fitness/Sports Centre",13]
[3541,"Varsity",13]
[3542,"Hockey",13]
[3543,"Basketball",13]
[3544,"Athletic Centre Expansion",13]
[3545,"Soccer",13]
[3546,"Varsity Lacrosse",13]
[3547,"Rowing",13]
[3548,"Varsity Curling/Golf",13]
[3549,"Badminton/Dance",13]
[3600,"Library Services",12]
[3700,"Human Resources",15]
[3701,"Central HR",15]
[3800,"Student IT Plan",14]
[3801,"Mobile Learning Program",14]
[3802,"Academic Computer Services",14]
[3803,"LMS Upgrade & Enterprise",14]
[3804,"ITP Contributions - Faculty",14]
[4100,"ACE",22]
[4120,"Campus Childcare Centre",18]
[4140,"Regent",18]
[4160,"Campus Ice Centre",18]
[4161,"Campus Field House",18]
[4165,"2200 North Restaurant",18]
["AAA","P&L ORGs to BS - CLOSED",15]

{"sheet":"AcctFY23","index":6,"n_rows":864,"n_cols":5,"rows_kept":864,"cut":false,"hidden":true,"merged":[[0,0,1,0],[0,1,1,1]]}
["Account Lvl4","Description",null,"As at:","2023-08-02"]
[]
[11000,"BMO-Current Cash Account"]
[11001,"BMO-Cash Reserved for Debt Repmt"]
[11002,"BMO-Advancement"]
[11003,"BMO-Research Funds"]
[11004,"BMO-US Cash for UOIT"]
[11005,"BMO-ACE"]
[11006,"U.S. Operating Account - UOIT"]
[11007,"Royal-Current Account"]
[11008,"Petty Cash"]
[11009,"IBM Credit Facility"]
[11010,"U.S. Exchange"]
[11050,"U.S. Exchange Clearing"]
[11400,"BMO - Regent Theatre"]
[11500,"BMO - CCC Cash"]
[11600,"BMO - OTT Cash"]
[11700,"TD - CIC/CTC (Data Load Only)"]
[11800,"Deposit Clearing - Cash & Cheques"]
[11801,"Deposit Clearing - Credit/Debit"]
[11802,"Deposit Clearing - Wires"]
[11803,"Deposit Clearing - EDI"]
[11804,"Deposit Clearing - OSAP"]
[11805,"Deposit Clearing - Research Cheques"]
[11806,"Deposit Clearing - US Cash & Cheque"]
[11807,"Deposit Clearing - Advancement"]
[11808,"Deposit Clearing - ACE"]
[11809,"Deposit Clearing - OTT"]
[11900,"Claim on Cash (Inter-chart)"]
[11901,"Claim on Cash (Inter-fund)"]
[12000,"Grants Receivable - Operating"]
[12001,"Grants Receivable - Research"]
[12002,"Grants Receivable - Capital CLOSED"]
[12003,"Grants Receivable-Research Capital"]
[13000,"Student Account Receivable"]
[13001,"Trade Account Receivable"]
[13002,"Research Account Receivable"]
[13003,"ACE Accounts Receivable"]
[13004,"Theatre Accounts Receivable"]
[13005,"FPR Accounts Receivable"]
[13006,"Daycare Accounts Receivable"]
[13007,"OTT Accounts Receivable"]
[13100,"Collection Agency Receivable-CLOSED"]
[13200,"GST Rebate Receivable"]
[13201,"GST Rebate - 67%"]
[13202,"GST Input Tax Credit - 100%"]
[13203,"GST Rebate - 100% "]
[13204,"HST Rebate Receivable"]
[13205,"GST Clearing Account"]
[13206,"PST Exemption"]
[13207,"FHST Rebate 67%"]
[13208,"FHST - Input Tax Credit - 100%"]
[13209,"PHST Rebate 78%"]
[13210,"PHST Input Tax Credit - 100%"]
[13300,"AR - Bookstore - Notes & Returns"]
[13301,"NSF Cheque Clearance"]
[13302,"Direct Deposit Clearance - CLOSED"]
[13303,"MTCU Deposit Clearance"]
[13304,"OSAP Deposit Clearance - CLOSED"]
[13305,"Trade Clearance"]
[13306,"Miscellaneous Clearance"]
[13307,"College Receivable"]
[13308,"Research Trade Clearance"]
[13309,"AR - Union Office Clearance"]
[13310,"Due to/from Campus Child Care"]
[13311,"Due from CultureWorks Inc"]
[13312,"Due to/from Ontario Tech U"]
[13400,"Graduate Student Payroll Deduction"]
[13401,"Receivable - Employee Loan"]
[13402,"Receivable - Employee Purchase"]
[13403,"Receivable - Employee Over Pmt"]
[13500,"Misc. A/R Accruals"]
[13600,"Reserve for Bad Debts - General"]
[13601,"Reserve for Bad Debts - Student"]
[13602,"Reserve for Bad Debts - Trade"]
[13603,"Reserve for Bad Debts - Research"]
[13604,"Reserve for Bad Debts - TELE"]
[14000,"Bookstore Inventories"]
[14001,"Stores Inventories"]
[14002,"Science Stores Inventories -CLOSED"]
[15000,"Prepaid Expenses"]
[15001,"Prepaid - Gift Cards"]
[15100,"Event Deposits"]
[16000,"Investments - Edward Jones- Inactiv"]
[16001,"Investments - CIBC Wood Gundy- Inac"]
[16002,"Investments - Short Term"]
[16003,"Investments - Advancement"]
[16100,"Long Term Investments"]
[16101,"Investment in Field House"]
[16102,"Investment in Ice Centre"]
[17000,"Buildings"]
[17001,"Ace Start-Up"]
[17002,"Roofing"]
[17003,"Interior - Building"]
[17004,"Building Services Systems"]
[17005,"Accum. Dep'n - Buildings"]
[17006,"Accum.Dep'n- Ace start-up"]
[17007,"Accum. Amort. Roofing"]
[17008,"Accum. Amort. Interior Building"]
[17009,"Accum. Amort. Building Services Sys"]
[17010,"Renovations"]
[17015,"Accum. Dep'n - Renovations"]
[17020,"Equipment"]
[17025,"Accum. Dep'n - Equipment"]
[17030,"Furniture & Fixtures"]
[17035,"Accum. Dep'n - Furniture & Fixtures"]
[17040,"Vehicles"]
[17045,"Accum. Dep'n - Vehicles"]
[17050,"Computer Equipment"]
[17055,"Accum. Dep'n - Computer Equipment"]
[17060,"Laptops Students"]
[17061,"Laptops Faculty/Staff (eff. FY14)"]
[17065,"Accum. Dep'n - Laptops Students"]
[17066,"Accum. Dep'n-Laptops F/S (eff.FY14)"]
[17070,"Land Assets"]
[17080,"Leasehold Improvements"]
[17085,"Accum. Dep'n-Leasehold Improvements"]
[17090,"Parking"]
[17095,"Acc. Amortization Parking"]
[17200,"Capital Assets - CIP - Buildings"]
[17210,"Capital Assets - CIP - Renovations"]
[17220,"Capital Assets - CIP - Equipment"]
[17230,"Capital Assets - CIP - Furn/Fixture"]
[17250,"Capital Assets-CIP-Computer Equip"]
[17900,"Intangible Asset – Goodwill"]
[18000,"Windfield Farms Loan Receivable"]
[18001,"Due from related parties"]
[18002,"Life Insurance Policy"]
[18003,"Investment in OTT"]
[18010,"Investment in Regent Corp"]
[18015,"Due from Regent Corp"]
[21000,"Bank Indebtedness"]
[21050,"Short Term Borrowing"]
[22000,"Current Accounts Payable"]
[22020,"Refund Clearing"]
[22021,"Emergency Loan Clearing"]
[22022,"Refund Clearing - Visa/MasterCard"]
[22023,"Meal Plan Flex Clearing - CLOSED"]
[22024,"Unallocated Deposits - Bank"]
[22025,"Stale Dated Cheques"]
[22026,"Construction Holdbacks"]
[22027,"Warranty Holdbacks"]
[22028,"U.S. Exchange - AP Re-evaluation"]
[22029,"Expense Clearing"]
[22030,"Workshops and Conferences - CLOSED"]
[22031,"Interest Payable"]
[22032,"Socinet Conference"]
[22033,"Cdn Biology Olmpiad"]
[22034,"Un-allocated Deposits"]
[22035,"UPASS "]
[22036,"Science Conference"]
[22037,"Global Warming Conference"]
[22038,"FIPPA"]
[22039,"Chairman's Classic"]
[22040,"MC Personal Payment Clearing"]
[22041,"Let's Talk Science"]
[22042,"FPR Accounts Payable"]
[22043,"FHSc - CAHSD"]
[22050,"Current Accounts Payable - USD"]
[22100,"Income Tax "]
[22101,"CPP"]
[22102,"EI"]
[22103,"EHT"]
[22104,"Workers Compensation"]
[22120,"Pension Plan Deductions"]
[22121,"Canada Savings Bond Deductions"]
[22122,"SRA Pension"]
[22123,"Group Insurance"]
[22140,"Staff Dues"]
[22141,"Faculty Association Dues"]
[22142,"OPSEU Dues"]
[22160,"United Way Deductions"]
[22161,"Parking Fee Deductions"]
[22162,"Athletic Membership Deductions"]
[22163,"Weight Watchers Program"]
[22164,"Miscellaneous Deductions"]
[22165,"Employee Advance"]
[22166,"Garnishee"]
[22180,"Payroll Clearance"]
[22181,"Payroll Bank Clearance"]
[22182,"Payroll Clearance - 45D"]
[22183,"Payroll Clearance - ZDU"]
[22184,"ADP - Stale Dated Cheques"]
[22185,"Payroll Clearance - Invoicing"]
[22186,"Payroll Clearance - CCC"]
[22187,"Payroll Clearance - OTT"]
[22200,"Student Association"]
[22201,"Student Centre"]
[22202,"Durham College"]
[22203,"Campus Field House"]
[22204,"Campus Radio Station"]
[22205,"Faculty Association"]
[22206,"Men's Hockey Fundraising"]
[22207,"Women's Hockey Fundraising"]
[22208,"Varsity Sponsorship"]
[22209,"Health & Dental Insurance Plan Fee"]
[22210,"Health Insurance Plan-International"]
[22211,"Georgian College"]
[22212,"Bookstore - UOIT Student OSAP"]
[22213,"Rowing Fundraising"]
[22214,"Student Association - WUSC"]
[22215,"Student Society Fee - FBIT"]
[22216,"Student Society Fee - Engineering"]
[22217,"Payments to Student Association"]
[22218,"Wellness and Support Services"]
[22219,"Student Representation & Leadership"]
[22220,"Campus Clubs"]
[22221,"Student Societies"]
[22222,"Campus Life and Events"]
[22223,"Benefit Plan Coordination"]
[22224,"USU Building"]
[22225,"Community and Social Programming"]
[22226,"Science Council"]
[22227,"Health Science Society"]
[22228,"Legal Protection Program"]
[22229,"Student Society Fee- SSH"]
[22230,"OUSA Membership Fee"]
[22300,"Unapplied Receipts - Financial Aid"]
[22301,"Unapplied Receipts - Student"]
[22302,"Unapplied Receipts - Trade"]
[22303,"Unapplied Receipts - GRA"]
[22400,"GST Payable"]
[22401,"PST Payable"]
[22402,"FHST Payable - Self Assessed"]
[22403,"PHST Payable - Self Assessed"]
[22404,"FHST Payable"]
[22405,"PHST Payable"]
[22406,"Income Tax Payable – OTT"]
[22500,"Accounts Payable Accruals"]
[22501,"Payroll Accruals"]
[22502,"Accrued Vacation Pay"]
[22503,"Accrued Vacation Pay - Current "]
[22504,"Miscellaneous Accruals"]
[22505,"Accrued Liabilities-Research Grants"]
[22506,"Inter-chart Variance-FY 2010-CLOSED"]
[22507,"61 Charles - Deferred Rent Income"]
[22508,"Deferred Lease Inducements"]
[22509,"Accrued Liabilities - GRA"]
[22900,"Due to/from Durham College"]
[22901,"Due to/from Tennis Centre"]
[22902,"Due to/from Ice Centre"]
[22903,"CN payable to Durham College"]
[22904,"Due to DC - Payroll Anomalies"]
[22905,"Due to DC - Other Misc."]
[22906,"Payments to Durham College"]
[22907,"Due to related parties"]
[22915,"Due to Regent Corp"]
[23000,"Deferred Revenue - Tuition"]
[23001,"Deferred Revenue - Ancillary Fees"]
[23002,"Deferred Revenue - Research"]
[23003,"Deferred Revenue - Awards"]
[23004,"Deferred Revenue - Donations"]
[23005,"Deferred Revenue - Grants"]
[23006,"Deferred Revenue - Other"]
[24000,"Current Portion Other LT Debt"]
[24001,"Current Portion - Loan Payable"]
[24002,"Cap Lease Obligations - Current"]
[24100,"Current Portion LT Debenture Debt"]
[24500,"IBM Global Financing"]
[24501,"L/T Debt - IBM"]
[24502,"RBC A5 Building Loan"]
[24503,"LT Portion - Loan Payable"]
[24504,"Cap Lease Obligations - LT"]
[24505,"Loan - Integral Energy"]
[24506,"Loan Payable"]
[24507,"Long Term Loan - MoF"]
[24508,"L/T Debt - Durham College"]
[24600,"Debenture Debt"]
[26000,"Deferred Capital Cont. - MTCU"]
[26001,"Deferred Capital Cont. - MEDT"]
[26002,"Deferred Capital Cont. - KIP"]
[26003,"Deferred Capital Cont. - General"]
[26004,"Deferred Capital Cont. - Research"]
[26005,"Deferred Capital Cont. - Donation"]
[26200,"Accum Amort of Capital Contribution"]
[26400,"LT Deferred Income - Lease"]
[27000,"Business Enterprises"]
[27100,"Foundations"]
[27200,"Individuals"]
[27300,"Not for Profit Organizations"]
[27400,"Government"]
[27401,"BOG Matching- Endowment"]
[27500,"Endowed Interest Income"]
[27501,"Endowed Interest Contra Disbursment"]
[27502,"Funding from other sources"]
[27503,"Funding fr other sources contra dis"]
[28000,"Class A common shares"]
[28001,"Class B common shares"]
[31000,"Revenue Control"]
[31001,"Prior Year Revenue Control"]
[31002,"Budgeted Revenue Control"]
[31003,"Prior Year Budgeted Revenue Control"]
[31004,"Expenditure Control"]
[31005,"Prior Year Expenditure Control"]
[31006,"Budgeted Expenditure Control"]
[31007,"Prior Year Budgeted Expense Control"]
[31008,"Transfer Control"]
[31009,"Prior Year Transfer Control"]
[31010,"Budgeted Transfer Control"]
[31011,"Prior Year Budget Transfer Control"]
[31012,"Encumbrance Control"]
[31013,"Prior Year Encumbrance Control"]
[31014,"Reserve for Encumbrances"]
[31015,"Prior Year Reserve for Encumbrances"]
[31016,"Reservation Control"]
[31017,"Reservation Control Reserve"]
[31018,"Budgeted Change to Fund Balance"]
[31019,"Prior Year Budgeted Change to F/B"]
[41000,"Fund Balance "]
[41001,"Interfund Transfer"]
[41002,"Retained Earnings (RSPC)"]
[41003,"Shareholders Equity (RSPC)"]
[51000,"Basic Operating Grant"]
[51010,"Research Overheads Infrastructure"]
[51011,"Quality Assurance Fund"]
[51012,"Performance Indicators Fund"]
[51013,"Tuition Fee Compensation"]
[51014,"Access for Student with Disability"]
[51015,"Women's Campus Safety Grant"]
[51016,"Interpreters Grant"]
[51017,"Graduate Scholarship Sci & Tech"]
[51018,"Access to Higher Quality Education "]
[51019,"Graduate Expansion"]
[51020,"Summer Transition Program"]
[51021,"Municipal Taxes"]
[51022,"Ontario Remembrance Scholarship"]
[51023,"PSET Access - Disability Supports"]
[51024,"QEII Jubilee Scholar Fund"]
[51025,"Ontario Special Bursary (OSBP)"]
[51026,"Ontario Work Study"]
[51029,"Disabled Bursary - Provincial"]
[51030,"Miscellaneous Grants"]
[51031,"Facilities Renewal Grants"]
[51032,"Ontario Trillium Scholarship"]
[51034,"Sub Grants"]
[51035,"Ont. Intl Education Opp Scholarship"]
[51036,"ROIE Funding"]
[51037,"Bursary-First Generation"]
[51038,"Teacher Education Grant"]
[51090,"Pr. Grant - Collaborative Nursing "]
[51091,"CN Allocation - Contra Revenue "]
[51092,"Clinical Education"]
[51100,"Ontario Research Fund"]
[51101,"ORF - Research Excellence"]
[51102,"ORF - Research Infrastructure"]
[51103,"ORF - Indirect Program"]
[51120,"Early Researcher Awards"]
[51121,"Ontario Research Comm. Program"]
[51122,"Post Doctoral Fellowship Program"]
[51123,"Teachers Science & Tech. Outreach"]
[51124,"Youth Science & Tech. Outreach "]
[51125,"Other"]
[51140,"Ontario Centres of Excellence"]
[51160,"Other Ont Provincial Gov't Revenue"]
[51199,"Deferred Provincial Grant"]
[51200,"Disabled Bursary - Federal"]
[51201,"Special Grants-High Need Part Time"]
[51220,"NSERC"]
[51221,"NSERC Student Research Awards"]
[51222,"SSHRC"]
[51223,"SSHRC Student Research Awards"]
[51224,"CIHR"]
[51225,"CIHR Student Research Awards"]
[51226,"Canada Research Chairs"]
[51227,"Research Support Fund"]
[51228,"NSERC Graduate Studies"]
[51240,"CFI"]
[51241,"CFI - Infrastructure Operating Fund"]
[51260,"Canadian Space Agency"]
[51261,"Other"]
[51280,"Networks of Centres of Excellence"]
[51299,"Deferred Federal Grant"]
[51300,"Other Federal Gov't Revenue"]
[51301,"Federal Economic Development"]
[51399,"Deferred Other Federal Grant"]
[51400,"Municipal"]
[51499,"Deferred Municipal Grant"]
[51500,"Other Provinces"]
[51599,"Deferred Other Provinces Grant"]
[51600,"Foreign"]
[51699,"Deferred Foreign Grant"]
[51700,"Business Enterprises - Grants"]
[51701,"Business Enterprises - Contracts"]
[51720,"Foundations - Grants"]
[51721,"Foundations - Contracts"]
[51740,"Individuals - Grants"]
[51742,"Individuals - Contracts"]
[51760,"Not for Profit Organ. - Grants"]
[51761,"Not for Profit Organ. - Contracts"]
[51799,"Deferred Other Research Grant"]
[51800,"Res-Residual Revenue Contra"]
[51998,"Deferred Grant - Opening Balance"]
[51999,"Deferred Grant Rev -Closing Balance"]
[54000,"Business Enterprises"]
[54100,"Foundations"]
[54200,"Individuals"]
[54300,"Not for Profit Organizations"]
[54400,"Board of Governors Matching"]
[54501,"Donations Tfr. Students Awards"]
[54502,"Donations Tfr. Sponsorships"]
[54505,"Donations Tfr. DCC"]
[54998,"Deferred Donations -Opening Balance"]
[54999,"Deferred Donations -Closing Balance"]
[55000,"Domestic Undergrad Tuition"]
[55001,"Domestic UG Tuition - Georgian"]
[55050,"International Undergrad Tuition"]
[55051,"International UG Tuition - Georgian"]
[55100,"Domestic Grad Tuition"]
[55150,"International Grad Tuition"]
[55200,"AQ/ABQ Courses"]
[55201,"Internship & Co-op Fees"]
[55202,"TSA Funds - Undergrad"]
[55203,"Pre-Math Course Registration Fee"]
[55204,"Contra Revenue - Nursing Tuition"]
[55205,"MDC Program Registration Fees"]
[55206,"TSA Funds - Graduate"]
[55207,"ELC Tuition"]
[55998,"Deferred Tuition - Opening Balance"]
[55999,"Deferred Tuition - Closing Balance"]
[56000,"Student Ancillary Fees"]
[56001,"Athletic Complex Membership Fee"]
[56003,"Intercollegiate Athletics"]
[56004,"SAP - Health Centre"]
[56005,"Student Handbook"]
[56006,"Student ID Card"]
[56007,"Student IT Plan"]
[56008,"Campus Security"]
[56009,"Varsity Athletics"]
[56010,"TELE Hardware Fee"]
[56011,"IT Software Fee"]
[56012,"Instructional Resource Fee"]
[56013,"Mobile Learning Fee - Optional"]
[56014,"Student Parking Revenue"]
[56015,"Bookstore - UOIT Textbooks"]
[56016,"Copyrights"]
[56017,"Store Revenue"]
[56018,"Employee Parking"]
[56998,"Deferred Ancillary -Opening Balance"]
[56999,"Deferred Ancillary Rev-Closing Bal"]
[57000,"General Sales"]
[57001,"Conference Revenue"]
[57002,"Meal Plan - Commissions"]
[57003,"Meal Plan - Admin Fee"]
[57004,"Varsity Hockey Admissions"]
[57005,"IT - Laptop Components"]
[57006,"BYOD Student Charges & Fees"]
[57007,"IT - Laptop Insurance Deductible"]
[57008,"IT Repair"]
[57009,"Summer Camps"]
[57099,"Student/Alumni Discount"]
[57100,"Late Payment Fee"]
[57101,"Letter of Permission"]
[57102,"Transcripts"]
[57103,"Deposit Acceptance"]
[57104,"Document Assessment Fee"]
[57105,"Application Fees"]
[57106,"Verification of Enrollment"]
[57107,"Tuition Deferment Fee"]
[57108,"NSF Cheque Fee"]
[57109,"Exam Deferral Fee"]
[57110,"Grade Appeal"]
[57111,"Lab Supplies (BScN Student only)"]
[57112,"Degree Parchment Replacement Fee"]
[57113,"Supplemental/Special Examination"]
[57114,"T2202A Replacement Fee"]
[57115,"Receipt/Statement Reprints"]
[57116,"Nursing Mask Fitting Fee"]
[57117,"Nursing Levy"]
[57118,"IT - TELE Equipment Late Fee"]
[57119,"Athletic Membership "]
[57120,"Library Fees"]
[57121,"Other Misc Service Fee"]
[57200,"Miscellaneous Revenue"]
[57201,"Administration Fee"]
[57202,"PS DC Revenue"]
[57300,"UOIT Matching Contribution"]
[57301,"Expendable Student Awards-General"]
[57302,"Intercompany Revenue"]
[57303,"Endowed Student Awards"]
[57304,"Internal Restricted Residual Fund"]
[57305,"Transfer - Between EFRs"]
[57900,"Rev - Day Care Fees (Parent)"]
[57901,"Rev - Day Care Fundraising"]
[57902,"Rev - Day Care Fees (D.R.)"]
[57910,"Climatic Wind Tunnel"]
[57911,"Large Climate Chamber"]
[57912,"Small Climate Chamber"]
[57913,"4 Poster Chamber"]
[57914,"MAST Room"]
[57915,"Core Research Facility"]
[57916,"GMCL Revenue"]
[57930,"First Floor IRTF (Shop & Bay)"]
[57931,"Fourth Floor IRTF"]
[57932,"Fifth Floor IRTF"]
[57998,"Deferred Other Rev-Opening Balance"]
[57999,"Deferred Other Rev-Closing Balance"]
[58000,"Amort of Deferred Contributions"]
[59000,"General Interest Revenue"]
[59001,"General Bank Interest Revenue"]
[59100,"Investment Interest"]
[59101,"Investment Interest - Expendable"]
[59102,"Investment Interest - Endowed"]
[61000,"A - Tenure/Tenure Track"]
[61001,"A - Teaching Faculty"]
[61002,"A - Senior Academic Admin"]
[61003,"A - Variable Pay - Research"]
[61004,"A - Stipends - Administrative"]
[61005,"A - Stipends - Research"]
[61006,"A - Excess Variable Pay"]
[61007,"A - Sal - Research Leaves"]
[61008,"A - Deans Admin Leave"]
[61009,"A - Stipends - Salary"]
[61100,"Manager and Staff Non-Union"]
[61101,"OPSEU Staff"]
[61102,"NA - Senior Admin"]
[61103,"NA - Overtime"]
[61104,"Accrued Vacation Expense"]
[61105,"NA - DC Strike Costs FT Salary"]
[61107,"Salary Expense"]
[61200,"Taxable Perquisites & Car Allowance"]
[61201,"Salary Reserve - Merit"]
[61220,"Continuing Academic - Overload"]
[61221,"Maternity Leave Replacement Staff"]
[61222,"Sick Leave Replacement Staff  "]
[61223,"Salary Reimbursements"]
[62000,"A - Sessional Instructors/Lecturers"]
[62001,"A - Def. Term Instructors/Lecturers"]
[62002,"Practicum Instructors/Lecturers"]
[62020,"A - TA - Student"]
[62021,"A - TA - Non-student"]
[62040,"Undergrad Stud Res Award-Cdn"]
[62041,"Grad Student Res Award Cdn-Master"]
[62042,"A - Post Doctoral Fellows"]
[62043,"A - Post Doctoral Fellows (non-res)"]
[62044,"Grad Stud Res Award Int-Master"]
[62045,"Grad Stud Res Award Cdn-PhD"]
[62046,"Grad Stud Res Award Intl-PhD"]
[62047,"Undergrad Stud Res Award-Intl"]
[62060,"Limited Term OPSEU - Salary"]
[62061,"Limited Term Non-Union - Salary"]
[62062,"Limited Term OPSEU - Hourly"]
[62063,"Limited Term Non-Union - Hourly"]
[62064,"Casual Labour"]
[62065,"Exam Invigilators"]
[62080,"NA - Students"]
[62081,"NA - Workstudy Summer Students "]
[62082,"NA - Workstudy Students"]
[62100,"NA - Overtime"]
[62120,"Cdn Undergrad Research Salary Costs"]
[62121,"Cdn Masters Research Salary Costs"]
[62122,"Cdn Doctoral Research Salary Costs"]
[62123,"Cdn Post-Doc Research Salary Costs"]
[62124,"Cdn Research Non-Student"]
[62140,"Non-Res Undergrad Research Salary"]
[62141,"Non-Res Masters Research Sal Costs"]
[62142,"Non-Res Doctoral Research Sal Costs"]
[62143,"Non-Res Post-Doctoral Research Sal"]
[62144,"Non-Res Research Non-Student"]
[62160,"Royalties"]
[62161,"Visiting Professors"]
[62180,"Honorarium"]
[62181,"Faculty Secondment"]
[62500,"Part-Time Labour Recoveries"]
[63000,"FB: EI Expense"]
[63001,"FB: CPP Expense"]
[63002,"FB: EHT Expense"]
[63003,"FB: WSIB Expense"]
[63020,"FB: Pension Expense"]
[63021,"FB: Benefits Expense"]
[63022,"FB: Cost Recovery"]
[63040,"Benefits Full-Time Employees"]
[63041,"Benefits Part-Time Employees"]
[63042,"DC Faculty Fringe"]
[63043,"DC Admin Fringe"]
[63044,"DC Support Fringe"]
[63045,"DC PT Fringe"]
[63060,"Benefits - FT Acad - Ten/Ten Track"]
[63061,"Benefits - Students"]
[63080,"Cdn Undergrad Research Benefits"]
[63081,"Cdn Masters Research Benefits"]
[63082,"Cdn Doctoral Research Benefits"]
[63083,"Cdn Post-Doctoral Research Benefits"]
[63100,"Non-Res Undergrad Research Benefits"]
[63101,"Non-Res Masters Research Benefits"]
[63102,"Non-Res Doctoral Research Benefits"]
[63103,"Non-Res Post-Doct Research Benefits"]
[64000,"DC Faculty allocated to UOIT"]
[64001,"DC Admin allocated to UOIT"]
[64002,"DC Support allocated to UOIT"]
[64003,"DC Part time allocated to UOIT"]
[64020,"UOIT emp. on DC Support Pay/Benefit"]
[64021,"UOIT emp. on DC Admin Pay/Benefits"]
[65000,"Labour Cost Recovery"]
[65001,"Teaching Release Recovery"]
[71000,"Office Supplies"]
[71001,"Instructional Supplies"]
[71002,"Computer Supplies"]
[71003,"Computer Software Supplies"]
[71004,"Uniform or Gown Supplies"]
[71005,"Subscriptions"]
[71006,"Reference Material"]
[71007,"Research Materials & Supplies"]
[71008,"Lab Supplies"]
[71009,"Athletic Supplies"]
[71010,"Medical/Safety Supplies"]
[71011,"Event/Workshop Supplies"]
[71012,"IT Supplies"]
[71013,"Mask Fit Ancillary Expense"]
[71014,"Student Handbook"]
[71015,"Ancillary Expenses"]
[71016,"Operating Supplies"]
[71019,"Inventory Loss/Waste"]
[71120,"Photocopying Costs & Supplies "]
[71121,"Printing Costs & Supplies"]
[71122,"Publishing Costs & Supplies"]
[71140,"BlackBerry Expense"]
[71141,"Mobile Phone Expense"]
[71142,"Postage"]
[71143,"Courier & Freight"]
[71144,"Telecommunications"]
[71145,"Telecommunications - Mobile"]
[71146,"Telecom. - Fax/Long Distance "]
[71147,"Telecom. - Installation"]
[71148,"Internet"]
[71160,"RICOH Copying Charges"]
[71161,"Office Equipment Rental"]
[71162,"Rental - Other"]
[71163,"User Fees"]
[71164,"Operating Space Allocation"]
[71170,"Leased Buildings"]
[71171,"Leased Portables"]
[71172,"Leased Vehicles"]
[71173,"Lease Inducements Amortization"]
[71174,"Lease Laptops (Mobile)"]
[71180,"Equipment Maintenance"]
[71181,"Software Maintenance"]
[71182,"Telephone Maintenance"]
[71183,"Other Equip-related Maintenance"]
[71184,"Minor Equipment"]
[71185,"Minor Furniture/Fixtures"]
[71186,"Minor Computer & Computer Hardware"]
[71200,"Insurance - General"]
[71201,"Self Insurance - Reserve Fund"]
[71220,"Municipal Taxes"]
[71240,"COU Membership & Dues"]
[71241,"CAUBO Membership & Dues"]
[71242,"AUCC Membership & Dues"]
[71243,"CAURA Membership & Dues"]
[71244,"OCUR Membership & Dues"]
[71245,"Other Memberships & Dues"]
[71246,"Accreditation"]
[71260,"Society Memberships"]
[71261,"Other Memberships"]
[71280,"Promo/PR - Media"]
[71281,"Promo/PR - General"]
[71282,"Promo/PR - Universities Fair"]
[71283,"Promo/PR - Convocation"]
[71284,"Promo/PR - Publications"]
[71285,"Promo/PR - Calendar"]
[71286,"Promo/PR - Print Ads"]
[71287,"Promo/PR - Radio"]
[71288,"Promo/PR - Special Events"]
[71289,"Promo/PR - Staff Appreciation"]
[71290,"Promo/PR - Special Projects"]
[71291,"Promo/PR - Scholarships"]
[71292,"Promo/PR - Memberships"]
[71300,"Bad Debts Expense"]
[71301,"Collection Agency Commissions"]
[71320,"Bank Charges - General CLOSED"]
[71321,"Bank Charges - Credit Card Fees"]
[71340,"Staff Development Costs"]
[71341,"Training & Development Materials"]
[71342,"Professional Development"]
[71343,"Faculty Start-up & Orientation"]
[71344,"REB Support"]
[71345,"REB Training"]
[71346,"Teaching Innovation"]
[71347,"Tuition Reimbursement"]
[71348,"Professional Development - Faculty"]
[71360,"Repairs/Maintenance - General"]
[71361,"Repairs/Maintenance - Equipment"]
[71362,"Mtnce - Building (Oshawa) "]
[71363,"Mtnce - Building Equip. (Oshawa) "]
[71364,"Janitorial Expense"]
[71365,"Hardware - Loaner/Service Fleet"]
[71366,"Waste/Garbage Removal"]
[71367,"Vehicle Expense"]
[71368,"Scheduled Maintenance"]
[71380,"Licence Fees "]
[71400,"Travel (Transportation)"]
[71401,"Accountable Travel Advances"]
[71402,"Relocation Costs - Internal"]
[71403,"Relocation Costs - External"]
[71404,"Study Abroad "]
[71405,"Meal Subsidy"]
[71406,"Ont. Global Edge Expense"]
[71407,"Accommodations"]
[71408,"Meals"]
[71409,"Cash Advances"]
[71410,"Gift Cards"]
[71420,"Student Recruitment"]
[71421,"International Recruitment"]
[71422,"Faculty/Staff Recruitment"]
[71423,"Digital Recruitment"]
[71440,"Travel - Field Trip - General Costs"]
[71441,"Travel - Researchers - General Cost"]
[71442,"Conference/Workshop Fees"]
[71460,"Natural Gas"]
[71461,"Electricity"]
[71462,"Water"]
[71463,"Thermal Energy"]
[71480,"Contract - Other Services"]
[71481,"Contract - Consulting"]
[71482,"Hazardous Waste Disposal"]
[71483,"Facility Maintenance"]
[71484,"Radiation & Biosafety/Animal Care"]
[71485,"Contract - Psychological Counsel"]
[71500,"Orientation Expenses"]
[71501,"Stewardship Expenses"]
[71502,"International Student Expenses"]
[71503,"Free the Children Expenses"]
[71504,"Admissions"]
[71505,"Internship Expenses"]
[71520,"Overhead Allocation (Faculty)"]
[71521,"Overhead Allocation (Central)"]
[71522,"Overhead Allocation (Res Office)"]
[71523,"Overhead Allocation (Res. Infrastr."]
[71524,"Overhead Allocation (Researcher)"]
[71525,"Teaching Relief - Research"]
[71526,"Internal Matching - Research (I/C)"]
[71527,"Research Transfer Payments"]
[71528,"Research Transfer Payments - OH"]
[71529,"Research Exp. Billing Discrepancy"]
[71530,"Research Excellence Award"]
[71531,"Internal Restricted Residual Fund"]
[71540,"Intercollegiate Expense"]
[71541,"Intercollegiate Expense"]
[71542,"Intercollegiate - Dance"]
[71543,"Officials"]
[71560,"Other General Expenses"]
[71561,"Trent - Net Tuition"]
[71562,"UOIT Dependent Scholarships"]
[71563,"Student Award Disbursements"]
[71564,"Gratuitous Honorarium"]
[71565,"Fees - CNSA"]
[71566,"Clinical Education Expenses"]
[71567,"OVGS Expenses"]
[71568,"61 Charles - Deferred LHI Income"]
[71569,"Royalties (T5)"]
[71570,"Strike Costs (DC)"]
[71571,"BMO MC Unallocated Charges"]
[71580,"External Program Review Costs"]
[71581,"Strategic Initiatives"]
[71700,"Student Financial Assistance"]
[71701,"Entrance Scholarships"]
[71702,"Disbursement - TPFR"]
[71703,"Disbursement - OSBP"]
[71704,"Disbursement - QEII Jubilee Scholar"]
[71705,"Disbursement - BSWD (Provincial)"]
[71706,"Disbursement - BSWD (Federal)"]
[71707,"Disbursement - Ontario Work Study"]
[71708,"Ontario Remembrance Scholarship"]
[71709,"Disbursement- Ont First Gen Bursary"]
[71710,"Disbursement - OIEOS"]
[71711,"Endowed Student Awards"]
[71712,"Exp Student Awards - Donor"]
[71713,"Exp Student Awards - Unrestricted"]
[71714,"Disbursement-Aboriginal PSET Access"]
[71715,"Disbursement-TriAgency Grad SCH"]
[71740,"Undergrad Stud Res Award-Cdn"]
[71741,"Grad Student Res Award Cdn-Master"]
[71744,"Grad Stud Res Award Int-Master"]
[71745,"Grad Stud Res Award Cdn-PhD"]
[71746,"Grad Stud Res Award Intl-PhD"]
[71747,"Undergrad Stud Res Award-Intl"]
[71748,"Accrued Grad Stud Res Award Cdn-Mas"]
[71749,"Accrued Grad Stud Res Award Int-Mas"]
[71750,"Accrued Grad Stud Res Award Cdn-PhD"]
[71751,"Accrued Grad Stud Res Award Int-PhD"]
[71800,"Contingencies - General"]
[71801,"Inter-Chart Expense Offset-inactive"]
[71802,"Inter-Chart Expense Offset"]
[71850,"Operating Expense Recovery"]
[71900,"Construction Costs - Building"]
[71901,"Construction Contingency - Building"]
[71902,"Site Costs - Buildings"]
[71903,"Architect - Buildings"]
[71904,"Consultants - Buildings"]
[71905,"Construction Permits - Buildings"]
[71906,"Legal Costs - Buildings"]
[71907,"Construction Costs - Roofing"]
[71908,"Construction Costs - Interior"]
[71909,"Construction - Bldg Service System"]
[71910,"Construction Costs - Renovations"]
[71911,"Construction Contingency - Reno"]
[71912,"Site Costs - Renovations"]
[71913,"Architect - Renovations"]
[71914,"Consultants - Renovations"]
[71915,"Construction Permits - Renovations"]
[71916,"Leasehold Improvements"]
[71917,"Paving Renovations"]
[71920,"Equipment"]
[71930,"Furniture & Fixtures"]
[71940,"Vehicles"]
[71950,"Computer Equipment"]
[71951,"Software"]
[71952,"Servers & Equipment"]
[71953,"IT - General"]
[71960,"Laptop Purchases"]
[71970,"Land"]
[71980,"Parking"]
[71985,"Website Development"]
[71990,"Capital Clearing a/c (YE entry)"]
[72000,"Purchased Services - Operating"]
[72001,"Purchased Services - Labour"]
[72002,"Purchased Services - Admin Fees"]
[72003,"Contract Services-Georgian College"]
[72004,"SLA charge from DC"]
[73000,"Cost of Goods Sold"]
[74000,"Audit Fees"]
[74001,"Legal Fees"]
[74002,"Consulting & Advisory Fees"]
[74003,"Patent/IP Costs"]
[74004,"Other Professional Fees"]
[74005,"OUA Fees"]
[75000,"Employee Loan Interest"]
[75001,"Interest Expense"]
[75002,"Bank Charges - General"]
[75003,"Bank Charges - Credit Card Fees"]
[75100,"Principal Repayment(Budget/FC only)"]
[76000,"Amortization - Buildings"]
[76001,"Amortization - Renovations"]
[76002,"Amortization - Equipment"]
[76003,"Amortization - Furniture & Fixtures"]
[76004,"Amortization - Vehicles"]
[76005,"Amortization - Computer Equipment"]
[76006,"Amortization-Laptop Students"]
[76007,"Amortization-Laptops F/S (eff.FY14)"]
[76008,"Amortization - Other Assets"]
[76009,"Amortization-Leasehold Improvements"]
[76010,"Amortization - Start Up"]
[76011,"Amortization - Parking"]
[76012,"Amortization - Roofing"]
[76013,"Amortization - Interior Building"]
[76014,"Amortization - Bldg Services System"]
[76015,"Amortization - Website Costs"]
[76100,"Gain/loss on Sale of Assets"]
[76200,"Gain/Loss on Foreign Exchange"]
[77000,"Unrealized Loss on Investments"]
[77100,"Realized gain/loss in OTT"]
[77200,"Unrealised gain/loss on swap"]
[79900,"Strategic Allocation"]
[79910,"Health Sciences Revenue Growth Allo"]
[79920,"Operating Budget Decrease"]
[79921,"Commercial Budget Decrease"]
[79922,"Ancillary Budget Decrease"]
[79980,"Carryforward Beginning"]
[79999,"Surplus/(Deficit) Carryforward"]
[81000,"Transfer In"]
[81001,"Transfer Out"]
[91000,"Appropriation Fund (IR)"]
[91500,"Fund Deductions"]
[95000,"Appropriation Fund (Operating)"]
["AAAA","Zero Bal-Historical Purposes-CLOSED"]

{"sheet":"FUND","index":7,"n_rows":1904,"n_cols":19,"rows_kept":1904,"cut":false,"hidden":true,"merged":[[0,18,1,18],[0,7,1,7],[0,10,1,10],[0,11,1,11],[0,12,1,12],[0,15,1,15],[0,17,1,17],[0,5,1,5],[0,0,1,0],[0,1,1,1],[0,2,1,2],[0,3,1,3],[0,4,1,4]]}
["TYPE LVL1","TYPE LVL2","FUND LVL1","FUND LVL2","FUND LVL3","FUND LVL4","FUND","DESCRIPTION","DATA","CNTL","CMB","STATUS","EFF DATE","TERM","NEXT CHANGE","MANAGER ID","FUND","DEFAULT ORGN","DEFAULT PROG"]
[null,null,null,null,null,null,"LVL5",null,"ENTRY","FUND",null,null,null,"DATE","DATE",null,"MANAGER"]
[null,"1A",100,null,null,null,null,"Regular Operating Fund","N",null,null,"A","2009-04-01",null,"2099-12-31"]
[null,null,null,1000,null,null,null,"Regular Operating Fund","N",null,null,"A","2009-04-01",null,"2099-12-31"]
[null,null,null,null,10000,null,null,"Regular Operating Fund","N",null,null,"A","2009-04-01",null,"2099-12-31"]
[null,null,null,null,null,100000,null,"Regular Operating Fund","Y",null,null,"A","2009-04-01",null,"2099-12-31",null,null,null,"ORG"]
[null,null,null,null,null,100015,null,"Operating Transfers to IFR","Y",null,null,"A","2014-04-01",null,"2099-12-31",100477674,"Elliott, Craig",null,10]
[null,null,110,null,null,null,null,"Cost Recovery","N",null,null,"A","2009-04-01",null,"2099-12-31"]
[null,null,null,1100,null,null,null,"Cost Recovery","N",null,null,"A","2009-04-01",null,"2099-12-31"]
[null,null,null,null,11000,null,null,"Cost Recovery","N",null,null,"A","2009-04-01",null,"2099-12-31"]
[null,null,null,null,null,110000,null,"Cost Recovery","Y",null,null,"A","2009-04-01",null,"2099-12-31",null,null,null,"ORG"]
[null,null,120,null,null,null,null,"Purchased Services","N",null,null,"A","2009-04-01",null,"2099-12-31"]
[null,null,null,1200,null,null,null,"Purchased Services","N",null,null,"A","2009-04-01",null,"2099-12-31"]
[null,null,null,null,12000,null,null,"Purchased Services","N",null,null,"A","2009-04-01",null,"2099-12-31"]
[null,null,null,null,null,120000,null,"Purchased Services","Y",null,null,"A","2009-04-01",null,"2099-12-31",null,null,null,"ORG"]
[null,null,null,null,null,125000,null,"Purchased Services - UOIT Specific","Y",null,null,"A","2011-04-01",null,"2099-12-31",null,null,null,"ORG"]
[null,null,130,null,null,null,null,"Revenue Units","N",null,null,"A","2009-04-01",null,"2099-12-31"]
[null,null,null,1300,null,null,null,"Revenue Units","N",null,null,"A","2009-04-01",null,"2099-12-31"]
[null,null,null,null,13000,null,null,"Revenue Units","N",null,null,"A","2009-04-01",null,"2099-12-31"]
[null,null,null,null,null,130000,null,"Management Development Centre -FBIT","Y",null,null,"A","2009-04-01",null,"2099-12-31",100377890,"Ritchie, Pamela",2200,10]
[null,null,null,null,null,130010,null,"Stores","Y",null,null,"A","2014-07-30",null,"2099-12-31",100550653,"Crawford, Gregory",2700,10]
[null,null,null,null,null,130020,null,"Additional Qualification -FEd","Y",null,null,"A","2009-04-01",null,"2099-12-31",null,null,2400,10]
[null,null,null,null,null,130021,null,"Crime Scene Camp (Forensics Camp)","Y",null,null,"A","2013-04-29",null,"2099-12-31",100246238,"Holdway, Douglas",2700,10]
[null,null,null,null,null,130022,null,"Education Camps","Y",null,null,"A","2014-05-01",null,"2099-12-31",null,null,2400,10]
[null,null,null,null,null,130030,null,"SEM","Y",null,null,"A","2014-04-04",null,"2099-12-31",100372919,"Owen, Michael",3200,11]
[null,null,null,null,null,130040,null,"UOIT Retail Store","Y",null,null,"A","2014-08-21",null,"2099-12-31",100513776,"McGovern, Susan",null,16]
[null,null,null,null,null,130050,null,"Social Research Centre","Y",null,null,"A","2014-10-24",null,"2099-12-31",100339617,"Ammar, Nawal",2300,10]
[null,null,140,null,null,null,null,"Unrestricted - Capital","N",null,null,"A","2009-04-01",null,"2099-12-31"]
[null,null,null,1400,null,null,null,"Capital Asset ","N",null,null,"A","2009-04-01",null,"2099-12-31"]
[null,null,null,null,14000,null,null,"Capital Asset","N",null,null,"A","2009-04-01",null,"2099-12-31"]
[null,null,null,null,null,140000,null,"Capital Asset","Y",null,null,"A","2009-04-01",null,"2099-12-31",null,null,null,22]
[null,"1B",190,null,null,null,null,"IR - Expendable","N",null,null,"A","2009-04-01",null,"2099-12-31"]
[null,null,null,1900,null,null,null,"IR - Expendable General Funds","N",null,null,"A","2009-04-01",null,"2099-12-31"]
[null,null,null,null,19000,null,null,"Expendable General","N",null,null,"A","2009-04-01",null,"2099-12-31"]
[null,null,null,null,null,"1900 A",null,"Advancement General","Y",null,null,"A","2009-04-01",null,"2099-12-31",100227584,"Waugh, Clive",null,30]
[null,null,null,null,null,190000,null,"Highest Priority Unrestricted","Y",null,null,"A","2010-04-28",null,"2099-12-31",100227584,"Waugh, Clive",null,30]
[null,null,null,null,null,190001,null,"Debenture","Y",null,null,"A","2009-04-01",null,"2099-12-31",100227584,"Waugh, Clive",null,30]
[null,null,null,null,null,190002,null,"Designated Capital Fund","Y",null,null,"A","2009-04-01",null,"2099-12-31",100227584,"Waugh, Clive",null,30]
[null,null,null,null,null,190003,null,"Expendable Research","Y",null,null,"A","2009-04-01",null,"2099-12-31",100227584,"Waugh, Clive",null,30]
[null,null,null,null,null,190004,null,"Registration Fees","Y",null,null,"A","2009-04-01",null,"2099-12-31",100227584,"Waugh, Clive",null,30]
[null,null,null,null,null,190005,null,"Varsity Men's Hockey","Y",null,null,"A","2009-04-01",null,"2099-12-31",100227584,"Waugh, Clive",null,30]
[null,null,null,null,null,190006,null,"Solar Car","Y",null,null,"A","2009-04-01",null,"2099-12-31",100227584,"Waugh, Clive",null,30]
[null,null,null,null,null,190007,null,"Formula SAE Team","Y",null,null,"A","2009-04-01",null,"2099-12-31",100227584,"Waugh, Clive",null,30]
[null,null,null,null,null,190008,null,"Highest Priority Schol & Burs","Y",null,null,"A","2010-04-28",null,"2099-12-31",100227584,"Waugh, Clive",null,30]
[null,null,null,null,null,190009,null,"EcoCar","Y",null,null,"A","2009-04-01",null,"2099-12-31",100227584,"Waugh, Clive",null,30]
[null,null,null,null,null,190010,null,"Rowing","Y",null,null,"A","2009-04-01",null,"2099-12-31",100227584,"Waugh, Clive",null,30]
[null,null,null,null,null,190011,null,"Highest Priority Research","Y",null,null,"A","2010-04-28",null,"2099-12-31",100227584,"Waugh, Clive",null,30]
[null,null,null,null,null,190012,null,"Highest Priority Capital","Y",null,null,"A","2010-04-01",null,"2099-12-31",100227584,"Waugh, Clive",null,30]
[null,null,null,null,null,190013,null,"Varsity Women's Hockey","Y",null,null,"A","2010-04-01",null,"2099-12-31",100227584,"Waugh, Clive",null,30]
[null,null,null,null,null,190014,null,"Varsity Tennis","Y",null,null,"A","2010-04-01",null,"2099-12-31",100227584,"Waugh, Clive",null,30]
[null,null,null,null,null,190015,null,"Varsity Soccer","Y",null,null,"A","2010-04-01",null,"2099-12-31",100227584,"Waugh, Clive",null,30]
[null,null,null,null,null,190016,null,"OPG Education Programs Support","Y",null,null,"A","2010-04-01",null,"2099-12-31",100227584,"Waugh, Clive",null,30]
[null,null,null,null,null,190017,null,"Boyce Chair - Natural Gas, ERC","Y",null,null,"A","2011-04-01",null,"2099-12-31",100227584,"Waugh, Clive",null,30]
[null,null,null,null,null,190018,null,"Library Fund","Y",null,null,"A","2011-04-01",null,"2099-12-31",100227584,"Waugh, Clive",null,30]
[null,null,null,null,null,190019,null,"Homecoming Revenue","Y",null,null,"A","2012-02-22",null,"2099-12-31",100227584,"Waugh, Clive",null,30]
[null,null,null,null,null,190020,null,"Annual Fund Priority Needs","Y",null,null,"A","2012-02-22",null,"2099-12-31",100227584,"Waugh, Clive",null,30]
[null,null,null,null,null,190021,null,"Commemorative Tree & Bench Program","Y",null,null,"A","2012-04-01",null,"2099-12-31",100077136,"McGarry, Debbie",null,30]
[null,null,null,null,null,190022,null,"Hold for Gift Designation","Y",null,null,"A","2012-05-31",null,"2099-12-31",100077136,"McGarry, Debbie",null,30]
[null,null,null,null,null,190023,null,"Alumni Events Revenue","Y",null,null,"A","2013-05-15",null,"2099-12-31",100077136,"McGarry, Debbie",null,30]
[null,null,null,null,null,190024,null,"Alumni Branded Material Sales","Y",null,null,"A","2013-05-15",null,"2099-12-31",100077136,"McGarry, Debbie",null,30]
[null,null,null,null,null,190025,null,"Alumni Affinity Partner Revenue","Y",null,null,"A","2013-08-23",null,"2099-12-31",100077136,"McGarry, Debbie",null,30]
[null,null,null,null,null,190026,null,"GE Canada Energy Lecture Series","Y",null,null,"A","2014-03-06",null,"2099-12-31",100077136,"McGarry, Debbie",null,30]
[null,null,null,null,null,630008,null,"Commemorative Tree & Bench,Endowent","Y",null,null,"A","2012-04-01",null,"2099-12-31",100077136,"McGarry, Debbie",null,30]
[null,null,null,1901,null,null,null,"IR - Expendable FBIT Funds","N",null,null,"A","2009-04-01",null,"2099-12-31"]
[null,null,null,null,19010,null,null,"Expendable FBIT Funds","N",null,null,"A","2009-04-01",null,"2099-12-31"]
[null,null,null,null,null,190100,null,"FBIT Dean's Fund","Y",null,null,"A","2009-04-01",null,"2099-12-31",100227584,"Waugh, Clive",null,30]
[null,null,null,1902,null,null,null,"IR - Expendable FHS Funds","N",null,null,"A","2009-04-01",null,"2099-12-31"]
[null,null,null,null,19020,null,null,"Expendable FHS Funds","N",null,null,"A","2009-04-01",null,"2099-12-31"]
[null,null,null,null,null,190200,null,"FHS Dean's Fund","Y",null,null,"A","2009-04-01",null,"2099-12-31",100227584,"Waugh, Clive",null,30]
[null,null,null,1903,null,null,null,"IR - Expendable FSSH Funds","N",null,null,"A","2010-09-07",null,"2099-12-31"]
[null,null,null,null,19030,null,null,"Expendable FSSH Funds","N",null,null,"A","2010-09-07",null,"2099-12-31"]
[null,null,null,null,null,190300,null,"FSSH Dean's Fund","Y",null,null,"A","2010-08-17",null,"2099-12-31",100227584,"Waugh, Clive",null,30]
[null,null,null,1904,null,null,null,"IR - Expendable FE Funds","N",null,null,"A","2009-04-01",null,"2099-12-31"]
[null,null,null,null,19040,null,null,"Expendable FE Funds","N",null,null,"A","2009-04-01",null,"2099-12-31"]
[null,null,null,null,null,190400,null,"FE Dean's Fund","Y",null,null,"A","2009-04-01",null,"2099-12-31",100227584,"Waugh, Clive",null,30]
[null,null,null,1905,null,null,null,"IR - Expendable FESNS/FEAS Funds","N",null,null,"A","2009-04-01",null,"2099-12-31"]
[null,null,null,null,19050,null,null,"Expendable FESNS/FEAS Funds","N",null,null,"A","2009-04-01",null,"2099-12-31"]
[null,null,null,null,null,190500,null,"FESNS Dean's Fund","Y",null,null,"A","2012-01-20",null,"2099-12-31",100227584,"Waugh, Clive",null,30]
[null,null,null,1906,null,null,null,"IR - Expendable FS Funds","N",null,null,"A","2009-04-01",null,"2099-12-31"]
[null,null,null,null,19060,null,null,"Expendable FS Funds","N",null,null,"A","2009-04-01",null,"2099-12-31"]
[null,null,null,null,null,190600,null,"FS Dean's Fund","Y",null,null,"A","2009-04-01",null,"2099-12-31",100227584,"Waugh, Clive",null,30]
[null,null,null,1907,null,null,null,"IR - Expendable FEAS Funds","N",null,null,"A","2011-04-01",null,"2099-12-31"]
[null,null,null,null,19070,null,null,"Expendable FEAS Funds","N",null,null,"A","2011-04-01",null,"2099-12-31"]
[null,null,null,null,null,190700,null,"FEAS Dean's Fund","Y",null,null,"A","2011-04-01",null,"2099-12-31",100227584,"Waugh, Clive",null,30]
[null,null,null,1908,null,null,null,"IR - Expendable Graduate Awards","N",null,null,"A","2009-04-01",null,"2099-12-31"]
[null,null,null,null,19080,null,null,"Fundraising - Expendable Graduate A","N",null,null,"A","2009-04-01",null,"2099-12-31"]
[null,null,null,null,null,190800,null,"General Exp. Graduate Scholarship","Y",null,null,"A","2009-04-01",null,"2099-12-31",100227584,"Waugh, Clive",null,30]
[null,null,null,null,null,190801,null,"General Exp. OGS/OGSS Scholarship ","Y",null,null,"A","2009-04-01",null,"2099-12-31",100227584,"Waugh, Clive",null,30]
[null,null,null,null,null,190802,null,"General Exp. Graduate Bursary","Y",null,null,"A","2009-04-01",null,"2099-12-31",100227584,"Waugh, Clive",null,30]
[null,null,null,null,null,190803,null,"Prichard Graduate Award","Y",null,null,"A","2010-04-01",null,"2099-12-31",100227584,"Waugh, Clive",null,30]
[null,null,null,null,null,190804,null,"CultureWorks Graduate Award","Y",null,null,"A","2010-04-01",null,"2099-12-31",100227584,"Waugh, Clive",null,30]
[null,null,null,null,null,190805,null,"ICCD Graduate Scholarship Fund","Y",null,null,"A","2010-04-01",null,"2099-12-31",100227584,"Waugh, Clive",null,30]
[null,null,null,null,null,190806,null,"Morris-Caribbean Friends Grad Schol","Y",null,null,"A","2010-04-01",null,"2099-12-31",100227584,"Waugh, Clive",null,30]
[null,null,null,null,null,190807,null,"ICCD International Grad Scholarship","Y",null,null,"A","2011-04-01",null,"2099-12-31",100227584,"Waugh, Clive",null,30]
[null,null,null,null,null,190808,null,"OGS,Supported by Lawson Gay Family","Y",null,null,"A","2012-02-24",null,"2099-12-31",100227584,"Waugh, Clive",null,30]
[null,null,null,null,null,190809,null,"OGS,Supported by Nutall Family","Y",null,null,"A","2012-03-07",null,"2099-12-31",100227584,"Waugh, Clive",null,30]
[null,null,null,null,null,190810,null,"OGS,Oshawa Parkwood Rotary Club","Y",null,null,"A","2012-06-25",null,"2099-12-31",100227584,"Waugh, Clive",null,30]
[null,null,null,null,null,190811,null,"OGS, Supported by Lovell Dividends","Y",null,null,"A","2012-07-25",null,"2099-12-31",100227584,"Waugh, Clive",null,30]
[null,null,null,null,null,190812,null,"OGS, Supported by J.J McGuire","Y",null,null,"A","2013-01-01",null,"2099-12-31",100227584,"Waugh, Clive",null,30]
[null,null,null,null,null,190813,null,"OGS, Supported by OCI","Y",null,null,"A","2013-09-05",null,"2099-12-31",100227584,"Waugh, Clive",null,30]
[null,null,null,1910,null,null,null,"IR - Expendable Undergraduate Award","N",null,null,"A","2009-04-01",null,"2099-12-31"]
[null,null,null,null,19100,null,null,"Expendable Undergraduate Awards","N",null,null,"A","2009-04-01",null,"2099-12-31"]
[null,null,null,null,null,191000,null,"Wilson Furniture Bursary","Y",null,null,"A","2009-04-01",null,"2099-12-31",100227584,"Waugh, Clive",null,30]
[null,null,null,null,null,191001,null,"Retired Teachers Association","Y",null,null,"A","2009-04-01",null,"2099-12-31",100227584,"Waugh, Clive",null,30]
[null,null,null,null,null,191002,null,"Surgical Suite Memorial Fund","Y",null,null,"A","2009-04-01",null,"2099-12-31",100227584,"Waugh, Clive",null,30]
[null,null,null,null,null,191003,null,"OCI-Jack Howett Award","Y",null,null,"A","2009-04-01",null,"2099-12-31",100227584,"Waugh, Clive",null,30]
[null,null,null,null,null,191004,null,"Durham Filipino - Cdn Society Award","Y",null,null,"A","2009-04-01",null,"2099-12-31",100227584,"Waugh, Clive",null,30]
[null,null,null,null,null,191005,null,"M.J. Gerrow Award","Y",null,null,"A","2009-04-01",null,"2099-12-31",100227584,"Waugh, Clive",null,30]
[null,null,null,null,null,191006,null,"Hubbell Canada Award","Y",null,null,"A","2009-04-01",null,"2099-12-31",100227584,"Waugh, Clive",null,30]
[null,null,null,null,null,191007,null,"HSBC Bank Canada Awards","Y",null,null,"A","2009-04-01",null,"2099-12-31",100227584,"Waugh, Clive",null,30]
[null,null,null,null,null,191008,null,"Lenovo (Canada) Inc. Access Awards","Y",null,null,"A","2009-04-01",null,"2099-12-31",100227584,"Waugh, Clive",null,30]
[null,null,null,null,null,191009,null,"Ontario Power Generation Award","Y",null,null,"A","2009-04-01",null,"2099-12-31",100227584,"Waugh, Clive",null,30]
[null,null,null,null,null,191010,null,"Greater Oshawa Chamber of Commerce","Y",null,null,"A","2009-04-01",null,"2099-12-31",100227584,"Waugh, Clive",null,30]
[null,null,null,null,null,191011,null,"Neighbourhoods of Windfields Farm ","Y",null,null,"A","2009-04-01",null,"2099-12-31",100227584,"Waugh, Clive",null,30]
[null,null,null,null,null,191012,null,"Robert Darou Norris Prichard Fund","Y",null,null,"A","2009-04-01",null,"2099-12-31",100227584,"Waugh, Clive",null,30]
[null,null,null,null,null,191013,null,"Vickie Knox Award","Y",null,null,"A","2009-04-01",null,"2099-12-31",100227584,"Waugh, Clive",null,30]
[null,null,null,null,null,191014,null,"Lifelabs Award","Y",null,null,"A","2009-04-01",null,"2099-12-31",100227584,"Waugh, Clive",null,30]
[null,null,null,null,null,191015,null,"The Clinical Lab. Leadership Award","Y",null,null,"A","2009-04-01",null,"2099-12-31",100227584,"Waugh, Clive",null,30]
[null,null,null,null,null,191016,null,"Antionio & Ida Albis Award","Y",null,null,"A","2009-04-01",null,"2099-12-31",100227584,"Waugh, Clive",null,30]
[null,null,null,null,null,191017,null,"Jim Witty Award","Y",null,null,"A","2009-04-01",null,"2099-12-31",100227584,"Waugh, Clive",null,30]
[null,null,null,null,null,191018,null,"Grace Fund Bursary","Y",null,null,"A","2009-04-01",null,"2099-12-31",100227584,"Waugh, Clive",null,30]
[null,null,null,null,null,191019,null,"CLC Residence Life Award","Y",null,null,"A","2009-04-01",null,"2099-12-31",100227584,"Waugh, Clive",null,30]
[null,null,null,null,null,191020,null,"Bill Robinson Bursary","Y",null,null,"A","2009-04-01",null,"2099-12-31",100227584,"Waugh, Clive",null,30]
[null,null,null,null,null,191021,null,"Gamma-Dynacare Scholarship","Y",null,null,"A","2011-06-15",null,"2099-12-31",100227584,"Waugh, Clive",null,30]
[null,null,null,null,null,191022,null,"Echoscan Entrance Scholarship","Y",null,null,"A","2009-04-01",null,"2099-12-31",100227584,"Waugh, Clive",null,30]
[null,null,null,null,null,191023,null,"D. Simmonds Entrepreneurship Award","Y",null,null,"A","2010-09-07",null,"2099-12-31",100227584,"Waugh, Clive",null,30]
[null,null,null,null,null,191024,null,"HR Assoc. of Durham Scholarship","Y",null,null,"A","2009-04-01",null,"2099-12-31",100227584,"Waugh, Clive",null,30]
[null,null,null,null,null,191025,null,"Gary Milovick Memorial Award","Y",null,null,"A","2009-04-01",null,"2099-12-31",100227584,"Waugh, Clive",null,30]
[null,null,null,null,null,191026,null,"KINSA-Best Buy Canada Award","Y",null,null,"A","2009-04-01",null,"2099-12-31",100227584,"Waugh, Clive",null,30]
[null,null,null,null,null,191027,null,"Joseph Rooney Memorial Scholarship","Y",null,null,"A","2009-04-01",null,"2099-12-31",100227584,"Waugh, Clive",null,30]
[null,null,null,null,null,191028,null,"K.J. Blencoe Award","Y",null,null,"A","2009-04-01",null,"2099-12-31",100227584,"Waugh, Clive",null,30]
[null,null,null,null,null,191029,null,"Goodwin Family Bursary","Y",null,null,"A","2009-04-01",null,"2099-12-31",100227584,"Waugh, Clive",null,30]
[null,null,null,null,null,191030,null,"Prudencio Black Bursary","Y",null,null,"A","2009-04-01",null,"2099-12-31",100227584,"Waugh, Clive",null,30]
[null,null,null,null,null,191031,null,"Messier-Dowty Award","Y",null,null,"A","2009-04-01",null,"2099-12-31",100227584,"Waugh, Clive",null,30]
[null,null,null,null,null,191032,null,"Michael Starr Award","Y",null,null,"A","2011-11-14",null,"2099-12-31",100077136,"McGarry, Debbie",null,30]
[null,null,null,null,null,191033,null,"CultureWorks Fund","Y",null,null,"A","2009-04-01",null,"2099-12-31",100227584,"Waugh, Clive",null,30]
[null,null,null,null,null,191034,null,"Expendable General Bursary","Y",null,null,"A","2009-04-01",null,"2099-12-31",100227584,"Waugh, Clive",null,30]
[null,null,null,null,null,191035,null,"Expendable General Scholarship","Y",null,null,"A","2009-04-01",null,"2099-12-31",100227584,"Waugh, Clive",null,30]
[null,null,null,null,null,191036,null,"International Student Emergency Fnd","Y",null,null,"A","2010-09-07",null,"2099-12-31",100227584,"Waugh, Clive",null,30]
[null,null,null,null,null,191037,null,"Emergency Bursary","Y",null,null,"A","2009-04-01",null,"2099-12-31",100227584,"Waugh, Clive",null,30]
[null,null,null,null,null,191038,null,"Central East CCAC Award","Y",null,null,"A","2010-04-01",null,"2099-12-31",100227584,"Waugh, Clive",null,30]
[null,null,null,null,null,191039,null,"West-Moynes Mens Soccer Scholarship","Y",null,null,"A","2010-04-01",null,"2099-12-31",100227584,"Waugh, Clive",null,30]
[null,null,null,null,null,191040,null,"Chris Kostka Leadership Award","Y",null,null,"A","2010-04-01",null,"2099-12-31",100227584,"Waugh, Clive",null,30]
[null,null,null,null,null,191041,null,"ICCD Entrance Scholarship","Y",null,null,"A","2010-04-01",null,"2099-12-31",100227584,"Waugh, Clive",null,30]
[null,null,null,null,null,191042,null,"ICCD Gravina Scholarship","Y",null,null,"A","2010-04-01",null,"2099-12-31",100227584,"Waugh, Clive",null,30]
[null,null,null,null,null,191043,null,"ICCD Space Age Electric Scholarship","Y",null,null,"A","2010-04-01",null,"2099-12-31",100227584,"Waugh, Clive",null,30]
[null,null,null,null,null,191044,null,"ICCD Magnone Scholarship","Y",null,null,"A","2010-04-01",null,"2099-12-31",100227584,"Waugh, Clive",null,30]
[null,null,null,null,null,191045,null,"ICCD Revere & Nova Scholarship","Y",null,null,"A","2010-04-01",null,"2099-12-31",100227584,"Waugh, Clive",null,30]
[null,null,null,null,null,191046,null,"ICCD Osso Scholarship","Y",null,null,"A","2010-04-01",null,"2099-12-31",100227584,"Waugh, Clive",null,30]
[null,null,null,null,null,191047,null,"Stirling Entrance","Y",null,null,"A","2010-04-01",null,"2099-12-31",100227584,"Waugh, Clive",null,30]
[null,null,null,null,null,191048,null,"Stirling Education","Y",null,null,"A","2010-04-01",null,"2099-12-31",100227584,"Waugh, Clive",null,30]
[null,null,null,null,null,191049,null,"Founding Dean of Science Grad Award","Y",null,null,"A","2011-04-01",null,"2099-12-31",100227584,"Waugh, Clive",null,30]
[null,null,null,null,null,191050,null,"Victoria Legacy Expendable Bursary","Y",null,null,"A","2011-08-01",null,"2099-12-31",100227584,"Waugh, Clive",null,30]
[null,null,null,null,null,191051,null,"Robert Coke Memorial Bursary - Exp","Y",null,null,"A","2011-08-23",null,"2099-12-31",100077136,"McGarry, Debbie",null,30]
[null,null,null,null,null,191052,null,"Jo Aldwinckle Award","Y",null,null,"A","2011-11-10",null,"2099-12-31",100077136,"McGarry, Debbie",null,30]
[null,null,null,null,null,191053,null,"Ajax Ride4 Youth Bursary","Y",null,null,"A","2011-12-01",null,"2099-12-31",100077136,"McGarry, Debbie",null,30]
[null,null,null,null,null,191054,null,"Senior Class Challenge Award","Y",null,null,"A","2011-08-01",null,"2099-12-31",100077136,"McGarry, Debbie",null,30]
[null,null,null,null,null,191055,null,"Sr. Class Challenge Award(Student)","Y",null,null,"A","2012-01-20",null,"2099-12-31",100077136,"McGarry, Debbie",null,30]
[null,null,null,null,null,191056,null,"Bobbie McTiernan Bursary","Y",null,null,"A","2012-02-28",null,"2099-12-31",100077136,"McGarry, Debbie",null,30]
[null,null,null,null,null,191057,null,"Vanhaverbeke Scholarship","Y",null,null,"A","2012-03-29",null,"2099-12-31",100077136,"McGarry, Debbie",null,30]
[null,null,null,null,null,191058,null,"McGarry amily Scholarship","Y",null,null,"A","2012-05-31",null,"2099-12-31",100077136,"McGarry, Debbie",null,30]
[null,null,null,null,null,191059,null,"Francis Lyle Somers Mem Bursary","Y",null,null,"A","2012-06-05",null,"2099-12-31",100077136,"McGarry, Debbie",null,30]
[null,null,null,null,null,191060,null,"Independent Project Mgrs Bursary","Y",null,null,"A","2012-06-25",null,"2099-12-31",100077136,"McGarry, Debbie",null,30]
[null,null,null,null,null,191061,null,"RTO D28 Bursary","Y",null,null,"A","2012-11-01",null,"2099-12-31",100077136,"McGarry, Debbie",null,30]
[null,null,null,null,null,191062,null,"Student Success Fund","Y",null,null,"A","2012-11-01",null,"2099-12-31",100077136,"McGarry, Debbie",null,30]
[null,null,null,null,null,191063,null,"Women in Engineering","Y",null,null,"A","2012-11-01",null,"2099-12-31",100077136,"McGarry, Debbie",null,30]
[null,null,null,null,null,191064,null,"Durham Womens Lacrosse League Award","Y",null,null,"A","2013-01-09",null,"2099-12-31",100077136,"McGarry, Debbie",null,30]
[null,null,null,null,null,191065,null,"Oshawa Dental House-Dr. Danis Award","Y",null,null,"A","2013-02-06",null,"2099-12-31",100077136,"McGarry, Debbie",null,30]
[null,null,null,null,null,191066,null,"James Barnett Bursary","Y",null,null,"A","2013-02-06",null,"2099-12-31",100077136,"McGarry, Debbie",null,30]
[null,null,null,null,null,191067,null,"Virani Family Bursary","Y",null,null,"A","2013-02-06",null,"2099-12-31",100077136,"McGarry, Debbie",null,30]
[null,null,null,null,null,191068,null,"Hydro One - WIEUC","Y",null,null,"A","2013-02-19",null,"2099-12-31",100077136,"McGarry, Debbie",null,30]
[null,null,null,null,null,191069,null,"Flaherty Dow Elliott & McCarthy Exp","Y",null,null,"A","2013-02-19",null,"2099-12-31",100077136,"McGarry, Debbie",null,30]
[null,null,null,null,null,191070,null,"COCA Bursary","Y",null,null,"A","2013-02-19",null,"2099-12-31",100077136,"McGarry, Debbie",null,30]
[null,null,null,null,null,191071,null,"OPG-In-Course Scholarship","Y",null,null,"A","2013-03-01",null,"2099-12-31",100077136,"McGarry, Debbie",null,30]
[null,null,null,null,null,191072,null,"Village Suites Oshawa Bursary","Y",null,null,"A","2013-05-01",null,"2099-12-31",100077136,"McGarry, Debbie",null,30]
[null,null,null,null,null,191073,null,"NorthStar(Emergency Fund)","Y",null,null,"A","2013-05-01",null,"2099-12-31",100077136,"McGarry, Debbie",null,30]
[null,null,null,null,null,191074,null,"KPMG Foundation Bursary","Y",null,null,"A","2013-05-15",null,"2099-12-31",100077136,"McGarry, Debbie",null,30]
[null,null,null,null,null,191075,null,"Multicultural Council Bursary","Y",null,null,"A","2013-05-15",null,"2099-12-31",100077136,"McGarry, Debbie",null,30]
[null,null,null,null,null,191076,null,"St. Louis Bar & Grill Award","Y",null,null,"A","2013-06-24",null,"2099-12-31",100077136,"McGarry, Debbie",null,30]
[null,null,null,null,null,191077,null,"Daniel Gazarek Entrepreneurship Awa","Y",null,null,"A","2013-06-24",null,"2099-12-31",100077136,"McGarry, Debbie",null,30]
[null,null,null,null,null,191078,null,"Manon Lemonds & Pierre Hinse Award","Y",null,null,"A","2013-07-15",null,"2099-12-31",100077136,"McGarry, Debbie",null,30]
[null,null,null,null,null,191079,null,"Ian Young Bursary","Y",null,null,"A","2013-07-15",null,"2099-12-31",100077136,"McGarry, Debbie",null,30]
[null,null,null,null,null,191080,null,"Rotary Club of Ajax Bursary","Y",null,null,"A","2013-07-18",null,"2099-12-31",100077136,"McGarry, Debbie",null,30]
[null,null,null,null,null,191081,null,"Class of xx Award","Y",null,null,"A","2013-07-26",null,"2099-12-31",100077136,"McGarry, Debbie",null,30]
[null,null,null,null,null,191082,null,"Five Points Mall Bursary","Y",null,null,"A","2013-08-16",null,"2099-12-31",100077136,"McGarry, Debbie",null,30]
[null,null,null,null,null,191083,null,"Rotary Club of Pickering Bursary","Y",null,null,"A","2013-08-20",null,"2099-12-31",100077136,"McGarry, Debbie",null,30]
[null,null,null,null,null,191084,null,"Five points Mall Ent Scholarship","Y",null,null,"A","2013-08-16",null,"2099-12-31",100077136,"McGarry, Debbie",null,30]
[null,null,null,null,null,191085,null,"Temmer Enterprises Ltd.Bursary","Y",null,null,"A","2013-09-16",null,"2099-12-31",100077136,"McGarry, Debbie",null,30]
[null,null,null,null,null,191086,null,"Ukrainian Credit Union Scholarship","Y",null,null,"A","2013-10-16",null,"2099-12-31",100077136,"McGarry, Debbie",null,30]
[null,null,null,null,null,191087,null,"Owasco Scholarship","Y",null,null,"A","2013-10-16",null,"2099-12-31",100077136,"McGarry, Debbie",null,30]
[null,null,null,null,null,191088,null,"Johnson Inc. Scholarships","Y",null,null,"A","2013-10-16",null,"2099-12-31",100077136,"McGarry, Debbie",null,30]
[null,null,null,null,null,191089,null,"Rotary Club of Port Perry Bursary","Y",null,null,"A","2013-10-24",null,"2099-12-31",100077136,"McGarry, Debbie",null,30]
[null,null,null,null,null,191090,null,"The Compton Family Award","Y",null,null,"A","2013-10-24",null,"2099-12-31",100077136,"McGarry, Debbie",null,30]
[null,null,null,null,null,191091,null,"UNIFOR Social Justice Bursary","Y",null,null,"A","2013-10-24",null,"2099-12-31",100077136,"McGarry, Debbie",null,30]
[null,null,null,null,null,191092,null,"UNIFOR Social Justice Scholarship","Y",null,null,"A","2013-10-24",null,"2099-12-31",100077136,"McGarry, Debbie",null,30]
[null,null,null,null,null,191093,null,"Professional Eng In-Course Schol","Y",null,null,"A","2013-10-29",null,"2099-12-31",100077136,"McGarry, Debbie",null,30]
[null,null,null,null,null,191094,null,"Professional Eng Entrance Schol","Y",null,null,"A","2013-10-29",null,"2099-12-31",100077136,"McGarry, Debbie",null,30]
[null,null,null,null,null,191095,null,"RBC Capstone Award","Y",null,null,"A","2013-11-05",null,"2099-12-31",100077136,"McGarry, Debbie",null,30]
[null,null,null,null,null,191096,null,"Faculty Champion Award-Homecoming","Y",null,null,"A","2013-11-05",null,"2099-12-31",100077136,"McGarry, Debbie",null,30]
[null,null,null,null,null,191097,null,"Student Champion Award-Homecoming","Y",null,null,"A","2013-11-05",null,"2099-12-31",100077136,"McGarry, Debbie",null,30]
[null,null,null,null,null,191098,null,"Alumni Champion Award-Homecoming","Y",null,null,"A","2013-11-05",null,"2099-12-31",100077136,"McGarry, Debbie",null,30]
[null,null,null,null,null,191099,null,"Durham lifelong Learning Bursary","Y",null,null,"A","2013-11-13",null,"2099-12-31",100077136,"McGarry, Debbie",null,30]
[null,null,null,null,null,191100,null,"Firefly Award","Y",null,null,"A","2013-11-15",null,"2099-12-31",100077136,"McGarry, Debbie",null,30]
[null,null,null,null,null,191101,null,"Roger Anderson Charity Classic Burs","Y",null,null,"A","2013-11-21",null,"2099-12-31",100077136,"McGarry, Debbie",null,30]
[null,null,null,null,null,191102,null,"Paul Vessey Bursary","Y",null,null,"A","2013-11-28",null,"2099-12-31",100077136,"McGarry, Debbie",null,30]
[null,null,null,null,null,191103,null,"Rotaract UOIT Bursary","Y",null,null,"A","2013-12-05",null,"2099-12-31",100077136,"McGarry, Debbie",null,30]
[null,null,null,null,null,191104,null,"Rotaract UOIT Scholarship","Y",null,null,"A","2013-12-05",null,"2099-12-31",100077136,"McGarry, Debbie",null,30]
[null,null,null,null,null,191105,null,"SSF- Travel & Conference","Y",null,null,"A","2013-12-05",null,"2099-12-31",100077136,"McGarry, Debbie",null,30]
[null,null,null,null,null,191106,null,"CGA Ontario Bursary","Y",null,null,"A","2013-12-05",null,"2099-12-31",100077136,"McGarry, Debbie",null,30]
[null,null,null,null,null,191107,null,"CGA Ontario Scholarship","Y",null,null,"A","2013-12-16",null,"2099-12-31",100077136,"McGarry, Debbie",null,30]
[null,null,null,null,null,191108,null,"IEEE Toronto section Scholarship","Y",null,null,"A","2014-03-06",null,"2099-12-31",100077136,"McGarry, Debbie",null,30]
[null,null,null,null,null,191109,null,"GE Female in Eng Summer Experience","Y",null,null,"A","2014-03-06",null,"2099-12-31",100077136,"McGarry, Debbie",null,30]
[null,null,null,null,null,191110,null,"ICCD Student Mobility Award","Y",null,null,"A","2014-03-06",null,"2099-12-31",100077136,"McGarry, Debbie",null,30]
[null,null,null,null,null,191111,null,"Women in Networking Scholarship","Y",null,null,"A","2014-06-02",null,"2099-12-31",100077136,"McGarry, Debbie",null,30]
[null,null,null,null,null,191112,null,"Women in Networking Bursary","Y",null,null,"A","2014-06-02",null,"2099-12-31",100077136,"McGarry, Debbie",null,30]
[null,null,null,null,null,191113,null,"IODE, Golden Jubilee Bursary","Y",null,null,"A","2014-06-04",null,"2099-12-31",100077136,"McGarry, Debbie",null,30]
[null,null,null,null,null,191114,null,"Board of Governors' Pathways Award","Y",null,null,"A","2014-06-24",null,"2099-12-31",100077136,"McGarry, Debbie",null,30]
[null,null,null,null,null,191115,null,"Hon. Jim Flaherty Exp. Bursary","Y",null,null,"A","2014-08-27",null,"2099-12-31",100077136,"McGarry, Debbie",null,30]
[null,null,null,null,null,191116,null,"M. Georges Dermarker Scholarship","Y",null,null,"A","2014-08-28",null,"2099-12-31",100077136,"McGarry, Debbie",null,30]
[null,null,null,null,null,191117,null,"Enbridge Indigenous Student Bursary","Y",null,null,"A","2014-10-22",null,"2099-12-31",100077136,"McGarry, Debbie",null,30]
[null,null,null,null,null,191118,null,"SAFA Matched Entrance Award","Y",null,null,"A","2014-11-17",null,"2099-12-31",100077136,"McGarry, Debbie",null,30]
[null,null,null,null,null,191119,null,"SAFA Matched In-Course Award","Y",null,null,"A","2014-11-17",null,"2099-12-31",100077136,"McGarry, Debbie",null,30]
[null,null,null,null,null,191120,null,"Clifford Simmons Scholarship","Y",null,null,"A","2014-11-18",null,"2099-12-31",100077136,"McGarry, Debbie",null,30]
[null,null,null,null,null,191121,null,"Peter MacMillan Bursary","Y",null,null,"A","2014-11-20",null,"2099-12-31",100077136,"McGarry, Debbie",null,30]
[null,null,null,null,null,191122,null,"Peter MacMillan Scholarship","Y",null,null,"A","2014-11-20",null,"2099-12-31",100077136,"McGarry, Debbie",null,30]
[null,null,null,null,null,191123,null,"GM Oshawa Assembly Plant Awards","Y",null,null,"A","2014-11-27",null,"2099-12-31",100077136,"McGarry, Debbie",null,30]
[null,null,null,null,null,191124,null,"Jason Kareem Husain Award","Y",null,null,"A","2014-12-04",null,"2099-12-31",100077136,"McGarry, Debbie",null,30]
[null,null,null,null,null,191125,null,"Levy Family Scholarship","Y",null,null,"A","2014-12-04",null,"2099-12-31",100077136,"McGarry, Debbie",null,30]
[null,null,null,null,null,191126,null,"Gareau Family Bursary","Y",null,null,"A","2015-01-07",null,"2099-12-31",100077136,"McGarry, Debbie",null,30]
[null,null,null,null,null,191127,null,"Marigold Ford Lincoln Entrance","Y",null,null,"A","2015-01-28",null,"2099-12-31",100077136,"McGarry, Debbie",null,30]
[null,null,null,null,null,191128,null,"Marigold Ford Lincoln in-Course","Y",null,null,"A","2015-01-28",null,"2099-12-31",100077136,"McGarry, Debbie",null,30]
[null,null,null,null,null,191129,null,"Veridian Schol in Electrical Eng","Y",null,null,"A","2015-03-05",null,"2099-12-31",100077136,"McGarry, Debbie",null,30]
[null,null,null,null,null,191130,null,"Tom and Linda Mitchell Bursary","Y",null,null,"A","2015-04-28",null,"2099-12-31",100077136,"McGarry, Debbie",null,30]
[null,null,192,null,null,null,null,"IR - Appropriations","N",null,null,"A","2009-04-01",null,"2099-12-31"]
[null,null,null,1920,null,null,null,"IR - Appropriations","N",null,null,"A","2009-04-01",null,"2099-12-31"]
[null,null,null,null,19200,null,null,"IR - Appropriations","N",null,null,"A","2009-04-01",null,"2099-12-31"]
[null,null,null,null,null,192000,null,"IFR - Start-up and PD","Y",null,null,"A","2014-04-14",null,"2099-12-31",null,null,null,17]
[null,null,null,null,null,192001,null,"TELE","Y",null,null,"A","2014-03-31",null,"2099-12-31",null,null,null,17]
[null,null,null,null,null,192002,null,"Deferred Capital Maintenance","Y",null,null,"A","2014-03-31",null,"2099-12-31",null,null,null,17]
[null,null,null,null,null,192003,null,"Student Awards","Y",null,null,"A","2014-03-31",null,"2099-12-31",null,null,null,17]
[null,null,null,null,null,192004,null,"MTCU Working Capital","Y",null,null,"A","2014-03-31",null,"2099-12-31",null,null,null,17]
[null,null,null,null,null,192005,null,"Expendable Donations","Y",null,null,"A","2014-03-31",null,"2099-12-31",null,null,null,17]
[null,null,null,null,null,192006,null,"Student Varsity","Y",null,null,"A","2014-03-31",null,"2099-12-31",null,null,null,17]
[null,null,null,null,null,192007,null,"Student Life","Y",null,null,"A","2014-03-31",null,"2099-12-31",null,null,null,17]
[null,null,null,null,null,192008,null,"GC / UOIT Capital Reserve","Y",null,null,"A","2014-03-31",null,"2099-12-31",null,null,null,17]
[null,null,195,null,null,null,null,"IR - Capital","N",null,null,"A","2009-04-01",null,"2099-12-31"]
[null,null,null,1950,null,null,null,"IR - Capital","N",null,null,"A","2009-04-01",null,"2099-12-31"]
[null,null,null,null,19500,null,null,"IR Capital - FIP","N",null,null,"A","2009-04-01",null,"2099-12-31"]
[null,null,null,null,null,"1950 A",null,"IR Capital FIP General","Y",null,null,"A","2009-04-01",null,"2099-12-31",100477674,"Elliott, Craig",1240,22]
[null,null,null,null,null,195000,null,"FIP Grant","Y",null,null,"A","2009-04-01",null,"2099-12-31",100477674,"Elliott, Craig",1240,22]
[null,null,null,null,null,195001,null,"Trevani Research Lab","Y",null,null,"A","2009-04-01",null,"2099-12-31",100477674,"Elliott, Craig",1240,22]
[null,null,null,null,null,195002,null,"Gaming Lab","Y",null,null,"A","2009-04-01",null,"2099-12-31",100477674,"Elliott, Craig",1240,22]
[null,null,null,null,null,195003,null,"ACE Start-up Operations","Y",null,null,"A","2009-04-01",null,"2099-12-31",100477674,"Elliott, Craig",1240,22]
[null,null,null,null,null,195004,null,"11 Simcoe - FOE","Y",null,null,"A","2009-04-01",null,"2099-12-31",100477674,"Elliott, Craig",1240,22]
[null,null,null,null,null,195005,null,"Maintenance Building","Y",null,null,"A","2009-04-01",null,"2099-12-31",100477674,"Elliott, Craig",1240,22]
[null,null,null,1951,null,null,null,"IR Capital - Funded by Provost","N",null,null,"A","2009-04-01",null,"2099-12-31"]
[null,null,null,null,19510,null,null,"IR Capital - Funded by Provost","N",null,null,"A","2009-04-01",null,"2099-12-31"]
[null,null,null,null,null,"1951 A",null,"IR Capital Provost General","Y",null,null,"A","2009-04-01",null,"2099-12-31",100477674,"Elliott, Craig",1240,22]
[null,null,null,null,null,195100,null,"Provost Proj 1-Lockers in US","Y",null,null,"A","2009-04-01",null,"2099-12-31",100477674,"Elliott, Craig",1240,22]
[null,null,null,null,null,195101,null,"Provost Proj 2-Multi-Media Lab","Y",null,null,"A","2009-04-01",null,"2099-12-31",100477674,"Elliott, Craig",1240,22]
[null,null,null,null,null,195102,null,"FESNS Proj 1-UNENE Research Lab","Y",null,null,"A","2009-04-01",null,"2099-12-31",100477674,"Elliott, Craig",1240,22]
[null,null,null,null,null,195103,null,"FBIT Project 1 - Cisco Lab","Y",null,null,"A","2009-04-01",null,"2099-12-31",100477674,"Elliott, Craig",1240,22]
[null,null,null,null,null,195104,null,"HS Proj 1-Res Lab for W.Bartfay","Y",null,null,"A","2009-04-01",null,"2099-12-31",100477674,"Elliott, Craig",1240,22]
[null,null,null,null,null,195105,null,"HS Project 2 - Kinesiology Lab","Y",null,null,"A","2009-04-01",null,"2099-12-31",100477674,"Elliott, Craig",1240,22]
[null,null,null,null,null,195106,null,"FEAS Project 1 - Eng. UG Lab","Y",null,null,"A","2009-04-01",null,"2099-12-31",100477674,"Elliott, Craig",1240,22]
[null,null,null,null,null,195107,null,"FEAS Proj 2 - Marnie Ham Research","Y",null,null,"A","2009-04-01",null,"2099-12-31",100477674,"Elliott, Craig",1240,22]
[null,null,null,null,null,195108,null,"Science Proj 1-Sharcnet Lab","Y",null,null,"A","2009-04-01",null,"2099-12-31",100477674,"Elliott, Craig",1240,22]
[null,null,null,null,null,195109,null,"Science Proj 2-Leblanc","Y",null,null,"A","2009-04-01",null,"2099-12-31",100477674,"Elliott, Craig",1240,22]
[null,null,null,null,null,195110,null,"Science Proj 3-Forensics Instrument","Y",null,null,"A","2009-04-01",null,"2099-12-31",100477674,"Elliott, Craig",1240,22]
[null,null,null,null,null,195111,null,"Science Proj 4-Dig. Media Comp Sc","Y",null,null,"A","2009-04-01",null,"2099-12-31",100477674,"Elliott, Craig",1240,22]
[null,null,null,null,null,195112,null,"Science Proj 5-Renos to Hold.&Forr","Y",null,null,"A","2009-04-01",null,"2099-12-31",100477674,"Elliott, Craig",1240,22]
[null,null,null,null,null,195113,null,"Science Proj 6-Gaspari Lab Reno","Y",null,null,"A","2009-04-01",null,"2099-12-31",100477674,"Elliott, Craig",1240,22]
[null,null,null,null,null,195114,null,"Science Proj 7-Lewis Research Lab","Y",null,null,"A","2009-04-01",null,"2099-12-31",100477674,"Elliott, Craig",1240,22]
[null,null,null,1952,null,null,null,"IR Capital - Funded by Central","N",null,null,"A","2010-04-01",null,"2099-12-31"]
[null,null,null,null,19520,null,null,"IR Capital - Food Services","N",null,null,"A","2010-04-01",null,"2099-12-31"]
[null,null,null,null,null,195200,null,"Food Services - UB Cafe","Y",null,null,"A","2010-04-01",null,"2099-12-31",100477674,"Elliott, Craig",1240,22]
[null,null,null,null,null,195201,null,"Food Services-Tim Hortons on the GO","Y",null,null,"A","2010-04-01",null,"2099-12-31",100477674,"Elliott, Craig",1240,22]
[null,null,null,null,null,195202,null,"Food Services - Upper Crust","Y",null,null,"A","2010-04-01",null,"2099-12-31",100477674,"Elliott, Craig",1240,22]
[null,null,null,null,19521,null,null,"IR Capital - Downtown Initiatives","N",null,null,"A","2010-04-01",null,"2099-12-31"]
[null,null,null,null,null,195210,null,"CIBC 6th Floor - 2 Simcoe Street","Y",null,null,"A","2010-04-01",null,"2099-12-31",100477674,"Elliott, Craig",1269,22]
[null,null,null,null,null,195211,null,"55 Bond Street - FSSH","Y",null,null,"A","2010-04-01",null,"2099-12-31",100477674,"Elliott, Craig",1265,22]
[null,null,null,null,null,195212,null,"McLaughlin Square","Y",null,null,"A","2010-04-01",null,"2099-12-31",100477674,"Elliott, Craig",1271,22]
[null,"1C",199,null,null,null,null,"Commercial Enterprises","N",null,null,"A","2009-04-01",null,"2099-12-31"]
[null,null,null,1990,null,null,null,"Campus Childcare Centre","N",null,null,"A","2009-04-01",null,"2099-12-31"]
[null,null,null,null,19900,null,null,"Campus Childcare Centre","N",null,null,"A","2009-04-01",null,"2099-12-31"]
[null,null,null,null,null,199000,null,"Campus Childcare Centre","Y",null,null,"A","2009-04-01",null,"2099-12-31",100330050,"McGregor, Carolyn",4120,18]
[null,null,null,1991,null,null,null,"ACE","N",null,null,"A","2009-04-01",null,"2099-12-31"]
[null,null,null,null,19910,null,null,"ACE","N",null,null,"A","2009-04-01",null,"2099-12-31"]
[null,null,null,null,null,199100,null,"ACE","Y",null,null,"A","2014-04-04",null,"2099-12-31",100477674,"Elliott, Craig",5100,18]
[null,null,null,1992,null,null,null,"Regent","N",null,null,"A","2009-04-01",null,"2099-12-31"]
[null,null,null,null,19920,null,null,"Regent","N",null,null,"A","2009-04-01",null,"2099-12-31"]
[null,null,null,null,null,199200,null,"Regent","Y",null,null,"A","2012-03-01",null,"2099-12-31",100477674,"Elliott, Craig",4140,18]
[null,null,null,1993,null,null,null,"Campus Ice & Tennis Centre","N",null,null,"A","2014-04-04",null,"2099-12-31"]
[null,null,null,null,19930,null,null,"Campus Ice & Tennis Centre","N",null,null,"A","2014-04-04",null,"2099-12-31"]
[null,null,null,null,null,199300,null,"Campus Ice & Tennis Centre","Y",null,null,"A","2014-04-29",null,"2099-12-31",100477674,"Elliott, Craig",null,18]
[null,"1D",150,null,null,null,null,"IR Research Funds","N",null,null,"A","2014-04-01",null,"2099-12-31"]
[null,null,null,1500,null,null,null,"IR Research - Start-up & PD","N",null,null,"A","2014-04-01",null,"2099-12-31"]
[null,null,null,null,15000,null,null,"Faculty of BIT","N",null,null,"A","2014-04-01",null,"2099-12-31"]
[null,null,null,null,null,150000,null,"Start-Up & PD - CLOSED","Y",null,null,"I","2014-03-31","2014-03-31","2099-12-31",100222104,"Schell, Bernie",2200,10]
[null,null,null,null,null,150001,null,"Start-Up & PD","Y",null,null,"A","2014-04-01","2025-06-30","2099-12-31",100248285,"Friedlan, John",2200,10]
[null,null,null,null,null,150002,null,"Start-Up & PD","Y",null,null,"A","2014-04-01","2025-06-30","2099-12-31",100045938,"Goodman, William",2200,10]
[null,null,null,null,null,150003,null,"Start-Up & PD - Moved (154034)","Y",null,null,"A","2014-11-28","2014-11-28","2099-12-31",100247808,"Grami, Ali",2200,10]
[null,null,null,null,null,150004,null,"Start-Up & PD - CLOSED","Y",null,null,"I","2014-03-31","2014-03-31","2099-12-31",100241988,"Martin, Clemens",2200,10]
[null,null,null,null,null,150005,null,"Start-Up & PD","Y",null,null,"A","2014-04-01","2025-06-30","2099-12-31",100248231,"Wu, Terry",2200,10]
[null,null,null,null,null,150006,null,"Start-Up & PD - CLOSED","Y",null,null,"I","2014-03-31","2014-03-31","2099-12-31",100250922,"Fong, Wilfred",2200,10]
[null,null,null,null,null,150007,null,"Start-Up & PD","Y",null,null,"A","2014-04-01","2025-06-30","2099-12-31",100273381,"Percival, Jennifer",2200,10]
[null,null,null,null,null,150008,null,"Start-Up & PD","Y",null,null,"A","2014-04-01","2025-06-30","2099-12-31",100273384,"Vargas Martin, Miguel",2200,10]
[null,null,null,null,null,150009,null,"Start-Up & PD","Y",null,null,"A","2014-04-01","2025-06-30","2099-12-31",100257127,"Hung, Patrick",2200,10]
[null,null,null,null,null,150010,null,"Start-Up & PD - CLOSED","Y",null,null,"I","2014-03-31","2014-03-31","2099-12-31",100277397,"Gill, Tripat",2200,10]
[null,null,null,null,null,150011,null,"Start-Up & PD","Y",null,null,"A","2014-04-01","2025-06-30","2099-12-31",100277457,"Karray, Salma",2200,10]
[null,null,null,null,null,150012,null,"Start-Up & PD - CLOSED","Y",null,null,"I","2014-03-31","2014-03-31","2099-12-31",100303408,"Lei, Jing (Jill)",2200,10]
[null,null,null,null,null,150013,null,"Start-Up & PD","Y",null,null,"A","2014-04-01","2025-06-30","2099-12-31",100325445,"Chen, Cuiping",2200,10]
[null,null,null,null,null,150014,null,"Start-Up & PD","Y",null,null,"A","2014-04-01","2025-06-30","2099-12-31",100327697,"El-Khatib, Khalil",2200,10]
[null,null,null,null,null,150015,null,"Start-Up & PD","Y",null,null,"A","2014-04-01","2025-06-30","2099-12-31",100328255,"Zhu, Ying",2200,10]
[null,null,null,null,null,150016,null,"Start-Up & PD - CLOSED","Y",null,null,"I","2014-03-31","2014-03-31","2099-12-31",100328888,"Cox, Raymond",2200,10]
[null,null,null,null,null,150017,null,"Start-Up & PD","Y",null,null,"A","2014-04-01","2025-06-30","2099-12-31",100329395,"Kapralos, Bill",2200,10]
[null,null,null,null,null,150018,null,"Start-Up & PD","Y",null,null,"A","2014-04-01","2025-06-30","2099-12-31",100326420,"Jiang, Ying",2200,10]
[null,null,null,null,null,150019,null,"Start-Up & PD","Y",null,null,"A","2014-11-28","2014-11-28","2099-12-31",100322353,"Ma, Zhenfeng",2200,10]
[null,null,null,null,null,150020,null,"Start-Up & PD","Y",null,null,"A","2014-04-01","2025-06-30","2099-12-31",100328340,"Heydari, Shahram",2200,10]
[null,null,null,null,null,150021,null,"Start-Up & PD","Y",null,null,"A","2014-04-01","2025-06-30","2099-12-31",100352437,"Hogue, Andrew",2200,10]
[null,null,null,null,null,150022,null,"Start-Up & PD","Y",null,null,"A","2014-04-01","2025-06-30","2099-12-31",100330050,"McGregor, Carolyn",2200,10]
[null,null,null,null,null,150023,null,"Start-Up & PD","Y",null,null,"A","2014-04-01","2025-06-30","2099-12-31",100355582,"Smimou, Kamal",2200,10]
[null,null,null,null,null,150024,null,"Start-Up & PD - CLOSED","Y",null,null,"I","2014-03-31","2014-03-31","2099-12-31",100357042,"Chandran, Ravi",2200,10]
[null,null,null,null,null,150025,null,"Start-Up & PD","Y",null,null,"A","2014-04-01","2025-06-30","2099-12-31",100363499,"Chang, Bin",2200,10]
[null,null,null,null,null,150026,null,"Start-Up & PD","Y",null,null,"A","2014-12-05","2014-12-05","2099-12-31",100370788,"Dutta, Shantanu",2200,10]
[null,null,null,null,null,150027,null,"Start-Up & PD","Y",null,null,"A","2014-04-01","2025-06-30","2099-12-31",100361582,"Krasman, Joseph",2200,10]
[null,null,null,null,null,150028,null,"Start-Up & PD","Y",null,null,"A","2014-04-01","2025-06-30","2099-12-31",100362279,"Lin, Xiaodong",2200,10]
[null,null,null,null,null,150029,null,"Start-Up & PD-Closed","Y",null,null,"I","2014-03-31","2014-03-31","2099-12-31",100379408,"Riaz, Suhaib",2200,10]
[null,null,null,null,null,150030,null,"Start-Up & PD","Y",null,null,"A","2014-04-01","2025-06-30","2099-12-31",100380486,"Shi, Wei",2200,10]
[null,null,null,null,null,150031,null,"Start-Up & PD","Y",null,null,"A","2014-04-01","2025-06-30","2099-12-31",100377890,"Ritchie, Pamela",2200,10]
[null,null,null,null,null,150032,null,"Start-Up & PD","Y",null,null,"A","2014-11-28","2014-11-28","2099-12-31",100386869,"Neshkova, Snezhy",2200,10]
[null,null,null,null,null,150033,null,"Start-Up & PD","Y",null,null,"A","2014-04-01","2025-06-30","2099-12-31",100409164,"Surti, Chirag",2200,10]
[null,null,null,null,null,150034,null,"Start-Up & PD","Y",null,null,"A","2014-04-01","2025-06-30","2099-12-31",100381076,"Rowcroft, John",2200,10]
[null,null,null,null,null,150035,null,"Start-Up & PD","Y",null,null,"A","2014-04-01","2025-06-30","2099-12-31",100304079,"Jones, Ferdinand",2200,10]
[null,null,null,null,null,150036,null,"Start-Up & PD","Y",null,null,"A","2014-04-01","2025-06-30","2099-12-31",100436412,"Moretz, Jeff",null,10]
[null,null,null,null,null,150037,null,"Start-Up & PD","Y",null,null,"A","2014-04-01","2025-06-30","2099-12-31",100440940,"Thorpe, Julie",null,10]
[null,null,null,null,null,150038,null,"Start-Up & PD","Y",null,null,"A","2014-04-01","2025-06-30","2099-12-31",100413524,"Kotlyar, Igor",null,10]
[null,null,null,null,null,150039,null,"Start-Up & PD","Y",null,null,"A","2014-04-01","2025-06-30","2099-12-31",100305475,"Ibrahim, Amin",null,10]
[null,null,null,null,null,150040,null,"Start-Up & PD","Y",null,null,"A","2014-04-01","2025-06-30","2099-12-31",100358652,"Hall, Athina",null,10]
[null,null,null,null,null,150041,null,"Start-Up & PD","Y",null,null,"A","2014-04-01","2025-06-30","2099-12-31",100309024,"Bowen, Jane",null,10]
[null,null,null,null,null,150042,null,"Start-Up & PD","Y",null,null,"A","2014-04-01","2025-06-30","2099-12-31",100386627,"Finney, Kenneth",null,10]
[null,null,null,null,null,150043,null,"Start-Up & PD","Y",null,null,"A","2014-04-01","2025-06-30","2099-12-31",100474780,"Nacke, Lennart",null,10]
[null,null,null,null,null,150044,null,"Start-Up & PD","Y",null,null,"A","2014-04-01","2025-06-30","2099-12-31",100389014,"Shapiro, Morden",null,10]
[null,null,null,null,null,150045,null,"Start-Up & PD","Y",null,null,"A","2014-04-01","2025-06-30","2099-12-31",100257488,"Rose, Stephen",null,10]
[null,null,null,null,null,150046,null,"Start-Up & PD","Y",null,null,"A","2014-04-01","2025-06-30","2099-12-31",100414792,"Thurber, William",null,10]
[null,null,null,null,null,150047,null,"Start-Up & PD","Y",null,null,"A","2014-04-01","2025-06-30","2099-12-31",100377555,"Lu, Fletcher",2200,10]
[null,null,null,null,null,150048,null,"Start-Up & PD","Y",null,null,"A","2014-04-01","2025-06-30","2099-12-31",100474080,"Konopaski, Michael",2200,10]
[null,null,null,null,null,150049,null,"Start-Up & PD","Y",null,null,"A","2014-04-01","2025-06-30","2099-12-31",100507176,"Pazzi, Richard",2200,10]
[null,null,null,null,null,150050,null,"Start-Up & PD","Y",null,null,"A","2014-04-01","2025-06-30","2099-12-31",100494532,"Riordan, Ryan",2200,10]
[null,null,null,null,null,150051,null,"Start-Up & PD","Y",null,null,"A","2014-12-05","2014-12-05","2099-12-31",100439673,"Saadi, Samir",2200,10]
[null,null,null,null,null,150052,null,"Start-Up & PD","Y",null,null,"A","2014-04-01","2025-06-30","2099-12-31",100507178,"Marsh, Stephen",2200,10]
[null,null,null,null,null,150054,null,"Start-Up & PD","Y",null,null,"A","2014-04-01","2025-06-30","2099-12-31",100220032,"Baran, Adam",2200,10]
[null,null,null,null,null,150055,null,"Start-Up & PD","Y",null,null,"A","2014-04-01","2025-06-30","2099-12-31",100494531,"Jain, Chinmay",2200,10]
[null,null,null,null,null,150056,null,"Start-Up & PD","Y",null,null,"A","2014-04-01","2025-06-30","2099-12-31",100244335,"Lowe, Joshua",2200,10]
[null,null,null,null,null,150057,null,"Start-Up & PD","Y",null,null,"A","2014-04-01","2025-06-30","2099-12-31",100481739,"Akbari, Hamid",3165,10]
[null,null,null,null,null,150058,null,"Start-Up & PD","Y",null,null,"A","2014-04-01","2025-06-30","2099-12-31",100512231,"Sankaranarayanan, Karthik",3165,10]
[null,null,null,null,null,150059,null,"Start-Up & PD","Y",null,null,"A","2014-04-01","2025-06-30","2099-12-31",100501531,"Mirza-Babaei, Pejman",3165,10]
[null,null,null,null,null,150060,null,"Start-Up & PD","Y",null,null,"A","2014-04-01","2025-06-30","2099-12-31",100480308,"Akalu, Rajen",3165,10]
[null,null,null,null,null,150061,null,"Start-Up & PD","Y",null,null,"A","2014-04-01","2025-06-30","2099-12-31",100517050,"Dhar, Tirtha",3165,10]
[null,null,null,null,null,150062,null,"Start-Up & PD","Y",null,null,"A","2014-04-01","2025-06-30","2099-12-31",100310278,"Aamir, Asifa",3165,10]
[null,null,null,null,null,150063,null,"Start-Up & PD","Y",null,null,"A","2014-07-01","2021-06-30","2099-12-31",100567231,"Zhu, Hui",3166,10]
[null,null,null,null,null,150064,null,"Start-Up & PD","Y",null,null,"A","2014-07-01","2021-06-30","2099-12-31",100549130,"Basir, Nada",3166,10]
[null,null,null,null,null,150065,null,"Start-Up & PD","Y",null,null,"A","2014-07-01","2025-06-30","2099-12-31",100541934,"Sohrab, Serena",3166,10]
[null,null,null,null,15100,null,null,"Faculty of CJPS","N",null,null,"A","2014-04-01",null,"2099-12-31"]
[null,null,null,null,null,151000,null,"Start-Up & PD","Y",null,null,"A","2014-04-01","2025-06-30","2099-12-31",100220884,"Hinch, Ronald",2300,10]
[null,null,null,null,null,151001,null,"Start-Up & PD","Y",null,null,"A","2014-04-01","2025-06-30","2099-12-31",100248315,"Campbell, Brian",2300,10]
[null,null,null,null,null,151002,null,"Start-Up & PD","Y",null,null,"A","2014-04-01","2025-06-30","2099-12-31",100237740,"Crichlow, Wesley",2300,10]
[null,null,null,null,null,151003,null,"Start-Up & PD","Y",null,null,"A","2014-04-01","2025-06-30","2099-12-31",100248290,"Scott, Hannah",2300,10]
[null,null,null,null,null,151004,null,"Start-Up & PD","Y",null,null,"A","2014-04-01","2025-06-30","2099-12-31",100273424,"Alvi, Shahid",2300,10]
[null,null,null,null,null,151005,null,"Start-Up & PD","Y",null,null,"A","2014-04-01","2025-06-30","2099-12-31",100275796,"Clow, Kimberley",2300,10]
[null,null,null,null,null,151006,null,"Start-Up & PD","Y",null,null,"A","2014-12-05","2014-12-05","2099-12-31",100246241,"Dekeseredy, Walter",2300,10]
[null,null,null,null,null,151007,null,"Start-Up & PD","Y",null,null,"A","2014-04-01","2025-06-30","2099-12-31",100273416,"Perry, Barbara",2300,10]
[null,null,null,null,null,151008,null,"Start-Up & PD","Y",null,null,"A","2014-04-01","2025-06-30","2099-12-31",100302652,"Cesaroni, Carla",2300,10]
[null,null,null,null,null,151009,null,"Start-Up & PD","Y",null,null,"A","2014-04-01","2025-06-30","2099-12-31",100325317,"Baglay, Sasha",2300,10]
[null,null,null,null,null,151010,null,"Start-Up & PD","Y",null,null,"A","2014-12-05","2014-12-05","2099-12-31",100326554,"Dragiewicz, Molly",2300,10]
[null,null,null,null,null,151011,null,"Start-Up & PD","Y",null,null,"A","2014-12-05","2014-12-05","2099-12-31",100326826,"Olsson, Patrik",2300,10]
[null,null,null,null,null,151012,null,"Start-Up & PD","Y",null,null,"A","2014-04-01","2025-06-30","2099-12-31",100339617,"Ammar, Nawal",2300,10]
[null,null,null,null,null,151013,null,"Start-Up & PD","Y",null,null,"A","2014-04-01","2025-06-30","2099-12-31",100352028,"Grant, Judith",2300,10]
[null,null,null,null,null,151014,null,"Start-Up & PD","Y",null,null,"A","2014-04-01","2025-06-30","2099-12-31",100352859,"Leach, Amy",2300,10]
[null,null,null,null,null,151015,null,"Start-Up & PD","Y",null,null,"A","2014-04-01","2025-06-30","2099-12-31",100351444,"Zaidi, Arshia",2300,10]
[null,null,null,null,null,151016,null,"Start-Up & PD","Y",null,null,"A","2014-04-01","2025-06-30","2099-12-31",100380513,"Cao, Liqun",2300,10]
[null,null,null,null,null,151017,null,"Start-Up & PD","Y",null,null,"A","2014-04-01","2025-06-30","2099-12-31",100380514,"Cutler, Brian",2300,10]
[null,null,null,null,null,151018,null,"Start-Up & PD","Y",null,null,"A","2014-04-01","2025-06-30","2099-12-31",100379243,"Downing, Steven",2300,10]
[null,null,null,null,null,151019,null,"Start-Up & PD","Y",null,null,"A","2014-11-28","2014-11-28","2099-12-31",100378659,"Sivasubramaniam, Diane",2300,10]
[null,null,null,null,null,151020,null,"Start-Up & PD","Y",null,null,"A","2014-04-01","2025-06-30","2099-12-31",100406402,"Slane, Andrea",2300,10]
[null,null,null,null,null,151021,null,"Start-Up & PD","Y",null,null,"A","2014-04-01","2025-06-30","2099-12-31",100412135,"Shon, Phillip",2300,10]
[null,null,null,null,null,151022,null,"Start-Up & PD","Y",null,null,"A","2014-04-01","2025-06-30","2099-12-31",100384784,"Fernando, Shanti",2300,10]
[null,null,null,null,null,151023,null,"Start-Up & PD","Y",null,null,"A","2014-04-01","2025-06-30","2099-12-31",100408882,"Douai, Aziz",2300,10]
[null,null,null,null,null,151024,null,"Start-Up & PD","Y",null,null,"A","2014-12-05","2014-12-05","2099-12-31",100379246,"Langlois, Ganaele",2300,10]
[null,null,null,null,null,151025,null,"Start-Up & PD","Y",null,null,"A","2014-04-01","2025-06-30","2099-12-31",100228963,"Loverock, Sharon",2300,10]
[null,null,null,null,null,151026,null,"Start-Up & PD - CLOSED","Y",null,null,"I","2014-03-31","2014-03-31","2099-12-31",100328801,"Peepree, Mari",2300,10]
[null,null,null,null,null,151027,null,"Start-Up & PD","Y",null,null,"A","2014-04-01","2025-06-30","2099-12-31",100252204,"King, Alyson",2300,10]
[null,null,null,null,null,151028,null,"Start-Up & PD","Y",null,null,"A","2014-12-05","2014-12-05","2099-12-31",100379249,"Chan, Anthony",2300,10]
[null,null,null,null,null,151029,null,"Start-Up & PD","Y",null,null,"A","2014-04-01","2025-06-30","2099-12-31",100379247,"Pierce, Teresa",2300,10]
[null,null,null,null,null,151030,null,"Start-Up & PD","Y",null,null,"A","2014-04-01","2025-06-30","2099-12-31",100442095,"Ariss, Rachel",null,10]
[null,null,null,null,null,151031,null,"Start-Up & PD","Y",null,null,"A","2014-04-01","2025-06-30","2099-12-31",100442580,"Oman, Natalie",null,10]
[null,null,null,null,null,151032,null,"Start-Up & PD","Y",null,null,"A","2014-11-28","2014-11-28","2099-12-31",100469161,"Redhead, Steve",null,10]
[null,null,null,null,null,151033,null,"Start-Up & PD","Y",null,null,"A","2014-11-28","2014-11-28","2099-12-31",100457367,"Brabazon, Tara",null,10]
[null,null,null,null,null,151034,null,"Start-Up & PD","Y",null,null,"A","2014-04-01","2025-06-30","2099-12-31",100475673,"McMorrow, Thomas",null,10]
[null,null,null,null,null,151035,null,"Start-Up & PD","Y",null,null,"A","2014-04-01","2025-06-30","2099-12-31",100475774,"Macneill, Timothy",null,10]
[null,null,null,null,null,151036,null,"Start-Up & PD","Y",null,null,"A","2014-04-01","2025-06-30","2099-12-31",100476287,"Braithwaite, Andrea",null,10]
[null,null,null,null,null,151037,null,"Start-up & PD","Y",null,null,"A","2014-04-01","2025-06-30","2099-12-31",100502653,"Genosko, Gary",2300,10]
[null,null,null,null,null,151038,null,"Start-up & PD","Y",null,null,"A","2014-04-01","2025-06-30","2099-12-31",100505118,"Shane, Matthew",2300,10]
[null,null,null,null,null,151039,null,"Start-up & PD","Y",null,null,"A","2014-04-01","2025-06-30","2099-12-31",100504929,"Mirrlees, Tanner",2300,10]
[null,null,null,null,null,151040,null,"Start-up & PD","Y",null,null,"A","2014-04-01","2025-06-30","2099-12-31",100507948,"Harkins, Leigh",2300,10]
[null,null,null,null,null,151041,null,"Start-up & PD","Y",null,null,"A","2014-04-01","2025-06-30","2099-12-31",100475775,"Pedersen, Isabel",2300,10]
[null,null,null,null,null,151042,null,"Start-up & PD","Y",null,null,"A","2014-12-05","2014-12-05","2099-12-31",100480309,"Buccieri, Kristy",2300,10]
[null,null,null,null,null,151043,null,"Start-up & PD","Y",null,null,"A","2014-04-01","2025-06-30","2099-12-31",100509952,"Marques, Olga",2300,10]
[null,null,null,null,null,151044,null,"Start-up & PD","Y",null,null,"A","2014-04-01","2025-06-30","2099-12-31",100509890,"Rinaldi, Jen",3165,10]
[null,null,null,null,null,151045,null,"Start-up & PD","Y",null,null,"A","2014-04-01","2025-06-30","2099-12-31",100502654,"Eastwood, Joseph",3165,10]
[null,null,null,null,null,151046,null,"Start-up & PD","Y",null,null,"A","2014-04-01","2025-06-30","2099-12-31",100533242,"Emeno, Karla",3165,10]
[null,null,null,null,null,151047,null,"Start-up & PD","Y",null,null,"A","2014-12-05","2014-12-05","2099-12-31",100538422,"Myers, Nicole",3165,10]
[null,null,null,null,null,151048,null,"Start-up & PD","Y",null,null,"A","2014-04-01","2025-06-30","2099-12-31",100249461,"Aquanno, Scott",3165,10]
[null,null,null,null,null,151049,null,"Start-up & PD","Y",null,null,"A","2014-04-01","2025-06-30","2099-12-31",100541713,"Barnes, Annmarie",3165,10]
[null,null,null,null,null,151050,null,"Start-up & PD","Y",null,null,"A","2014-07-01","2021-06-30","2099-12-31",100573454,"Obar, Jonathan",3129,10]
[null,null,null,null,null,151051,null,"Start-up & PD","Y",null,null,"A","2014-07-01","2021-06-30","2099-12-31",100571983,"Frederick, Tyler",3129,10]
[null,null,null,null,null,151052,null,"Start-up & PD","Y",null,null,"A","2014-07-01","2021-06-30","2099-12-31",100571981,"O'Connor, Christopher",3129,10]
[null,null,null,null,null,151053,null,"Start-up & PD","Y",null,null,"A","2014-07-01","2025-06-30","2099-12-31",100571982,"Dhungana-Sainju, Karla",3166,10]
[null,null,null,null,null,151054,null,"Start-up & PD","Y",null,null,"A","2014-07-01","2025-06-30","2099-12-31",100575625,"Curran, Bruce",3166,10]
[null,null,null,null,null,151055,null,"Start-up & PD","Y",null,null,"A","2014-07-01","2025-06-30","2099-12-31",100542548,"Harel, Jordan",3166,10]
[null,null,null,null,null,151056,null,"Start-up & PD","Y",null,null,"A","2015-01-01","2025-03-31","2099-12-31",100572999,"Walsh, James",2300,10]
[null,null,null,null,15200,null,null,"Faculty of Education","N",null,null,"A","2014-04-01",null,"2099-12-31"]
[null,null,null,null,null,152000,null,"Start-Up & PD - Moved (151025)","Y",null,null,"A","2014-11-28","2014-11-28","2099-12-31",100228963,"Loverock, Sharon",2400,10]
[null,null,null,null,null,152001,null,"Start-Up & PD - Moved (151026)","Y",null,null,"A","2014-10-23","2014-10-31","2099-12-31",100328801,"Peepree, Mari",2400,10]
[null,null,null,null,null,152002,null,"Start-Up & PD - Moved (151027)","Y",null,null,"I","2014-03-31","2014-03-31","2099-12-31",100252204,"King, Alyson",2400,10]
[null,null,null,null,null,152003,null,"Start-Up & PD - Moved (151028)","Y",null,null,"A","2014-11-28","2014-11-28","2099-12-31",100379249,"Chan, Anthony",2400,10]
[null,null,null,null,null,152004,null,"Start-Up & PD - Moved (151029)","Y",null,null,"A","2014-11-28","2014-11-28","2099-12-31",100379247,"Pierce, Teresa",2400,10]
[null,null,null,null,null,152005,null,"Start-Up & PD - CLOSED","Y",null,null,"I","2014-03-31","2014-03-31","2099-12-31",100247810,"Van Oostveen, Roland",2400,10]
[null,null,null,null,null,152006,null,"Start-Up & PD","Y",null,null,"A","2014-04-01","2025-06-30","2099-12-31",100205722,"Hunter, Bill",2400,10]
[null,null,null,null,null,152007,null,"Start-Up & PD - CLOSED","Y",null,null,"I","2014-03-31","2014-03-31","2099-12-31",100246534,"Knaack, Liesel",2400,10]
[null,null,null,null,null,152008,null,"Start-Up & PD","Y",null,null,"A","2014-04-01","2025-06-30","2099-12-31",100247810,"Van Oostveen, Roland",2400,10]
[null,null,null,null,null,152009,null,"Start-Up & PD","Y",null,null,"A","2014-04-01","2025-06-30","2099-12-31",100251861,"Kay, Robin",2400,10]
[null,null,null,null,null,152010,null,"Start-Up & PD","Y",null,null,"A","2014-04-01","2025-06-30","2099-12-31",100049980,"Petrarca, Diana",2400,10]
[null,null,null,null,null,152011,null,"Start-Up & PD (Hold 01-Jul-2012)","Y",null,null,"A","2014-04-01","2025-06-30","2099-12-31",100301215,"Van Nuland, Shirley",2400,10]
[null,null,null,null,null,152012,null,"Start-Up & PD","Y",null,null,"A","2014-04-01","2025-06-30","2099-12-31",100324925,"Lesage, Ann",2400,10]
[null,null,null,null,null,152013,null,"Start-Up & PD (Hold 01-Jul-2012)","Y",null,null,"A","2014-04-01","2025-06-30","2099-12-31",100120774,"Hughes, Janette",null,10]
[null,null,null,null,null,152014,null,"Start-Up & PD","Y",null,null,"A","2014-04-01","2025-06-30","2099-12-31",100354584,"Desjardins, Francois",2400,10]
[null,null,null,null,null,152015,null,"Start-Up & PD","Y",null,null,"A","2014-04-01","2025-06-30","2099-12-31",100339618,"Greenlaw, James",2400,10]
[null,null,null,null,null,152016,null,"Start-Up & PD","Y",null,null,"A","2014-04-01","2025-06-30","2099-12-31",100357417,"Robertson, Lorayne",2400,10]
[null,null,null,null,null,152017,null,"Start-Up & PD - CLOSED","Y",null,null,"I","2014-03-31","2014-03-31","2099-12-31",100247810,"Van Oostveen, Roland",2400,10]
[null,null,null,null,null,152018,null,"Start-Up & PD","Y",null,null,"A","2014-04-01","2025-06-30","2099-12-31",100382985,"Digiuseppe, Maurice",2400,10]
[null,null,null,null,null,152019,null,"Start-Up & PD","Y",null,null,"A","2014-04-01","2025-06-30","2099-12-31",100383535,"Eamer, Allyson",2400,10]
[null,null,null,null,null,152020,null,"Start-Up & PD","Y",null,null,"A","2014-11-25","2014-11-25","2099-12-31",100383536,"Bullock, Shawn",2400,10]
[null,null,null,null,null,152021,null,"Start-Up & PD","Y",null,null,"A","2014-04-01","2025-06-30","2099-12-31",100247811,"Laffier, Jennifer",2400,10]
[null,null,null,null,null,152022,null,"Start-Up & PD","Y",null,null,"A","2014-04-01","2025-06-30","2099-12-31",100298229,"Smith, Shirley",2400,10]
[null,null,null,null,null,152023,null,"Start-Up & PD","Y",null,null,"A","2014-04-01","2025-06-30","2099-12-31",100443052,"Barber, Wendy",2400,10]
[null,null,null,null,null,152024,null,"Start-Up & PD","Y",null,null,"A","2014-04-01","2025-06-30","2099-12-31",100467779,"Li, Jia",2400,10]
[null,null,null,null,null,152025,null,"Start-Up & PD","Y",null,null,"A","2014-04-01","2025-06-30","2099-12-31",100503534,"De Castell, Suzanne",2400,10]
[null,null,null,null,null,152026,null,"Start-Up & PD","Y",null,null,"A","2014-04-01","2025-06-30","2099-12-31",100540933,"Mamolo, Ami",3122,10]
[null,null,null,null,null,152027,null,"Start-Up & PD","Y",null,null,"A","2014-04-01","2025-06-30","2099-12-31",100545367,"Pinto, Laura",3122,10]
[null,null,null,null,null,152028,null,"Start-Up & PD","Y",null,null,"A","2014-09-01","2017-06-01","2099-12-31",100257874,"Dubek, Michelle",3166,10]
[null,null,null,null,15300,null,null,"Faculty of ESNS","N",null,null,"A","2014-04-01",null,"2099-12-31"]
[null,null,null,null,null,153000,null,"Start-Up & PD","Y",null,null,"A","2014-04-01","2025-06-30","2099-12-31",100206922,"Bereznai, George",2100,10]
[null,null,null,null,null,153001,null,"Start-Up & PD","Y",null,null,"A","2014-04-01","2025-06-30","2099-12-31",100248286,"Waller, Ed",2100,10]
[null,null,null,null,null,153002,null,"Start-Up & PD","Y",null,null,"A","2014-04-01","2025-06-30","2099-12-31",100277454,"Nichita, Eleodor",2100,10]
[null,null,null,null,null,153003,null,"Start-Up & PD","Y",null,null,"A","2014-04-01","2025-06-30","2099-12-31",100303773,"Lu, Lixuan",2100,10]
[null,null,null,null,null,153004,null,"Start-Up & PD","Y",null,null,"A","2014-04-01","2025-06-30","2099-12-31",100306125,"Waker, Anthony",2100,10]
[null,null,null,null,null,153005,null,"Start-Up & PD","Y",null,null,"A","2014-04-01","2025-06-30","2099-12-31",100329539,"Harvel, Glenn",2100,10]
[null,null,null,null,null,153006,null,"Start-Up & PD","Y",null,null,"A","2014-04-01","2025-06-30","2099-12-31",100326866,"Pioro, Igor",2100,10]
[null,null,null,null,null,153007,null,"Start-Up & PD","Y",null,null,"A","2014-04-01","2025-06-30","2099-12-31",100305162,"Ikeda, Brian",2100,10]
[null,null,null,null,null,153008,null,"Start-Up & PD","Y",null,null,"A","2014-04-01","2025-06-30","2099-12-31",100355610,"Kaye, Matthew",2100,10]
[null,null,null,null,null,153009,null,"Start-Up & PD","Y",null,null,"A","2014-04-01","2025-06-30","2099-12-31",100383744,"Machrafi, Rachid",2100,10]
[null,null,null,null,null,153010,null,"Start-Up & PD","Y",null,null,"A","2014-04-01","2025-06-30","2099-12-31",100383464,"Gaber, Hossam",2100,10]
[null,null,null,null,null,153011,null,"Start-Up & PD","Y",null,null,"A","2014-04-01","2025-06-30","2099-12-31",100468897,"Froats, John",null,10]
[null,null,null,null,null,153012,null,"Start-Up & PD","Y",null,null,"A","2014-04-01","2025-06-30","2099-12-31",100510442,"McKellar, Jennifer",2100,10]
[null,null,null,null,null,153013,null,"Start-Up & PD","Y",null,null,"A","2014-04-01","2025-06-30","2099-12-31",100281330,"Perera, Sharman",3165,10]
[null,null,null,null,null,153014,null,"Start-Up & PD","Y",null,null,"A","2014-04-01","2025-06-30","2099-12-31",100387800,"Lewis, Brent",3165,10]
[null,null,null,null,null,153015,null,"Start-Up & PD","Y",null,null,"A","2014-04-01","2015-03-31","2099-12-31",100328238,"Hoornweg, Daniel",3310,10]
[null,null,null,null,15400,null,null,"Faculty of EAS","N",null,null,"A","2014-04-01",null,"2099-12-31"]
[null,null,null,null,null,154000,null,"Start-Up & PD","Y",null,null,"A","2014-04-01","2025-06-30","2099-12-31",100219783,"Rosen, Marc",2600,10]
[null,null,null,null,null,154001,null,"Start-Up & PD","Y",null,null,"A","2014-04-01","2025-06-30","2099-12-31",100247809,"Dincer, Ibrahim",2600,10]
[null,null,null,null,null,154002,null,"Start-Up & PD","Y",null,null,"A","2014-04-01","2025-06-30","2099-12-31",100249628,"Esmailzadeh, Ebrahim",2600,10]
[null,null,null,null,null,154003,null,"Start-Up & PD","Y",null,null,"A","2014-04-01","2025-06-30","2099-12-31",100249629,"Pop-Iliev, Remon",2600,10]
[null,null,null,null,null,154004,null,"Start-Up & PD","Y",null,null,"A","2014-04-01","2025-06-30","2099-12-31",100275697,"Nokleby, Scott",2600,10]
[null,null,null,null,null,154005,null,"Start-Up & PD","Y",null,null,"A","2014-04-01","2025-06-30","2099-12-31",100273677,"Rizvi, Ghaus",2600,10]
[null,null,null,null,null,154006,null,"Start-Up & PD","Y",null,null,"A","2014-04-01","2025-06-30","2099-12-31",100256561,"Zhang, Dan",2600,10]
[null,null,null,null,null,154007,null,"Start-Up & PD","Y",null,null,"A","2015-02-10","2015-03-31","2099-12-31",100286765,"Naterer, Greg",2600,10]
[null,null,null,null,null,154008,null,"Start-Up & PD","Y",null,null,"A","2014-04-01","2025-06-30","2099-12-31",100300639,"Shahbazpanahi, Shahram",2600,10]
[null,null,null,null,null,154009,null,"Start-Up & PD","Y",null,null,"A","2014-04-01","2025-06-30","2099-12-31",100303506,"Rohrauer, Greg",2600,10]
[null,null,null,null,null,154010,null,"Start-Up & PD","Y",null,null,"A","2014-04-01","2025-06-30","2099-12-31",100300936,"Liscano, Ramiro",2600,10]
[null,null,null,null,null,154011,null,"Start-Up & PD","Y",null,null,"A","2014-04-01","2025-06-30","2099-12-31",100304708,"He, Yuping",2600,10]
[null,null,null,null,null,154012,null,"Start-Up & PD","Y",null,null,"A","2014-04-01","2025-06-30","2099-12-31",100304969,"Ren, Jing",2600,10]
[null,null,null,null,null,154013,null,"Start-Up & PD","Y",null,null,"A","2014-04-01","2025-06-30","2099-12-31",100327695,"Eklund, Mikael",2600,10]
[null,null,null,null,null,154014,null,"Start-Up & PD","Y",null,null,"A","2014-11-28","2014-11-28","2099-12-31",100329837,"Quan, Vinh",2600,10]
[null,null,null,null,null,154015,null,"Start-Up & PD","Y",null,null,"A","2014-11-28","2014-11-28","2099-12-31",100384140,"Rahbari, Mojgan",2600,10]
[null,null,null,null,null,154016,null,"Start-Up & PD","Y",null,null,"A","2014-04-01","2025-06-30","2099-12-31",100329394,"Bale, Reddy",2600,10]
[null,null,null,null,null,154017,null,"Start-Up & PD","Y",null,null,"A","2015-01-26","2015-01-31","2099-12-31",100212514,"Ham, Marnie",2600,10]
[null,null,null,null,null,154018,null,"Start-Up & PD","Y",null,null,"A","2014-04-01","2025-06-30","2099-12-31",100331066,"Milman, Ruth",2600,10]
[null,null,null,null,null,154019,null,"Start-Up & PD","Y",null,null,"A","2014-04-01","2025-06-30","2099-12-31",100331065,"Wang, Ying",2600,10]
[null,null,null,null,null,154020,null,"Start-Up & PD","Y",null,null,"A","2014-04-01","2025-06-30","2099-12-31",100219783,"Rosen, Marc",2600,10]
[null,null,null,null,null,154021,null,"Start-Up & PD","Y",null,null,"A","2014-04-01","2025-06-30","2099-12-31",100379751,"Dong, Min",2600,10]
[null,null,null,null,null,154022,null,"Start-Up & PD","Y",null,null,"A","2014-04-01","2025-06-30","2099-12-31",100379464,"Kishawy, Hossam",2600,10]
[null,null,null,null,null,154023,null,"Start-Up & PD","Y",null,null,"A","2014-04-01","2025-06-30","2099-12-31",100380113,"Rahnamayan, Shahryar",2600,10]
[null,null,null,null,null,154024,null,"Start-Up & PD","Y",null,null,"A","2014-04-01","2025-06-30","2099-12-31",100355928,"Sood, Vijay",2600,10]
[null,null,null,null,null,154025,null,"Start-Up & PD","Y",null,null,"A","2014-04-01","2025-06-30","2099-12-31",100301357,"Bennett, Michael",2600,10]
[null,null,null,null,null,154026,null,"Start-Up & PD","Y",null,null,"A","2014-04-01","2025-06-30","2099-12-31",100258023,"Gabriel, Kamiel",2600,10]
[null,null,null,null,null,154027,null,"Start-Up & PD","Y",null,null,"A","2014-04-01","2025-06-30","2099-12-31",100305780,"Barari, Ahmad",2600,10]
[null,null,null,null,null,154028,null,"Start-Up & PD","Y",null,null,"A","2014-11-28","2014-11-28","2099-12-31",100442526,"Elbing, Brian",null,10]
[null,null,null,null,null,154029,null,"Start-Up & PD","Y",null,null,"A","2014-04-01","2025-06-30","2099-12-31",100443021,"El-Gindy, Moustafa",null,10]
[null,null,null,null,null,154030,null,"Start-Up & PD","Y",null,null,"A","2014-04-01","2025-06-30","2099-12-31",100443475,"Ibrahim, Walid",null,10]
[null,null,null,null,null,154031,null,"Start-Up & PD","Y",null,null,"A","2014-04-01","2025-06-30","2099-12-31",100461047,"Saniei, Namdar",null,10]
[null,null,null,null,null,154032,null,"Start-Up & PD","Y",null,null,"A","2014-04-01","2025-06-30","2099-12-31",100331805,"Yang, Yuelei",null,10]
[null,null,null,null,null,154033,null,"Start-Up & PD","Y",null,null,"A","2014-04-01","2025-06-30","2099-12-31",100470754,"Agelin-Chaab, Martin",null,10]
[null,null,null,null,null,154034,null,"Start-Up & PD","Y",null,null,"A","2014-04-01","2025-06-30","2099-12-31",100247808,"Grami, Ali",null,10]
[null,null,null,null,null,154035,null,"Start-Up & PD","Y",null,null,"A","2014-04-01","2025-06-30","2099-12-31",100473985,"Sartipi, Kamran",null,10]
[null,null,null,null,null,154036,null,"Start-Up & PD","Y",null,null,"A","2014-04-01","2025-06-30","2099-12-31",100474997,"Sidhu, Tarlochan",null,10]
[null,null,null,null,null,154037,null,"Start-Up & PD","Y",null,null,"A","2014-04-01","2025-06-30","2099-12-31",100478656,"Mohany, Atef",2600,10]
[null,null,null,null,null,154038,null,"Start-Up & PD","Y",null,null,"A","2014-04-01","2025-06-30","2099-12-31",100502315,"Makrehchi, Masoud",2600,10]
[null,null,null,null,null,154039,null,"Start-Up & PD","Y",null,null,"A","2014-04-01","2025-06-30","2099-12-31",100511798,"Mahmoud, Qusay",2600,10]
[null,null,null,null,null,154040,null,"Start-Up & PD","Y",null,null,"A","2014-04-01","2025-06-30","2099-12-31",100514788,"Macdonald, Brendan",null,10]
[null,null,null,null,null,154041,null,"Start-Up & PD","Y",null,null,"A","2014-04-01","2025-06-30","2099-12-31",100533511,"Youssef, Mohamed",null,10]
[null,null,null,null,null,154042,null,"Professional Developement Fund","Y",null,null,"A","2014-04-01","2025-06-30","2099-12-31",100329583,"Farzam, Masoud",3165,10]
[null,null,null,null,null,154043,null,"Professional Developement Fund","Y",null,null,"A","2014-04-01","2025-06-30","2099-12-31",100278876,"Chan, Cliff",3165,10]
[null,null,null,null,null,154044,null,"Professional Developement Fund","Y",null,null,"A","2014-04-01","2025-06-30","2099-12-31",100256082,"Shi, Qi",3165,10]
[null,null,null,null,null,154045,null,"Professional Developement Fund","Y",null,null,"A","2014-04-01","2025-06-30","2099-12-31",100387346,"Wu, Leon",3165,10]
[null,null,null,null,null,154046,null,"Professional Developement Fund","Y",null,null,"A","2014-04-01","2025-06-30","2099-12-31",100251833,"Macleod, Michael",3165,10]
[null,null,null,null,null,154047,null,"Start-up & PD","Y",null,null,"A","2014-10-08","2025-12-31","2099-12-31",100569946,"Williamson, Sheldon",3128,10]
[null,null,null,null,null,154048,null,"Start-up & PD","Y",null,null,"A","2015-01-01","2025-12-31","2099-12-31",100578510,"Lang, Haoxiang",3129,10]
[null,null,null,null,15500,null,null,"Faculty of HS","N",null,null,"A","2014-04-01",null,"2099-12-31"]
[null,null,null,null,null,155000,null,"Start-Up & PD","Y",null,null,"A","2014-04-01","2025-06-30","2099-12-31",100222107,"Byrne, Carolyn",2500,10]
[null,null,null,null,null,155001,null,"Start-Up & PD","Y",null,null,"A","2014-04-01","2025-06-30","2099-12-31",100231726,"Lemonde, Manon",2500,10]
[null,null,null,null,null,155002,null,"Start-Up & PD","Y",null,null,"A","2014-04-01","2025-06-30","2099-12-31",100248287,"Sanchez, Otto",2500,10]
[null,null,null,null,null,155003,null,"Start-Up & PD","Y",null,null,"A","2014-04-01","2025-06-30","2099-12-31",100264020,"Taggart, Holly",2500,10]
[null,null,null,null,null,155004,null,"Start-Up & PD","Y",null,null,"A","2014-04-01","2025-06-30","2099-12-31",100226701,"Vogel, Ellen",2500,10]
[null,null,null,null,null,155005,null,"Start-Up & PD","Y",null,null,"A","2014-04-01","2025-06-30","2099-12-31",100010333,"Stanyon, Wendy",2500,10]
[null,null,null,null,null,155006,null,"Start-Up & PD","Y",null,null,"A","2014-04-01","2025-06-30","2099-12-31",100241938,"Bartfay, Wally",2500,10]
[null,null,null,null,null,155007,null,"Start-Up & PD","Y",null,null,"A","2014-11-28","2014-11-28","2099-12-31",100279892,"McGraw, Mary-Jean",2500,10]
[null,null,null,null,null,155008,null,"Start-Up & PD","Y",null,null,"A","2014-04-01","2025-06-30","2099-12-31",100303417,"Bartfay, Emma",2500,10]
[null,null,null,null,null,155009,null,"Start-Up & PD- Closed","Y",null,null,"I","2014-03-31","2014-03-31","2099-12-31",100332626,"Tashiro, Jay",2500,10]
[null,null,null,null,null,155010,null,"Start-Up & PD","Y",null,null,"A","2014-04-01","2025-06-30","2099-12-31",100329528,"Yoksimovich, Michelle",2500,10]
[null,null,null,null,null,155011,null,"Start-Up & PD","Y",null,null,"A","2014-04-01","2025-06-30","2099-12-31",100353501,"O'Dwyer, Sue",null,10]
[null,null,null,null,null,155012,null,"Start-Up & PD","Y",null,null,"A","2014-11-28","2014-11-28","2099-12-31",100069985,"McKay, Debora",2500,10]
[null,null,null,null,null,155013,null,"Start-Up & PD","Y",null,null,"A","2014-04-01","2025-06-30","2099-12-31",100038331,"Bergeron, Nancy",2500,10]
[null,null,null,null,null,155014,null,"Start-Up & PD","Y",null,null,"A","2014-11-28","2014-11-28","2099-12-31",null,null,null,10]
[null,null,null,null,null,155015,null,"Start-Up & PD","Y",null,null,"A","2014-04-01","2025-06-30","2099-12-31",100354739,"Lindsay, Gail",2500,10]
[null,null,null,null,null,155016,null,"Start-Up & PD","Y",null,null,"A","2014-12-05","2014-12-05","2099-12-31",100352006,"Kumar, Ayush",2500,10]
[null,null,null,null,null,155017,null,"Start-Up & PD","Y",null,null,"A","2014-04-01","2025-06-30","2099-12-31",100343643,"Weaver, Robert",2500,10]
[null,null,null,null,null,155018,null,"Start-Up & PD","Y",null,null,"A","2014-04-01","2025-06-30","2099-12-31",100329759,"Goulding, Helene-Marie",2500,10]
[null,null,null,null,null,155019,null,"Start-Up & PD","Y",null,null,"A","2014-11-28","2014-11-28","2099-12-31",100332239,"Mackinnon, Tracey",2500,10]
[null,null,null,null,null,155020,null,"Start-Up & PD","Y",null,null,"A","2014-04-01","2025-06-30","2099-12-31",100067957,"Thurber, Connie",2500,10]
[null,null,null,null,null,155021,null,"Start-Up & PD","Y",null,null,"A","2014-04-01","2025-06-30","2099-12-31",100358206,"George, Clemon",2500,10]
[null,null,null,null,null,155022,null,"Start-Up & PD - CLOSED","Y",null,null,"A","2014-12-05","2014-12-05","2099-12-31",100260969,"Dicarlo, Christopher",2500,10]
[null,null,null,null,null,155023,null,"Start-Up & PD","Y",null,null,"A","2014-04-01","2025-06-30","2099-12-31",100351443,"Murphy, Bernadette",2500,10]
[null,null,null,null,null,155024,null,"Start-Up & PD","Y",null,null,"A","2015-03-03","2025-06-30","2099-12-31",100309023,"Simpson, Ruth",2500,10]
[null,null,null,null,null,155025,null,"Start-Up & PD","Y",null,null,"A","2014-11-28","2014-11-28","2099-12-31",100303008,"Laird, Amanda",2500,10]
[null,null,null,null,null,155026,null,"Start-Up & PD","Y",null,null,"A","2014-04-01","2025-06-30","2099-12-31",100302661,"Moreau, Evelyn",2500,10]
[null,null,null,null,null,155027,null,"Start-Up & PD","Y",null,null,"A","2014-04-01","2025-06-30","2099-12-31",100378125,"Gamble, Brenda",2500,10]
[null,null,null,null,null,155028,null,"Start-Up & PD","Y",null,null,"A","2014-11-28","2014-11-28","2099-12-31",100377555,"Lu, Fletcher",2500,10]
[null,null,null,null,null,155029,null,"Start-Up & PD","Y",null,null,"I","2015-03-05","2025-06-30","2099-12-31",100380335,"Samis, John",2500,10]
[null,null,null,null,null,155030,null,"Start-Up & PD","Y",null,null,"A","2014-04-01","2025-06-30","2099-12-31",100331998,"Laurie, Joan",2500,10]
[null,null,null,null,null,155031,null,"Start-Up & PD","Y",null,null,"A","2014-04-01","2025-06-30","2099-12-31",100382790,"Bourne, Lavern",2500,10]
[null,null,null,null,null,155032,null,"Start-Up & PD","Y",null,null,"A","2014-04-01","2025-06-30","2099-12-31",100245059,"Johnson, Kerry",2500,10]
[null,null,null,null,null,155033,null,"Start-Up & PD - CLOSED","Y",null,null,"I","2014-03-31","2014-03-31","2099-12-31",100385603,"Wilkinson, Colleen",2500,10]
[null,null,null,null,null,155034,null,"Start-Up & PD","Y",null,null,"A","2014-11-28","2014-11-28","2099-12-31",100334943,"Okazaki, Andrea",2500,10]
[null,null,null,null,null,155035,null,"Start-Up & PD","Y",null,null,"A","2014-04-01","2025-06-30","2099-12-31",100411974,"Coffey, Sue",2500,10]
[null,null,null,null,null,155036,null,"Start-Up & PD","Y",null,null,"A","2014-04-01","2025-06-30","2099-12-31",100356027,"Yielder, Paul",2500,10]
[null,null,null,null,null,155037,null,"Start-Up & PD - CLOSED","Y",null,null,"I","2014-03-31","2014-03-31","2099-12-31",100410575,"Bluechardt, Mary",2500,10]
[null,null,null,null,null,155038,null,"Start-Up & PD","Y",null,null,"A","2014-04-01","2025-06-30","2099-12-31",100440797,"Power, Kevin",null,10]
[null,null,null,null,null,155039,null,"Start-Up & PD","Y",null,null,"A","2014-04-01","2025-06-30","2099-12-31",100438824,"Lloyd, Meghann",null,10]
[null,null,null,null,null,155040,null,"Start-Up & PD","Y",null,null,"A","2014-04-01","2025-06-30","2099-12-31",100112569,"Smeeton, Donna",null,10]
[null,null,null,null,null,155041,null,"Start-Up & PD","Y",null,null,"A","2014-11-28","2014-11-28","2099-12-31",100116004,"Munro-Gilbert, Patricia",null,10]
[null,null,null,null,null,155042,null,"Start-up & PD","Y",null,null,"A","2014-04-01","2025-06-30","2099-12-31",100385524,"Zitzelsberger, Hilde",2500,10]
[null,null,null,null,null,155043,null,"Start-up & PD","Y",null,null,"A","2014-04-01","2025-06-30","2099-12-31",100507748,"Bryant, Toba",2500,10]
[null,null,null,null,null,155044,null,"Start-up & PD","Y",null,null,"A","2014-04-01","2025-06-30","2099-12-31",100076090,"Cote, Pierre",2500,10]
[null,null,null,null,null,155045,null,"Start-up & PD","Y",null,null,"A","2014-04-01","2025-06-30","2099-12-31",100508039,"Balogh, Robert",2500,10]
[null,null,null,null,null,155046,null,"Start-up & PD","Y",null,null,"A","2014-04-01","2025-06-30","2099-12-31",100197832,"Ryan-Harshman, Milly",2500,10]
[null,null,null,null,null,155047,null,"Start-up & PD","Y",null,null,"A","2014-04-01","2025-06-30","2099-12-31",100331135,"Partosoedarso, Elita",2500,10]
[null,null,null,null,null,155048,null,"Start-up & PD","Y",null,null,"A","2014-04-01","2025-06-30","2099-12-31",100510105,"Holmes, Michael",2500,10]
[null,null,null,null,null,155049,null,"Start-Up & PD","Y",null,null,"A","2014-04-01","2025-06-30","2099-12-31",100540322,"Abbass, Jennifer",3165,10]
[null,null,null,null,null,155050,null,"Start-Up & PD","Y",null,null,"A","2014-04-01","2025-06-30","2099-12-31",100540321,"Papaconstantinou, Efrosini",3165,10]
[null,null,null,null,null,155051,null,"Start-Up & PD","Y",null,null,"A","2014-04-01","2025-06-30","2099-12-31",100541981,"Dogra, Shilpa",3165,10]
[null,null,null,null,null,155052,null,"Start-Up & PD","Y",null,null,"A","2014-04-01","2025-06-30","2099-12-31",100542019,"Nonoyama, Mika",3165,10]
[null,null,null,null,null,155053,null,"Start-Up & PD","Y",null,null,"A","2014-07-01","2024-06-30","2099-12-31",100571519,"Wattie, Nick",3166,10]
[null,null,null,null,null,155054,null,"Start-Up & PD","Y",null,null,"A","2014-07-01","2024-06-30","2099-12-31",100571963,"Barakat, Caroline",3127,10]
[null,null,null,null,null,155055,null,"Start-Up & PD","Y",null,null,"A","2014-09-01","2025-09-30","2099-12-31",100569696,"Smye, Victoria",3128,10]
[null,null,null,null,null,155056,null,"Start-Up & PD","Y",null,null,"A","2015-01-19","2025-01-31","2099-12-31",100576316,"Arcand, JoAnne",2500,10]
[null,null,null,null,15600,null,null,"Faculty of Science","N",null,null,"A","2014-04-01",null,"2099-12-31"]
[null,null,null,null,null,156000,null,"Start-Up & PD","Y",null,null,"A","2014-04-01","2025-06-30","2099-12-31",100231025,"Smith, William",2700,10]
[null,null,null,null,null,156001,null,"Start-Up & PD (Hold 01-Jul-2012)","Y",null,null,"A","2014-04-01","2025-06-30","2099-12-31",100242709,"Bardin, Sylvie",2700,10]
[null,null,null,null,null,156002,null,"Start-Up & PD","Y",null,null,"A","2014-04-01","2025-06-30","2099-12-31",100246090,"Bartholomew, Richard",2700,10]
[null,null,null,null,null,156003,null,"Start-Up & PD","Y",null,null,"A","2014-04-01","2025-06-30","2099-12-31",100248291,"Chkrebtii, Anatoli",2700,10]
[null,null,null,null,null,156004,null,"Start-Up & PD","Y",null,null,"A","2014-04-01","2025-06-30","2099-12-31",100248293,"Green-Johnson, Julia",2700,10]
[null,null,null,null,null,156005,null,"Start-Up & PD","Y",null,null,"A","2014-04-01","2025-06-30","2099-12-31",100246238,"Holdway, Douglas",2700,10]
[null,null,null,null,null,156006,null,"Start-Up & PD","Y",null,null,"A","2014-04-01","2025-06-30","2099-12-31",100233405,"Kapoustine, Valeri",2700,10]
[null,null,null,null,null,156007,null,"Start-Up & PD","Y",null,null,"A","2014-04-01","2025-06-30","2099-12-31",100248294,"Lewis, Greg",2700,10]
[null,null,null,null,null,156008,null,"Start-Up & PD","Y",null,null,"A","2014-11-28","2014-11-28","2099-12-31",100226702,"Perz, John",2700,10]
[null,null,null,null,null,156009,null,"Start-Up & PD","Y",null,null,"A","2014-04-01","2025-06-30","2099-12-31",100272987,"Aruliah, Dhavide",2700,10]
[null,null,null,null,null,156010,null,"Start-Up & PD","Y",null,null,"A","2014-12-05","2014-12-05","2099-12-31",100251267,"Berg, Peter",2700,10]
[null,null,null,null,null,156011,null,"Start-Up & PD","Y",null,null,"A","2014-04-01","2025-06-30","2099-12-31",100275792,"Bonetta, Dario",2700,10]
[null,null,null,null,null,156012,null,"Start-Up & PD","Y",null,null,"A","2014-04-01","2025-06-30","2099-12-31",100273436,"Buono, Pietro-Luciano",2700,10]
[null,null,null,null,null,156013,null,"Start-Up & PD","Y",null,null,"A","2014-04-01","2025-06-30","2099-12-31",100275791,"Forrester, Sean",2700,10]
[null,null,null,null,null,156014,null,"Start-Up & PD","Y",null,null,"A","2014-04-01","2025-06-30","2099-12-31",100275793,"Naumkin, Fedor",2700,10]
[null,null,null,null,null,156015,null,"Start-Up & PD","Y",null,null,"A","2014-11-28","2014-11-28","2099-12-31",100274006,"Paal, Krisztina",2700,10]
[null,null,null,null,null,156016,null,"Start-Up & PD","Y",null,null,"A","2014-04-01","2025-06-30","2099-12-31",100254874,"Kletskin, Ilona",2700,10]
[null,null,null,null,null,156017,null,"Start-Up & PD","Y",null,null,"A","2014-04-01",null,"2099-12-31",100303416,"Garside, Christopher",2700,10]
[null,null,null,null,null,156018,null,"Start-Up & PD","Y",null,null,"A","2014-12-05","2014-12-05","2099-12-31",100300259,"Forbes, Shari",2700,10]
[null,null,null,null,null,156019,null,"Start-Up & PD","Y",null,null,"A","2014-04-01","2025-06-30","2099-12-31",100300554,"Green, Mark",2700,10]
[null,null,null,null,null,156020,null,"Start-Up & PD","Y",null,null,"A","2014-04-01","2025-06-30","2099-12-31",100302977,"Coulter, Kevin",2700,10]
[null,null,null,null,null,156021,null,"Start-Up & PD","Y",null,null,"A","2014-04-01","2025-06-30","2099-12-31",100324930,"Easton, Brad",2700,10]
[null,null,null,null,null,156022,null,"Start-Up & PD","Y",null,null,"A","2015-03-10","2025-06-30","2099-12-31",100256659,"Gaspari, Franco",2700,10]
[null,null,null,null,null,156023,null,"Start-Up & PD","Y",null,null,"A","2014-04-01","2025-06-30","2099-12-31",100325441,"Strap, Janice",2700,10]
[null,null,null,null,null,156024,null,"Start-Up & PD","Y",null,null,"A","2014-04-01","2025-06-30","2099-12-31",100324932,"Pu, Ken",2700,10]
[null,null,null,null,null,156025,null,"Start-Up & PD","Y",null,null,"A","2014-04-01","2025-06-30","2099-12-31",100298984,"Bohun, Sean",2700,10]
[null,null,null,null,null,156026,null,"Start-Up & PD","Y",null,null,"A","2014-04-01","2025-06-30","2099-12-31",100280825,"Nugent, Kimberly",2700,10]
[null,null,null,null,null,156027,null,"Start-Up & PD","Y",null,null,"A","2014-04-01","2025-06-30","2099-12-31",100354556,"Bradbury, Jeremy",2700,10]
[null,null,null,null,null,156028,null,"Start-Up & PD - CLOSED","Y",null,null,"I","2014-03-31","2014-03-31","2099-12-31",100352496,"Lorin, Emmanuel",2700,10]
[null,null,null,null,null,156029,null,"Start-Up & PD - CLOSED","Y",null,null,"I","2014-03-31","2014-03-31","2099-12-31",100349942,"Hageman, Cecilia",2700,10]
[null,null,null,null,null,156030,null,"Start-Up & PD","Y",null,null,"A","2014-11-28","2014-11-28","2099-12-31",100357600,"Magri, David",2700,10]
[null,null,null,null,null,156031,null,"Start-Up & PD","Y",null,null,"A","2014-12-05","2014-12-05","2099-12-31",100382286,"Easton, John",2700,10]
[null,null,null,null,null,156032,null,"Start-Up & PD","Y",null,null,"A","2014-04-01","2025-06-30","2099-12-31",100380325,"Desaulniers, Jean-Paul",2700,10]
[null,null,null,null,null,156033,null,"Start-Up & PD","Y",null,null,"A","2014-04-01","2025-06-30","2099-12-31",100380642,"Kirkwood, Andrea",2700,10]
[null,null,null,null,null,156034,null,"Start-Up & PD","Y",null,null,"A","2014-04-01","2025-06-30","2099-12-31",100381043,"Qureshi, Faisal",2700,10]
[null,null,null,null,null,156035,null,"Start-Up & PD","Y",null,null,"A","2014-04-01","2025-06-30","2099-12-31",100381592,"Trevani, Liliana",2700,10]
[null,null,null,null,null,156036,null,"Start-Up & PD","Y",null,null,"A","2014-04-01","2025-06-30","2099-12-31",100386271,"LeBlanc, Helene",2700,10]
[null,null,null,null,null,156037,null,"Start-Up & PD","Y",null,null,"A","2014-04-01","2025-06-30","2099-12-31",100410577,"Van Veen, Lennaert",2700,10]
[null,null,null,null,null,156038,null,"Start-Up & PD","Y",null,null,"A","2014-04-01","2025-06-30","2099-12-31",100425204,"Collins, Christopher",2700,10]
[null,null,null,null,null,156039,null,"Start-Up & PD","Y",null,null,"A","2014-04-01","2025-06-30","2099-12-31",100381572,"Hucaluk, Cristen",2700,10]
[null,null,null,null,null,156040,null,"Start-Up & PD","Y",null,null,"A","2014-04-01","2025-06-30","2099-12-31",100280676,"Dicato, Paula",2700,10]
[null,null,null,null,null,156041,null,"Start-Up & PD","Y",null,null,"A","2014-04-01","2025-06-30","2099-12-31",100262845,"Brar, Rupinder",null,10]
[null,null,null,null,null,156042,null,"Start-Up & PD","Y",null,null,"A","2014-04-01","2025-06-30","2099-12-31",100452301,"Saucier, Deborah",null,10]
[null,null,null,null,null,156043,null,"Start-Up & PD","Y",null,null,"A","2014-04-01","2025-06-30","2099-12-31",100254216,"Beligan, Mihai",null,10]
[null,null,null,null,null,156044,null,"Start-Up & PD","Y",null,null,"A","2014-04-01","2025-06-30","2099-12-31",100357497,"Macmillan, Joseph",null,10]
[null,null,null,null,null,156045,null,"Start-Up & PD","Y",null,null,"A","2014-11-28","2014-11-28","2099-12-31",100475152,"Matchett, Ashley",null,10]
[null,null,null,null,null,156046,null,"Start-up & PD","Y",null,null,"A","2014-04-01","2025-06-30","2099-12-31",100254871,"Tavares, Annette",2700,10]
[null,null,null,null,null,156047,null,"Start-up & PD","Y",null,null,"A","2014-04-01","2025-06-30","2099-12-31",100478321,"Stamatiou, George",2700,10]
[null,null,null,null,null,156048,null,"Start-up & PD","Y",null,null,"A","2014-04-01","2025-06-30","2099-12-31",100286001,"Olaveson, Mary",2700,10]
[null,null,null,null,null,156049,null,"Start-up & PD","Y",null,null,"A","2014-04-01","2025-06-30","2099-12-31",100503031,"Bolshan, Yuri",2700,10]
[null,null,null,null,null,156050,null,"Start-up & PD","Y",null,null,"A","2014-04-01","2025-06-30","2099-12-31",100509486,"Tamblyn, Isaac",2700,10]
[null,null,null,null,null,156051,null,"Start-up & PD","Y",null,null,"A","2014-04-01","2025-06-30","2099-12-31",100349942,"Hageman, Cecilia",3165,10]
[null,null,null,null,null,156052,null,"Start-up & PD","Y",null,null,"A","2014-04-01","2025-06-30","2099-12-31",100537102,"De Haan, Hendrick",3165,10]
[null,null,null,null,null,156053,null,"Start-up & PD","Y",null,null,"A","2014-04-01","2025-06-30","2099-12-31",100476224,"Ebrahimi, Mehran",3165,10]
[null,null,null,null,null,156054,null,"Start-up & PD","Y",null,null,"A","2014-04-01","2025-06-30","2099-12-31",100539147,"Fortier, Randy",3165,10]
[null,null,null,null,null,156055,null,"Start-up & PD","Y",null,null,"A","2014-07-01","2021-06-30","2099-12-31",100569705,"Szlichta, Jaroslaw",3129,10]
[null,null,null,null,null,156056,null,"Start-up & PD","Y",null,null,"A","2014-07-01","2021-06-30","2099-12-31",100570836,"Lafreniere, Nelson",3129,10]
[null,null,null,null,null,156057,null,"Start-up & PD","Y",null,null,"A","2014-07-01","2021-06-30","2099-12-31",100568588,"Zenkina, Olena",3129,10]
[null,null,null,null,null,156058,null,"Start-up & PD","Y",null,null,"A","2014-07-01","2021-06-30","2099-12-31",100550653,"Crawford, Gregory",3129,10]
[null,null,null,null,15900,null,null,"Other","N",null,null,"A","2014-04-01",null,"2099-12-31"]
[null,null,null,null,null,159000,null,"Start-Up & PD","Y",null,null,"A","2014-04-01","2025-06-30","2099-12-31",100221468,"Muirhead, Bill",3100,10]
[null,null,null,null,null,159001,null,"Start-Up & PD","Y",null,null,"A","2014-04-01","2025-06-30","2099-12-31",100372919,"Owen, Michael",3200,10]
[null,null,null,null,null,159002,null,"General Start-Up & PD Fund","Y",null,null,"A","2014-04-01",null,"2099-12-31",null,null,null,10]
[null,null,null,1600,null,null,null,"IR Research - Start-Up (w/ FED)","N",null,null,"A","2014-04-01",null,"2099-12-31"]
[null,null,null,null,16000,null,null,"Faculty of BIT","N",null,null,"A","2014-04-01",null,"2099-12-31"]
[null,null,null,null,null,160000,null,"Start-Up & PD","Y",null,null,"A","2014-04-01",null,"2099-12-31",100377890,"Ritchie, Pamela",2200,10]
[null,null,null,null,null,160001,null,"Residual funds from FSCO Contract","Y",null,null,"A","2015-01-01","2015-12-31","2099-12-31",100076090,"Cote, Pierre",2500,10]
[null,null,null,null,null,160999,null,"Internal Research Residual Fund","Y",null,null,"A","2015-03-26","2030-03-31","2099-12-31",null,null,3200,10]
[null,null,null,null,16100,null,null,"Faculty of CJPS","N",null,null,"A","2014-04-01",null,"2099-12-31"]
[null,null,null,null,null,161000,null,"Start-Up & PD","Y",null,null,"A","2014-04-01",null,"2099-12-31",100339617,"Ammar, Nawal",2300,10]
[null,null,null,null,16200,null,null,"Faculty of Education","N",null,null,"A","2014-04-01",null,"2099-12-31"]
[null,null,null,null,null,162000,null,"Start-Up & PD-Closed","Y",null,null,"I","2014-03-31","2014-03-31","2099-12-31",100339618,"Greenlaw, James",2400,10]
[null,null,null,null,16300,null,null,"Faculty of ESNS","N",null,null,"A","2014-04-01",null,"2099-12-31"]
[null,null,null,null,null,163000,null,"Start-Up & PD","Y",null,null,"A","2014-04-01",null,"2099-12-31",100206922,"Bereznai, George",2100,10]
[null,null,null,null,16400,null,null,"Faculty of EAS","N",null,null,"A","2014-04-01",null,"2099-12-31"]
[null,null,null,null,null,164000,null,"Start-Up & PD-Closed","Y",null,null,"I","2014-03-31","2014-03-31","2099-12-31",100206922,"Bereznai, George",2600,10]
[null,null,null,null,16500,null,null,"Faculty of HS","N",null,null,"A","2014-04-01",null,"2099-12-31"]
[null,null,null,null,null,165000,null,"Start-Up & PD","Y",null,null,"A","2014-04-01",null,"2099-12-31",100410575,"Bluechardt, Mary",2500,10]
[null,null,null,null,null,165001,null,"UOIT/ORS-Understanding","Y",null,null,"A","2014-06-01","2015-03-31","2099-12-31",100541981,"Dogra, Shilpa",2500,10]
[null,null,null,null,16600,null,null,"Faculty of Science","N",null,null,"A","2014-04-01",null,"2099-12-31"]
[null,null,null,null,null,166000,null,"Start-Up & PD","Y",null,null,"A","2014-04-01",null,"2099-12-31",100231025,"Smith, William",2700,10]
[null,null,null,null,16900,null,null,"Other","N",null,null,"A","2014-04-01",null,"2099-12-31"]
[null,null,null,null,null,169000,null,"Start-Up & PD-Closed","Y",null,null,"I","2014-03-31","2014-03-31","2099-12-31",null,null,null,10]
[null,null,null,1700,null,null,null,"IR Research - Other","N",null,null,"A","2014-04-01",null,"2099-12-31"]
[null,null,null,null,17000,null,null,"Faculty of BIT","N",null,null,"A","2014-04-01",null,"2099-12-31"]
[null,null,null,null,null,170000,null,"BIT Team Research","Y",null,null,"A","2014-04-01","2025-06-30","2099-12-31",100377890,"Ritchie, Pamela",2200,10]
[null,null,null,null,17100,null,null,"Faculty of CJPS","N",null,null,"A","2014-04-01",null,"2099-12-31"]
[null,null,null,null,null,171000,null,"Open-Closed","Y",null,null,"I","2014-03-31","2014-03-31","2099-12-31",100339617,"Ammar, Nawal",2300,10]
[null,null,null,null,17200,null,null,"Faculty of Education","N",null,null,"A","2014-04-01",null,"2099-12-31"]
[null,null,null,null,null,172000,null,"Voices of UOIT Project","Y",null,null,"A","2015-02-17","2015-06-30","2099-12-31",100301215,"Van Nuland, Shirley",2400,10]
[null,null,null,null,null,172001,null,"UOIT's Use of Digital Technology","Y",null,null,"A","2014-12-05","2014-12-05","2099-12-31",100354584,"Desjardins, Francois",2400,10]
[null,null,null,null,null,172002,null,"UOIT-Exploration into Assessment","Y",null,null,"A","2014-12-05","2014-12-05","2099-12-31",100357417,"Robertson, Lorayne",2400,10]
[null,null,null,null,17300,null,null,"Faculty of ESNS","N",null,null,"A","2014-04-01",null,"2099-12-31"]
[null,null,null,null,null,173000,null,"Open-Closed","Y",null,null,"I","2014-03-31","2014-03-31","2099-12-31",100206922,"Bereznai, George",2100,10]
[null,null,null,null,null,173001,null,"OPG Management","Y",null,null,"A","2014-04-01","2025-06-30","2099-12-31",100387800,"Lewis, Brent",2100,10]
[null,null,null,null,17400,null,null,"Faculty of EAS","N",null,null,"A","2014-04-01",null,"2099-12-31"]
[null,null,null,null,null,174000,null,"Open","Y",null,null,"A","2014-04-01",null,"2099-12-31",100206922,"Bereznai, George",2600,10]
[null,null,null,null,null,174001,null,"Restart Proj - Heat Engine System-C","Y",null,null,"I","2014-03-31","2014-03-31","2099-12-31",100247809,"Dincer, Ibrahim",2600,10]
[null,null,null,null,17500,null,null,"Faculty of HS","N",null,null,"A","2014-04-01",null,"2099-12-31"]
[null,null,null,null,null,175000,null,"Open-closed","Y",null,null,"I","2014-03-31","2014-03-31","2099-12-31",100410575,"Bluechardt, Mary",2500,10]
[null,null,null,null,17600,null,null,"Faculty of Science","N",null,null,"A","2014-04-01",null,"2099-12-31"]
[null,null,null,null,null,176000,null,"Science Research/Other","Y",null,null,"A","2014-07-30","2025-06-30","2099-12-31",100550653,"Crawford, Gregory",2700,10]
[null,null,null,null,null,176001,null,"CS&V Lab Operational Support","Y",null,null,"A","2014-04-01",null,"2099-12-31",100248294,"Lewis, Greg",2700,10]
[null,null,null,null,17700,null,null,"Matchng Contribution","N",null,null,"A","2014-04-01",null,"2099-12-31"]
[null,null,null,null,null,177000,null,"Internal Matching Contribution","Y",null,null,"A","2014-04-01",null,"2099-12-31",null,null,1202,10]
[null,null,null,null,null,177001,null,"UOITMatching-Activities Southlake","Y",null,null,"A","2014-06-01","2015-06-30","2099-12-31",100327695,"Eklund, Mikael",2600,10]
[null,null,null,null,17900,null,null,"Other","N",null,null,"A","2014-04-01",null,"2099-12-31"]
[null,null,null,null,null,179000,null,"UOIT Support - Ramon's CFI","Y",null,null,"A","2014-04-01",null,"2099-12-31",100253573,"MacIsaac, Brad",3100,10]
[null,null,null,1800,null,null,null,"IR Research - Faculty","N",null,null,"A","2014-04-01",null,"2099-12-31"]
[null,null,null,null,18000,null,null,"IR Research - Faculty","N",null,null,"A","2014-04-01",null,"2099-12-31"]
[null,null,null,null,null,180000,null,"BIT UOIT Overhead","Y",null,null,"A","2014-04-01","2025-06-30","2099-12-31",100377890,"Ritchie, Pamela",2200,10]
[null,null,null,null,null,180001,null,"CJPS UOIT Overhead","Y",null,null,"A","2014-04-01","2025-06-30","2099-12-31",100339617,"Ammar, Nawal",2300,10]
[null,null,null,null,null,180002,null,"Education UOIT Overhead","Y",null,null,"A","2014-04-01","2025-06-30","2099-12-31",100503534,"De Castell, Suzanne",2400,10]
[null,null,null,null,null,180003,null,"ESNS UOIT Overhead","Y",null,null,"A","2014-04-01","2025-06-30","2099-12-31",100206922,"Bereznai, George",2100,10]
[null,null,null,null,null,180004,null,"EAS UOIT Overhead","Y",null,null,"A","2014-04-01","2025-06-30","2099-12-31",100474997,"Sidhu, Tarlochan",2600,10]
[null,null,null,null,null,180005,null,"HS UOIT Overhead","Y",null,null,"A","2014-04-01","2025-06-30","2099-12-31",100410575,"Bluechardt, Mary",2500,10]
[null,null,null,null,null,180006,null,"Science UOIT Overhead","Y",null,null,"A","2014-07-30","2025-06-30","2099-12-31",100550653,"Crawford, Gregory",2700,10]
[null,null,null,null,null,180007,null,"OAPR UOIT Overhead","Y",null,null,"A","2014-04-01","2025-06-30","2099-12-31",100372919,"Owen, Michael",3200,10]
[null,null,null,null,null,180008,null,"Overhead Research Infrastructure","Y",null,null,"A","2014-04-01","2025-06-30","2099-12-31",100372919,"Owen, Michael",1240,10]
[null,null,null,null,null,180009,null,"FSCO - Indirect/Overhead","Y",null,null,"A","2014-04-01","2025-06-30","2099-12-31",100372919,"Owen, Michael",2500,10]
[null,"2A","20 A",null,null,null,null,"Research - General","N",null,null,"A","2009-04-01",null,"2099-12-31"]
[null,null,null,"A200",null,null,null,"Research - General","N",null,null,"A","2009-04-01",null,"2099-12-31"]
[null,null,null,null,"A2000",null,null,"Research - General","N",null,null,"A","2009-04-01",null,"2099-12-31"]
[null,null,null,null,null,"A20000",null,"Research - General","Y",null,null,"A","2009-04-01",null,"2099-12-31",null,null,null,20]
[null,null,200,null,null,null,null,"RSR - Provincial","N",null,null,"A","2009-04-01",null,"2099-12-31"]
[null,null,null,2000,null,null,null,"Prov - Research & Innovation - ORF","N",null,null,"A","2009-04-01",null,"2099-12-31"]
[null,null,null,null,20000,null,null,"Research & Innovation - ORF","N",null,null,"A","2009-04-01",null,"2099-12-31"]
[null,null,null,null,null,200000,null,"ORF-RE w/ UNENE","Y",null,null,"A","2014-10-27","2015-03-31","2099-12-31",100306125,"Waker, Anthony",2100,20]
[null,null,null,null,null,200001,null,"ORF-RE w/ NRCan/AECL (main)","Y",null,null,"A","2014-11-28","2014-11-28","2099-12-31",100286765,"Naterer, Greg",2600,20]
[null,null,null,null,null,200002,null,"ORF-RE w/ NRCan/AECL (Gr 1)","Y",null,null,"A","2014-09-30","2014-03-31","2099-12-31",100247809,"Dincer, Ibrahim",2600,20]
[null,null,null,null,null,200003,null,"ORF-RE w/ NRCan/AECL (Gr 3)","Y",null,null,"A","2014-09-30","2014-03-31","2099-12-31",100286765,"Naterer, Greg",2600,20]
[null,null,null,null,null,200004,null,"ORF-RE w/ NRCan/AECL (Gr 4)","Y",null,null,"A","2014-09-30","2014-03-31","2099-12-31",100275697,"Nokleby, Scott",2600,20]
[null,null,null,null,null,200005,null,"ORF-RE w/ NRCan/AECL (Gr 5)","Y",null,null,"A","2014-09-30","2014-03-31","2099-12-31",100303773,"Lu, Lixuan",2600,20]
[null,null,null,null,null,200006,null,"ORF-RE w/ NRan/AECL (Gr 2)","Y",null,null,"A","2015-04-17","2015-04-17","2099-12-31",100381592,"Trevani, Liliana",2700,20]
[null,null,null,null,null,200007,null,"ORF w/ SHARCNET(SL) - CLOSED","Y",null,null,"I","2014-03-31","2014-03-31","2099-12-31",100231025,"Smith, William",2700,20]
[null,null,null,null,null,200008,null,"ORF w/ SHARCNET","Y",null,null,"A","2014-09-30","2014-03-31","2099-12-31",100452301,"Saucier, Deborah",2700,20]
[null,null,null,null,null,200009,null,"ORF w/ Queen's U","Y",null,null,"A","2014-09-30","2014-03-31","2099-12-31",100251267,"Berg, Peter",2700,20]
[null,null,null,null,null,200010,null,"ORF w/ SHARCNET(SL)","Y",null,null,"A","2014-09-30","2014-03-31","2099-12-31",100410577,"Van Veen, Lennaert",2700,20]
[null,null,null,null,null,200011,null,"ORF w/ OCADU","Y",null,null,"A","2015-01-30","2015-03-31","2099-12-31",100221468,"Muirhead, Bill",2400,20]
[null,null,null,null,null,200012,null,"ORF-RE w/ AECL/PHOENIX Main (G.N)","Y",null,null,"A","2012-01-01","2016-12-31","2099-12-31",100286765,"Naterer, Greg",2600,20]
[null,null,null,null,null,200013,null,"ORF-RE w/ AECL/PHOENIX Group1(G.N)","Y",null,null,"A","2012-01-01","2016-12-31","2099-12-31",100286765,"Naterer, Greg",2600,20]
[null,null,null,null,null,200014,null,"ORF-RE w/ AECL/PHOENIX Group1(K.G)","Y",null,null,"A","2012-01-01","2016-12-31","2099-12-31",100258023,"Gabriel, Kamiel",2600,20]
[null,null,null,null,null,200015,null,"ORF-RE w/ AECL/PHOENIX Grp1(Zh.W)","Y",null,null,"A","2012-01-01","2016-12-31","2099-12-31",100333736,"Wang, Zhaolin",2600,20]
[null,null,null,null,null,200016,null,"ORF-RE w/ AECL/PHOENIX Grp1 (I.P)","Y",null,null,"A","2015-04-30","2016-12-31","2099-12-31",100326866,"Pioro, Igor",2100,20]
[null,null,null,null,null,200017,null,"ORF-RE w/ AECL/PHOENIX Group2 (M.R)","Y",null,null,"A","2012-01-01","2016-12-31","2099-12-31",100219783,"Rosen, Marc",2600,20]
[null,null,null,null,null,200018,null,"ORF-RE w/ AECL/PHOENIX Group2 (I.D)","Y",null,null,"A","2012-01-01","2016-12-31","2099-12-31",100247809,"Dincer, Ibrahim",2600,20]
[null,null,null,null,null,200019,null,"ORF-RE w/ AECL/PHOENIX Group2 (G.N)","Y",null,null,"A","2012-01-01","2016-12-31","2099-12-31",100286765,"Naterer, Greg",2600,20]
[null,null,null,null,null,200020,null,"ORF-RE w/ AECL/PHOENIX Group3 (I.D)","Y",null,null,"A","2012-01-01","2016-12-31","2099-12-31",100247809,"Dincer, Ibrahim",2600,20]
[null,null,null,null,null,200021,null,"ORF-RE w/ AECL/PHOENIX Group3 (M.R)","Y",null,null,"A","2012-01-01","2016-12-31","2099-12-31",100219783,"Rosen, Marc",2600,20]
[null,null,null,null,null,200022,null,"ORF-RE w/ AECL/PHOENIX Group3 (G.N)","Y",null,null,"A","2012-01-01","2016-12-31","2099-12-31",100286765,"Naterer, Greg",2600,20]
[null,null,null,null,null,200023,null,"ORF-RE w/ AECL/PHOENIX Group3 (B.E)","Y",null,null,"A","2012-01-01","2016-12-31","2099-12-31",100324930,"Easton, Brad",2700,20]
[null,null,null,null,null,200024,null,"ORF-RE w/ AECL/PHOENIX Group3 (F.G)","Y",null,null,"A","2012-01-01","2016-12-31","2099-12-31",100256659,"Gaspari, Franco",2700,20]
[null,null,null,null,null,200025,null,"ORF-RE w/ AECL/PHOENIX Group (B.I)","Y",null,null,"A","2015-04-30","2016-12-31","2099-12-31",100305162,"Ikeda, Brian",2100,20]
[null,null,null,null,null,200026,null,"ORF-RE w/ AECL/PHOENIX Group 4(G.R)","Y",null,null,"A","2012-01-01","2016-12-31","2099-12-31",100273677,"Rizvi, Ghaus",2600,20]
[null,null,null,null,null,200027,null,"ORF-RE w/ AECL/PHOENIX Group 4(M.K)","Y",null,null,"A","2012-01-01","2016-12-31","2099-12-31",100355610,"Kaye, Matthew",2100,20]
[null,null,null,null,null,200028,null,"ORF-RE w/ AECL/PHOENIX Group 5(L.L)","Y",null,null,"A","2012-01-01","2016-12-31","2099-12-31",100303773,"Lu, Lixuan",2100,20]
[null,null,null,null,null,200029,null,"ORF-RE w/ AECL/PHOENIX Group 5(D.Z)","Y",null,null,"A","2012-01-01","2016-12-31","2099-12-31",100256561,"Zhang, Dan",2600,20]
[null,null,null,null,null,200030,null,"ORF-RE w/AECL/PHOENIX Students(G.N)","Y",null,null,"A","2012-01-01","2016-12-31","2099-12-31",100286765,"Naterer, Greg",2600,20]
[null,null,null,null,null,200041,null,"ORF RE w/McMaster University","Y",null,null,"A","2015-03-30","2016-08-31","2099-12-31",100473985,"Sartipi, Kamran",2600,20]
[null,null,null,null,null,200042,null,"ORF RE w/Ryerson University","Y",null,null,"A","2011-07-01","2016-06-30","2099-12-31",100355928,"Sood, Vijay",2600,20]
[null,null,null,2010,null,null,null,"Prov - Research & Innovation - Othe","N",null,null,"A","2009-04-01",null,"2099-12-31"]
[null,null,null,null,20100,null,null,"Research & Innovation - Other","N",null,null,"A","2009-04-01",null,"2099-12-31"]
[null,null,null,null,null,201000,null,"ORCP w/ OPIC - CLOSED","Y",null,null,"A","2015-03-09","2015-03-09","2099-12-31",100248286,"Waller, Ed",2100,20]
[null,null,null,null,null,201001,null,"ORCP w/ OPIC - CLOSED","Y",null,null,"I","2014-03-31","2014-03-31","2099-12-31",100377555,"Lu, Fletcher",2500,20]
[null,null,null,null,null,201002,null,"ORCP w/ OPIC - CLOSED","Y",null,null,"I","2014-03-31","2014-03-31","2099-12-31",100273384,"Vargas Martin, Miguel",2200,20]
[null,null,null,null,null,201003,null,"PREA - CLOSED","Y",null,null,"I","2014-03-31","2014-03-31","2099-12-31",100247809,"Dincer, Ibrahim",2600,20]
[null,null,null,null,null,201004,null,"ORCP w/ OPIC - CLOSED","Y",null,null,"I","2014-03-31","2014-03-31","2099-12-31",100327695,"Eklund, Mikael",2600,20]
[null,null,null,null,null,201005,null,"MRI/TSTOP - CLOSED","Y",null,null,"I","2014-03-31","2014-03-31","2099-12-31",100300936,"Liscano, Ramiro",2600,20]
[null,null,null,null,null,201006,null,"ORCP w/ OPIC - CLOSED","Y",null,null,"A","2015-03-11","2015-03-11","2099-12-31",100212514,"Ham, Marnie",2600,20]
[null,null,null,null,null,201007,null,"ORCP w/ OPIC - CLOSED","Y",null,null,"I","2014-03-31","2014-03-31","2099-12-31",100327695,"Eklund, Mikael",2600,20]
[null,null,null,null,null,201008,null,"MRI/YSTOP - CLOSED","Y",null,null,"I","2014-03-31","2014-03-31","2099-12-31",100231025,"Smith, William",2700,20]
[null,null,null,null,null,201009,null,"ORCP w/ OPIC - CLOSED","Y",null,null,"I","2014-03-31","2014-03-31","2099-12-31",100324930,"Easton, Brad",2700,20]
[null,null,null,null,null,201010,null,"MRI/PDFP-Closed","Y",null,null,"I","2014-03-31","2014-03-31","2099-12-31",100246238,"Holdway, Douglas",2700,20]
[null,null,null,null,null,201011,null,"MRI/PDFP","Y",null,null,"A","2015-04-17","2015-04-17","2099-12-31",100300259,"Forbes, Shari",2700,20]
[null,null,null,null,null,201012,null,"ORCP w/ OPIC - CLOSED","Y",null,null,"I","2014-03-31","2014-03-31","2099-12-31",100256659,"Gaspari, Franco",2700,20]
[null,null,null,null,null,201013,null,"MRI/PDFP-closed","Y",null,null,"I","2014-03-31","2014-03-31","2099-12-31",100300259,"Forbes, Shari",2700,20]
[null,null,null,null,null,201014,null,"MRI/PDFP","Y",null,null,"A","2014-09-30","2014-03-31","2099-12-31",100372919,"Owen, Michael",3200,20]
[null,null,null,null,null,201015,null,"MRI","Y",null,null,"A","2014-09-30","2014-03-31","2099-12-31",100286765,"Naterer, Greg",3200,20]
[null,null,null,null,null,201016,null,"ORCP w/ OPIC - Moved (202017)","Y",null,null,"I","2015-03-11","2015-03-11","2099-12-31",100372919,"Owen, Michael",3200,20]
[null,null,null,null,null,201017,null,"MRI/PDFP-Closed","Y",null,null,"I","2014-03-31","2014-03-31","2099-12-31",100327697,"El-Khatib, Khalil",2200,20]
[null,null,null,null,null,201018,null,"MRI - Early Researcher Award","Y",null,null,"A","2015-03-04","2016-06-30","2099-12-31",100256561,"Zhang, Dan",2600,20]
[null,null,null,null,null,201019,null,"MRI - Early Researcher Award-Decent","Y",null,null,"A","2015-03-30","2016-03-31","2099-12-31",100300639,"Shahbazpanahi, Shahram",2600,20]
[null,null,null,null,null,201020,null,"Mobile Experience Innovation Centre","Y",null,null,"I","2015-03-11","2015-03-11","2099-12-31",100300554,"Green, Mark",2700,20]
[null,null,null,null,null,201021,null,"OPIC -POP Grant - CLOSED","Y",null,null,"I","2014-03-31","2014-03-31","2099-12-31",100324930,"Easton, Brad",2700,20]
[null,null,null,null,null,201022,null,"OPIC - Phase 1 - CLOSED","Y",null,null,"I","2014-03-31","2014-03-31","2099-12-31",100247809,"Dincer, Ibrahim",2600,20]
[null,null,null,null,null,201023,null,"OPIC - Building Heating - CLOSED","Y",null,null,"I","2014-03-31","2014-03-31","2099-12-31",100327695,"Eklund, Mikael",2600,20]
[null,null,null,null,null,201024,null,"OPIC - CLOSED","Y",null,null,"I","2014-03-31","2014-03-31","2099-12-31",100324932,"Pu, Ken",2700,20]
[null,null,null,null,null,201025,null,"MRI - UOIT Post Doctoral Fellowship","Y",null,null,"A","2014-09-30","2014-03-31","2099-12-31",100300639,"Shahbazpanahi, Shahram",2600,20]
[null,null,null,null,null,201026,null,"OPIC - Thermochemical - CLOSED","Y",null,null,"I","2014-03-31","2014-03-31","2099-12-31",100422413,"Dulhanty, Ann",3200,20]
[null,null,null,null,null,201027,null,"OPIC - Steam Generator - CLOSED","Y",null,null,"I","2014-03-31","2014-03-31","2099-12-31",100422413,"Dulhanty, Ann",3200,20]
[null,null,null,null,null,201028,null,"OPIC Sub-grant - CLOSED","Y",null,null,"I","2014-03-31","2014-03-31","2099-12-31",100383464,"Gaber, Hossam",2600,20]
[null,null,null,null,null,201029,null,"ISOP Grant","Y",null,null,"A","2014-09-30","2014-03-31","2099-12-31",100326866,"Pioro, Igor",2100,20]
[null,null,null,null,null,201030,null,"MRI Early Researcher Award","Y",null,null,"A","2014-06-24","2014-06-24","2099-12-31",100120774,"Hughes, Janette",2400,20]
[null,null,null,null,null,201031,null,"MRI Early Researcher Award","Y",null,null,"A","2014-09-30","2014-03-31","2099-12-31",100300259,"Forbes, Shari",2700,20]
[null,null,null,null,null,201032,null,"MRI -UOIT Post Doctoral Fellowship","Y",null,null,"A","2014-10-10","2014-10-10","2099-12-31",100331065,"Wang, Ying",2600,20]
[null,null,null,null,null,201033,null,"MRI -HPCG w/SHARCNET","Y",null,null,"A","2014-09-30","2014-03-31","2099-12-31",100246238,"Holdway, Douglas",2700,20]
[null,null,null,null,null,201034,null,"MRI -HPCG w/SHARCNET","Y",null,null,"A","2014-09-30","2014-03-31","2099-12-31",100410577,"Van Veen, Lennaert",2700,20]
[null,null,null,null,null,201035,null,"MEDI-Early research Award","Y",null,null,"A","2012-04-01","2017-12-31","2099-12-31",100379751,"Dong, Min",2600,20]
[null,null,null,null,null,201036,null,"NSERC Engage-Test Cases to Require-","Y",null,null,"I","2015-03-11","2015-03-11","2099-12-31",100380486,"Shi, Wei",2700,20]
[null,null,null,null,null,210232,null,"NSERC Engage-Test Cases to Require","Y",null,null,"A","2014-10-21","2014-10-22","2099-12-31",100380486,"Shi, Wei",2200,20]
[null,null,null,2020,null,null,null,"Prov - Research & Innovation - OCE","N",null,null,"A","2009-04-01",null,"2099-12-31"]
[null,null,null,null,20200,null,null,"OCE","N",null,null,"A","2009-04-01",null,"2099-12-31"]
[null,null,null,null,null,202000,null,"OCE - CLOSED","Y",null,null,"I","2014-03-31","2014-03-31","2099-12-31",100248286,"Waller, Ed",2100,20]
[null,null,null,null,null,202001,null,"OCE IP - CLOSED","Y",null,null,"I","2014-03-31","2014-03-31","2099-12-31",100327697,"El-Khatib, Khalil",2200,20]
[null,null,null,null,null,202002,null,"OCE w/ Various","Y",null,null,"A","2014-10-27","2014-10-31","2099-12-31",100300936,"Liscano, Ramiro",2600,20]
[null,null,null,null,null,202003,null,"OCE w/ Marnoch TP Inc.-Closed","Y",null,null,"I","2014-03-31","2014-03-31","2099-12-31",100286765,"Naterer, Greg",2600,20]
[null,null,null,null,null,202004,null,"OCE IP - CLOSED","Y",null,null,"I","2014-03-31","2014-03-31","2099-12-31",100256561,"Zhang, Dan",2600,20]
[null,null,null,null,null,202005,null,"OCE w/ Walters Inc. - CLOSED","Y",null,null,"I","2014-03-31","2014-03-31","2099-12-31",100355928,"Sood, Vijay",2600,20]
[null,null,null,null,null,202006,null,"OCE","Y",null,null,"A","2014-09-30","2014-03-31","2099-12-31",100331065,"Wang, Ying",2600,20]
[null,null,null,null,null,202007,null,"OCE IP - CLOSED","Y",null,null,"I","2014-03-31","2014-03-31","2099-12-31",100256561,"Zhang, Dan",2600,20]
[null,null,null,null,null,202008,null,"OCE IP - CLOSED","Y",null,null,"I","2014-03-31","2014-03-31","2099-12-31",100256561,"Zhang, Dan",2600,20]
[null,null,null,null,null,202009,null,"OCE - CLOSED","Y",null,null,"I","2014-03-31","2014-03-31","2099-12-31",100248291,"Chkrebtii, Anatoli",2700,20]
[null,null,null,null,null,202010,null,"OCE - CLOSED","Y",null,null,"I","2014-03-31","2014-03-31","2099-12-31",100258023,"Gabriel, Kamiel",2600,20]
[null,null,null,null,null,202011,null,"OCE w/ U of Waterloo - CLOSED","Y",null,null,"I","2014-03-31","2014-03-31","2099-12-31",100383464,"Gaber, Hossam",2100,20]
[null,null,null,null,null,202012,null,"OCE/Cleanfield Energy Inc.","Y",null,null,"A","2014-09-30","2014-03-31","2099-12-31",100247809,"Dincer, Ibrahim",2600,20]
[null,null,null,null,null,202013,null,"OCE - CLOSED","Y",null,null,"I","2014-03-31","2014-03-31","2099-12-31",100275697,"Nokleby, Scott",2600,20]
[null,null,null,null,null,202014,null,"OCE Interact - CLOSED","Y",null,null,"A","2014-11-28","2014-11-28","2099-12-31",100329539,"Harvel, Glenn",2100,20]
[null,null,null,null,null,202015,null,"OCE - OPIC TTN","Y",null,null,"A","2015-04-17","2015-04-17","2099-12-31",100422413,"Dulhanty, Ann",3200,20]
[null,null,null,null,null,202016,null,"OCE - OPIC PoP","Y",null,null,"I","2014-03-31","2014-03-31","2099-12-31",100422413,"Dulhanty, Ann",3200,20]
[null,null,null,null,null,202017,null,"OCE - OPIC TTN w/UOIT","Y",null,null,"I","2014-03-31","2014-03-31","2099-12-31",100372919,"Owen, Michael",3200,20]
[null,null,null,null,null,202018,null,"OCE - IACP w/GGAO-Closed","Y",null,null,"I","2014-03-31","2014-03-31","2099-12-31",100352437,"Hogue, Andrew",2200,20]
[null,null,null,null,null,202019,null,"OCE PoP w/ OPIC-Closed","Y",null,null,"I","2014-03-31","2014-03-31","2099-12-31",100248285,"Friedlan, John",2200,20]
[null,null,null,null,null,202020,null,"OCE PoP w/ OPIC","Y",null,null,"I","2015-03-09","2015-03-09","2099-12-31",100304708,"He, Yuping",2600,20]
[null,null,null,null,null,202021,null,"OCE Market Readiness-closed","Y",null,null,"I","2014-03-31","2014-03-31","2099-12-31",100324932,"Pu, Ken",2700,20]
[null,null,null,null,null,202022,null,"OCE PoP w/ OPIC","Y",null,null,"A","2014-09-30","2014-03-31","2099-12-31",100327695,"Eklund, Mikael",2600,20]
[null,null,null,null,null,202023,null,"OCE Market Readiness","Y",null,null,"A","2014-09-30","2014-03-31","2099-12-31",100330050,"McGregor, Carolyn",2200,20]
[null,null,null,null,null,202024,null,"OCE TPSw/SRI Petrochemical Inc.","Y",null,null,"A","2014-09-30","2014-03-31","2099-12-31",100333736,"Wang, Zhaolin",2600,20]
[null,null,null,null,null,202025,null,"OCE PoP w/ OPIC Phase 2","Y",null,null,"A","2014-09-30","2014-03-31","2099-12-31",100304708,"He, Yuping",2600,20]
[null,null,null,null,null,202026,null,"OCE PoP w/ OPIC","Y",null,null,"A","2014-09-30","2014-03-31","2099-12-31",100286765,"Naterer, Greg",2600,20]
[null,null,null,null,null,202027,null,"OCE PoP w/ OPIC (Marnoch)","Y",null,null,"A","2014-09-30","2014-03-31","2099-12-31",100422413,"Dulhanty, Ann",3200,20]
[null,null,null,null,null,202028,null,"OCE PoP w/ OPIC","Y",null,null,"A","2014-09-30","2014-03-31","2099-12-31",100422413,"Dulhanty, Ann",3200,20]
[null,null,null,null,null,202029,null,"OPIC PoP Interactive AccountingGame","Y",null,null,"A","2014-09-30","2014-03-31","2099-12-31",100248285,"Friedlan, John",2200,20]
[null,null,null,null,null,202030,null,"OCE artemis: Clinical Decision Supp","Y",null,null,"A","2012-11-01","2014-04-30","2099-12-31",100330050,"McGregor, Carolyn",2200,20]
[null,null,null,null,null,202031,null,"OPIC Testing Self Propelled Rotary","Y",null,null,"A","2015-03-11","2015-03-11","2099-12-31",100422413,"Dulhanty, Ann",3200,20]
[null,null,null,null,null,202032,null,"OCE-Spcial Evnt-2013/14(Rplcd202246","Y",null,null,"I","2015-03-11","2015-03-11","2099-12-31",100422413,"Dulhanty, Ann",3200,20]
[null,null,null,null,null,202033,null,"OCE- Level Up Showcase","Y",null,null,"A","2014-09-30","2014-03-31","2099-12-31",100352437,"Hogue, Andrew",2200,20]
[null,null,null,null,null,202034,null,"OCE Technical Problem Solving","Y",null,null,"A","2015-04-17","2015-04-17","2099-12-31",100305780,"Barari, Ahmad",2600,20]
[null,null,null,null,null,202035,null,"OCE Collaborative Grant/Waterloo","Y",null,null,"A","2015-04-28","2015-06-30","2099-12-31",100443475,"Ibrahim, Walid",2600,20]
[null,null,null,null,null,202036,null,"OCE-Special Energy Fund-Ontario Enr","Y",null,null,"A","2015-05-20","2016-04-30","2099-12-31",100383464,"Gaber, Hossam",2100,20]
[null,null,null,null,null,202037,null,"OCE-VIP-Water Pump Design","Y",null,null,"A","2015-03-20","2015-09-03","2099-12-31",100533511,"Youssef, Mohamed",2600,20]
[null,null,null,null,null,202038,null,"OCE-Assist Investigate Test","Y",null,null,"A","2015-04-30","2015-04-30","2099-12-31",100383464,"Gaber, Hossam",2100,20]
[null,null,null,null,null,202039,null,"OCE-Development of Novel Power","Y",null,null,"A","2014-03-03","2014-08-31","2099-12-31",100247809,"Dincer, Ibrahim",2600,20]
[null,null,null,null,null,202040,null,"OCE through MRI-OCEA","Y",null,null,"A","2014-09-01","2016-08-31","2099-12-31",100372919,"Owen, Michael",3200,20]
[null,null,null,null,null,202041,null,"OCE through MRI-OCEA - UOIT Portion","Y",null,null,"A","2015-04-30","2016-08-31","2099-12-31",100372919,"Owen, Michael",3200,20]
[null,null,null,null,20220,null,null,"OCE Connections","N",null,null,"A","2009-04-01",null,"2099-12-31"]
[null,null,null,null,null,202200,null,"OCE CP w/ OPGI - CLOSED","Y",null,null,"I","2014-03-31","2014-03-31","2099-12-31",100305162,"Ikeda, Brian",2100,20]
[null,null,null,null,null,202201,null,"OCE CP w/ DND/DRDC","Y",null,null,"A","2009-04-01","2015-03-31","2099-12-31",100248286,"Waller, Ed",2100,20]
[null,null,null,null,null,202202,null,"OCE CP w/ NRCan/AECL - CLOSED","Y",null,null,"I","2014-03-31","2014-03-31","2099-12-31",100355610,"Kaye, Matthew",2100,20]
[null,null,null,null,null,202203,null,"OCE CP w/ Bruce Power - CLOSED","Y",null,null,"I","2014-03-31","2014-03-31","2099-12-31",100329539,"Harvel, Glenn",2100,20]
[null,null,null,null,null,202204,null,"OCE CP w/ NRCan/AECL - CLOSED","Y",null,null,"I","2014-03-31","2014-03-31","2099-12-31",100355610,"Kaye, Matthew",2100,20]
[null,null,null,null,null,202205,null,"OCE CP w/ DND/DRDC - CLOSED","Y",null,null,"I","2014-03-31","2014-03-31","2099-12-31",100248286,"Waller, Ed",2100,20]
[null,null,null,null,null,202206,null,"OCE CP w/ Mindmatter - CLOSED","Y",null,null,"I","2014-03-31","2014-03-31","2099-12-31",100304708,"He, Yuping",2600,20]
[null,null,null,null,null,202207,null,"OCE CP w/ Various","Y",null,null,"A","2014-10-27","2015-03-31","2099-12-31",100249629,"Pop-Iliev, Remon",2600,20]
[null,null,null,null,null,202208,null,"OCE CP w/ BRIC ES Ltd. - CLOSED","Y",null,null,"I","2014-03-31","2014-03-31","2099-12-31",100275697,"Nokleby, Scott",2600,20]
[null,null,null,null,null,202209,null,"OCE CP","Y",null,null,"I","2015-03-11","2015-03-11","2099-12-31",100372919,"Owen, Michael",3200,20]
[null,null,null,null,null,202210,null,"OCE CP w/BRIC ES Ltd.","Y",null,null,"A","2014-09-30","2014-03-31","2099-12-31",100275697,"Nokleby, Scott",2600,20]
[null,null,null,null,null,202211,null,"OCE CP w/ Industry Partners - CLOSE","Y",null,null,"I","2015-03-11","2015-03-11","2099-12-31",100305780,"Barari, Ahmad",2600,20]
[null,null,null,null,null,202212,null,"OCE CP w/Ecobee-Closed","Y",null,null,"I","2014-03-31","2014-03-31","2099-12-31",100331805,"Yang, Yuelei",2600,20]
[null,null,null,null,null,202213,null,"OCE CP w/Thermadie/Enable - CLOSED","Y",null,null,"I","2014-03-31","2014-03-31","2099-12-31",100212514,"Ham, Marnie",2600,20]
[null,null,null,null,null,202214,null,"OCE CP - CLOSED","Y",null,null,"I","2014-03-31","2014-03-31","2099-12-31",100256561,"Zhang, Dan",2600,20]
[null,null,null,null,null,202215,null,"OCE CP w/Genist/String Co. - CLOSED","Y",null,null,"I","2014-03-31","2014-03-31","2099-12-31",100304708,"He, Yuping",2600,20]
[null,null,null,null,null,202216,null,"OCE CP w/Enable Industries - CLOSED","Y",null,null,"I","2014-03-31","2014-03-31","2099-12-31",100379464,"Kishawy, Hossam",2600,20]
[null,null,null,null,null,202217,null,"OCE CP w/AECL - CLOSED","Y",null,null,"I","2014-03-31","2014-03-31","2099-12-31",100355610,"Kaye, Matthew",2100,20]
[null,null,null,null,null,202218,null,"OCE CP Event 2010 - CLOSED","Y",null,null,"I","2014-03-31","2014-03-31","2099-12-31",100231025,"Smith, William",2700,20]
[null,null,null,null,null,202219,null,"OCE CP w/Durmach Co. - CLOSED","Y",null,null,"I","2014-03-31","2014-03-31","2099-12-31",100305780,"Barari, Ahmad",2600,20]
[null,null,null,null,null,202220,null,"OCE CP w/Aquavion","Y",null,null,"A","2014-10-27","2015-03-31","2099-12-31",100212514,"Ham, Marnie",2600,20]
[null,null,null,null,null,202221,null,"OCE CP w/Lam & Associates","Y",null,null,"A","2014-09-30","2014-03-31","2099-12-31",100331805,"Yang, Yuelei",2600,20]
[null,null,null,null,null,202222,null,"OCE CP w/Genist/AESCO - CLOSED","Y",null,null,"I","2014-03-31","2014-03-31","2099-12-31",100304708,"He, Yuping",2600,20]
[null,null,null,null,null,202223,null,"OCE CP w/Jet Moulding - CLOSED","Y",null,null,"I","2014-03-31","2014-03-31","2099-12-31",100379464,"Kishawy, Hossam",2600,20]
[null,null,null,null,null,202224,null,"OCE CP w/Net Output Inc","Y",null,null,"A","2014-09-30","2014-03-31","2099-12-31",100358652,"Hall, Athina",2200,20]
[null,null,null,null,null,202225,null,"OCE CP w/Aquavion Systems - CLOSED","Y",null,null,"I","2014-03-31","2014-03-31","2099-12-31",100273381,"Percival, Jennifer",2200,20]
[null,null,null,null,null,202226,null,"FBIT OCE CP","Y",null,null,"A","2014-09-30","2014-03-31","2099-12-31",100377890,"Ritchie, Pamela",2200,20]
[null,null,null,null,null,202227,null,"OCE CP Event 2011 - CLOSED","Y",null,null,"I","2014-03-31","2014-03-31","2099-12-31",100422413,"Dulhanty, Ann",3200,20]
[null,null,null,null,null,202228,null,"OCE CP 10-11 w/AECL - CLOSED","Y",null,null,"I","2014-03-31","2014-03-31","2099-12-31",100355610,"Kaye, Matthew",2100,20]
[null,null,null,null,null,202229,null,"OCE CP w/ Magna Powetrain Systems","Y",null,null,"A","2014-09-30","2014-03-31","2099-12-31",100379464,"Kishawy, Hossam",2600,20]
[null,null,null,null,null,202230,null,"OCE CP w/ CAMECO (A)","Y",null,null,"A","2014-09-30","2014-03-31","2099-12-31",100275697,"Nokleby, Scott",2600,20]
[null,null,null,null,null,202231,null,"OCE CP w/ CAMECO (B)","Y",null,null,"A","2014-09-30","2014-03-31","2099-12-31",100275697,"Nokleby, Scott",2600,20]
[null,null,null,null,null,202232,null,"OCE CP w/ Durmah Tooling Company","Y",null,null,"A","2015-03-09","2015-03-09","2099-12-31",100305780,"Barari, Ahmad",2600,20]
[null,null,null,null,null,202233,null,"OCE CP w/ Gerdau Ameristell Company","Y",null,null,"A","2015-03-11","2015-03-11","2099-12-31",100305780,"Barari, Ahmad",2600,20]
[null,null,null,null,null,202234,null,"OCE CP w/ Shimfrez Inc.","Y",null,null,"A","2015-03-09","2015-03-09","2099-12-31",100247809,"Dincer, Ibrahim",2600,20]
[null,null,null,null,null,202235,null,"OCE CP w/ Pharma Trust","Y",null,null,"A","2014-10-27","2015-03-31","2099-12-31",100331805,"Yang, Yuelei",2600,20]
[null,null,null,null,null,202236,null,"OCE CP w/ OPG/Bruce Power","Y",null,null,"A","2012-03-07","2015-03-31","2099-12-31",100305162,"Ikeda, Brian",2100,20]
[null,null,null,null,null,202237,null,"OCE CP w/ Aquavion Systems Corp (A)","Y",null,null,"A","2014-09-30","2014-03-31","2099-12-31",100212514,"Ham, Marnie",2600,20]
[null,null,null,null,null,202238,null,"OCE CP w/ Aquavion Systems Corp (B)","Y",null,null,"A","2014-09-30","2014-03-31","2099-12-31",100212514,"Ham, Marnie",2600,20]
[null,null,null,null,null,202239,null,"OCE CP Presentation Event 2012","Y",null,null,"A","2014-09-30","2014-03-31","2099-12-31",100422413,"Dulhanty, Ann",3200,20]
[null,null,null,null,null,202240,null,"OCE Connection","Y",null,null,"A","2014-10-27","2015-03-31","2099-12-31",100331805,"Yang, Yuelei",2600,20]
[null,null,null,null,null,202241,null,"OCE Connection","Y",null,null,"A","2012-09-03","2014-03-31","2099-12-31",100305780,"Barari, Ahmad",2600,20]
[null,null,null,null,null,202242,null,"OCE Connection","Y",null,null,"A","2012-09-03","2014-03-31","2099-12-31",100305780,"Barari, Ahmad",2600,20]
[null,null,null,null,null,202243,null,"OCE Connection","Y",null,null,"A","2012-09-03","2014-03-31","2099-12-31",100327695,"Eklund, Mikael",2600,20]
[null,null,null,null,null,202244,null,"OCE Connection - March 2013","Y",null,null,"A","2014-10-27","2015-03-31","2099-12-31",100331805,"Yang, Yuelei",2600,20]
[null,null,null,null,null,202245,null,"OCE Connection - 2013","Y",null,null,"A","2015-03-09","2015-03-09","2099-12-31",100327695,"Eklund, Mikael",2600,20]
[null,null,null,null,null,202246,null,"OCE -Special Event -2013-2014","Y",null,null,"A","2014-11-12","2014-11-12","2099-12-31",100422413,"Dulhanty, Ann",3200,20]
[null,null,null,null,null,202247,null,"OCE VIP w/Standard Power Corp.","Y",null,null,"A","2015-04-11","2016-04-01","2099-12-31",100381043,"Qureshi, Faisal",2700,20]
[null,null,null,2080,null,null,null,"Provincial - Other","N",null,null,"A","2009-04-01",null,"2099-12-31"]
[null,null,null,null,20800,null,null,"Provincial - Other","N",null,null,"A","2009-04-01",null,"2099-12-31"]
[null,null,null,null,null,208000,null,"MHLTC/HFO/IHEIFM - CLOSED","Y",null,null,"A","2014-11-28","2014-11-28","2099-12-31",100332626,"Tashiro, Jay",2500,20]
[null,null,null,null,null,208001,null,"MHLTC/HFO - CLOSED","Y",null,null,"I","2014-03-31","2014-03-31","2099-12-31",100222107,"Byrne, Carolyn",2500,20]
[null,null,null,null,null,208002,null,"MHLTC/CCAC/CE - CLOSED","Y",null,null,"I","2014-03-31","2014-03-31","2099-12-31",100231726,"Lemonde, Manon",2500,20]
[null,null,null,null,null,208003,null,"ME/DCDSB - CLOSED","Y",null,null,"I","2014-03-31","2014-03-31","2099-12-31",100324925,"Lesage, Ann",2400,20]
[null,null,null,null,null,208004,null,"MEO-Closed","Y",null,null,"I","2014-03-31","2014-03-31","2099-12-31",100219783,"Rosen, Marc",2600,20]
[null,null,null,null,null,208005,null,"NCE/MITACS w/ MTCU & Dynac - CLOSED","Y",null,null,"I","2014-03-31","2014-03-31","2099-12-31",100300936,"Liscano, Ramiro",2600,20]
[null,null,null,null,null,208006,null,"NCE/MITACS w/ MTCU/Hinext - CLOSED","Y",null,null,"I","2014-03-31","2014-03-31","2099-12-31",100257127,"Hung, Patrick",2200,20]
[null,null,null,null,null,208007,null,"NCE/MITACS w/ MTCU & Canbe - CLOSED","Y",null,null,"I","2014-03-31","2014-03-31","2099-12-31",100383744,"Machrafi, Rachid",2100,20]
[null,null,null,null,null,208008,null,"MHLTC/CCAC","Y",null,null,"A","2009-04-01","2015-03-31","2099-12-31",100231726,"Lemonde, Manon",2500,20]
[null,null,null,null,null,208009,null,"NCE/MITACS w/ MTCU & Canbe - CLOSED","Y",null,null,"I","2014-03-31","2014-03-31","2099-12-31",100383744,"Machrafi, Rachid",2100,20]
[null,null,null,null,null,208010,null,"NSAC-Closed","Y",null,null,"I","2014-03-31","2014-03-31","2099-12-31",100370788,"Dutta, Shantanu",2200,20]
[null,null,null,null,null,208011,null,"MITACS w/WireIE Holdings-Closed","Y",null,null,"I","2014-03-31","2014-03-31","2099-12-31",100355928,"Sood, Vijay",2600,20]
[null,null,null,null,null,208012,null,"MITACS w/Planet Car Inc - CLOSED","Y",null,null,"I","2014-03-31","2014-03-31","2099-12-31",100247809,"Dincer, Ibrahim",2600,20]
[null,null,null,null,null,208013,null,"MITACS - Fields - CLOSED","Y",null,null,"I","2014-03-31","2014-03-31","2099-12-31",100298984,"Bohun, Sean",2700,20]
[null,null,null,null,null,208014,null,"MITACS Postdoctoral Res. Project","Y",null,null,"A","2014-09-30","2014-03-31","2099-12-31",100256561,"Zhang, Dan",2600,20]
[null,null,null,null,null,208015,null,"MITACS w/Intellimeter Canada-closed","Y",null,null,"I","2014-03-31","2014-03-31","2099-12-31",100300936,"Liscano, Ramiro",2600,20]
[null,null,null,null,null,208016,null,"OM of T&C/ OMDC","Y",null,null,"A","2014-09-30","2014-03-31","2099-12-31",100352437,"Hogue, Andrew",2200,20]
[null,null,null,null,null,208017,null,"OME KNAER w/ OISE @ UofT-Closed","Y",null,null,"I","2014-03-31","2014-03-31","2099-12-31",100357417,"Robertson, Lorayne",2400,20]
[null,null,null,null,null,208018,null,"CUCC","Y",null,null,"A","2011-12-20","2014-03-31","2099-12-31",100411974,"Coffey, Sue",2500,20]
[null,null,null,null,null,208019,null,"Ontario WSIB Development","Y",null,null,"A","2015-03-09","2015-03-09","2099-12-31",100352437,"Hogue, Andrew",2200,20]
[null,null,null,null,null,208020,null,"Minor Injury Treatment Protocol","Y",null,null,"A","2012-07-01","2015-12-01","2099-12-31",100076090,"Cote, Pierre",2500,20]
[null,null,null,null,null,208021,null,"Mitacs Accelerate Game Metrics","Y",null,null,"A","2014-09-30","2014-03-31","2099-12-31",100474780,"Nacke, Lennart",2200,20]
[null,null,null,null,null,208022,null,"OMAFRA KIT w/U of Guelph","Y",null,null,"A","2014-11-28","2014-11-28","2099-12-31",100511798,"Mahmoud, Qusay",2600,20]
[null,null,null,null,null,208023,null,"Serious Games to Decrease injury","Y",null,null,"A","2015-04-10","2015-08-31","2099-12-31",100351443,"Murphy, Bernadette",2500,20]
[null,null,null,null,null,208024,null,"Mitac-Accelerate Internship","Y",null,null,"A","2015-03-09","2015-03-09","2099-12-31",100219783,"Rosen, Marc",2600,20]
[null,null,null,null,null,208025,null,"Mitacs-Accelerate Internship","Y",null,null,"A","2014-11-06","2014-12-31","2099-12-31",100247809,"Dincer, Ibrahim",2600,20]
[null,null,null,null,null,208026,null,"ONCAT: Performance Evaluation","Y",null,null,"A","2015-03-11","2015-03-20","2099-12-31",100411974,"Coffey, Sue",2500,20]
[null,null,null,null,null,208027,null,"OHCRIF_Examining the use and learni","Y",null,null,"A","2013-11-01","2014-03-31","2099-12-31",100273381,"Percival, Jennifer",2200,20]
[null,null,null,null,null,208028,null,"MTCU-PI-Synergy One-UOIT/Trent U","Y",null,null,"A","2014-07-04","2014-07-31","2099-12-31",100221468,"Muirhead, Bill",2400,20]
[null,null,null,null,null,208029,null,"MTCU-PIF- w/UW-The Teaching evaluat","Y",null,null,"A","2014-06-24","2014-06-24","2099-12-31",100221468,"Muirhead, Bill",2400,20]
[null,null,null,null,null,208030,null,"MTCU-PIF- w/UW-A Multi-Institutiona","Y",null,null,"A","2014-06-24","2014-06-24","2099-12-31",100221468,"Muirhead, Bill",2400,20]
[null,null,null,null,null,208031,null,"SIM-One- SRIG-A Serious Game for Me","Y",null,null,"A","2014-05-02","2016-03-31","2099-12-31",100329395,"Kapralos, Bill",2200,20]
[null,null,null,null,null,208032,null,"MOHLTC-CAMH/UOIT-Subgrant agreement","Y",null,null,"A","2015-04-22","2016-03-31","2099-12-31",100508039,"Balogh, Robert",2500,20]
[null,null,null,null,null,208033,null,"MITACS-IRDI/Non-NCE-Hybrid Small UA","Y",null,null,"A","2014-04-01","2014-11-30","2099-12-31",100247809,"Dincer, Ibrahim",2600,20]
[null,null,null,null,null,208034,null,"Mitacs IRDI w/Durham Region-Extract","Y",null,null,"A","2014-04-01","2015-06-30","2099-12-31",100247809,"Dincer, Ibrahim",2600,20]
[null,null,null,null,null,208035,null,"Mitacs IRDI-Flow Optimization for","Y",null,null,"A","2014-07-01","2015-08-31","2099-12-31",100328340,"Heydari, Shahram",2200,20]
[null,null,null,null,null,208036,null,"Mitacs- Design of Novel Self Coolin","Y",null,null,"A","2014-10-01","2015-05-31","2099-12-31",100247809,"Dincer, Ibrahim",2600,20]
[null,null,null,null,null,208037,null,"Mitacs w/Frontier Agri-Science Inc.","Y",null,null,"A","2015-04-30","2016-12-05","2099-12-31",100275792,"Bonetta, Dario",2700,20]
[null,null,null,null,null,208038,null,"OPA-Ontario Energy Supply Network","Y",null,null,"A","2014-10-01","2015-12-31","2099-12-31",100383464,"Gaber, Hossam",2100,20]
[null,null,null,null,null,208039,null,"Mitacs w/GM- Bridging the GapHealth","Y",null,null,"A","2014-11-01","2015-04-30","2099-12-31",100219783,"Rosen, Marc",2600,20]
[null,null,null,null,null,208040,null,"PSHSA-Application and Dashboard","Y",null,null,"A","2014-04-01","2017-01-31","2099-12-31",100501531,"Mirza-Babaei, Pejman",2200,20]
[null,null,null,null,null,208041,null,"MHLTC w/Women's College Hospital","Y",null,null,"A","2015-04-22","2016-03-01","2099-12-31",100509890,"Rinaldi, Jen",2300,20]
[null,null,null,null,null,208042,null,"NOAMA AHSC AFP w/WCH-Assessing","Y",null,null,"A","2014-11-15","2015-06-30","2099-12-31",100329395,"Kapralos, Bill",2200,20]
[null,null,null,2090,null,null,null,"Prov - Indirect Cost Programs","N",null,null,"A","2009-04-01",null,"2099-12-31"]
[null,null,null,null,20900,null,null,"Indirect Cost Programs","N",null,null,"A","2009-04-01",null,"2099-12-31"]
[null,null,null,null,null,209000,null,"ICP","Y",null,null,"A","2010-11-08",null,"2099-12-31",100372919,"Owen, Michael",3200,20]
[null,null,210,null,null,null,null,"RSR - Federal","N",null,null,"A","2009-04-01",null,"2099-12-31"]
[null,null,null,2100,null,null,null,"Federal - NSERC","N",null,null,"A","2009-04-01",null,"2099-12-31"]
[null,null,null,null,21000,null,null,"NSERC GRF","N",null,null,"A","2009-04-01",null,"2099-12-31"]
[null,null,null,null,null,210000,null,"NSERC GRF","Y",null,null,"A","2010-11-08","2025-03-31","2099-12-31",100372919,"Owen, Michael",3200,20]
[null,null,null,null,null,210001,null,"NSERC DG-Internally funded-Secure a","Y",null,null,"A","2015-04-02","2015-04-02","2099-12-31",100328340,"Heydari, Shahram",2200,20]
[null,null,null,null,null,210002,null,"NSERC DG-Internally funded-Game-the","Y",null,null,"A","2015-04-02","2015-04-02","2099-12-31",100277457,"Karray, Salma",2200,20]
[null,null,null,null,null,210003,null,"NSERC DG- Internally funded- Advanc","Y",null,null,"A","2015-04-02","2015-04-02","2099-12-31",100326866,"Pioro, Igor",2100,20]
[null,null,null,null,null,210004,null,"NSERC DG-Interally funded-Investiga","Y",null,null,"A","2015-04-02","2015-04-02","2099-12-31",100533511,"Youssef, Mohamed",2600,20]
[null,null,null,null,null,210005,null,"NSERC DG- Internally funded-Cortica","Y",null,null,"A","2015-04-02","2015-04-02","2099-12-31",100356027,"Yielder, Paul",2500,20]
[null,null,null,null,null,210006,null,"NSERC DG-Internally funded-Driver F","Y",null,null,"A","2015-04-02","2015-04-02","2099-12-31",100443021,"El-Gindy, Moustafa",2600,20]
[null,null,null,null,null,210007,null,"NSERC DG-Internally funded-Microbia","Y",null,null,"A","2015-04-02","2015-04-02","2099-12-31",100380335,"Samis, John",2500,20]
[null,null,null,null,null,210008,null,"NSERC DG-Internally funded- Visual","Y",null,null,"A","2015-04-02","2015-04-02","2099-12-31",100381043,"Qureshi, Faisal",2700,20]
[null,null,null,null,null,210009,null,"NSERC DG- Internally funded-Device","Y",null,null,"A","2015-04-02","2015-04-02","2099-12-31",100507178,"Marsh, Stephen",2200,20]
[null,null,null,null,null,210010,null,"NSERC DG-Internally funded-Measure","Y",null,null,"A","2015-04-02","2015-04-02","2099-12-31",100363499,"Chang, Bin",2200,20]
[null,null,null,null,null,210011,null,"NSERC DG-Internally funded-Twards","Y",null,null,"A","2015-04-02","2015-04-02","2099-12-31",100502315,"Makrehchi, Masoud",2600,20]
[null,null,null,null,null,210012,null,"NSERC DG-Internally funded-Develop","Y",null,null,"A","2015-04-02","2015-04-02","2099-12-31",100273677,"Rizvi, Ghaus",2600,20]
[null,null,null,null,null,210013,null,"NSERC DG-Internal fund-Defining","Y",null,null,"A","2015-04-02","2015-04-02","2099-12-31",100510105,"Holmes, Michael",2500,20]
[null,null,null,null,21010,null,null,"NSERC Stand Alone","N",null,null,"A","2009-04-01",null,"2099-12-31"]
[null,null,null,null,null,210100,null,"NSERC DG - CLOSED","Y",null,null,"I","2014-03-31","2014-03-31","2099-12-31",100277454,"Nichita, Eleodor",2100,20]
[null,null,null,null,null,210101,null,"NSERC DG","Y",null,null,"A","2015-04-14","2017-03-31","2099-12-31",100248286,"Waller, Ed",2100,20]
[null,null,null,null,null,210102,null,"NSERC DG","Y",null,null,"A","2014-11-28","2014-11-28","2099-12-31",100326866,"Pioro, Igor",2100,20]
[null,null,null,null,null,210103,null,"NSERC DG","Y",null,null,"A","2014-10-10","2014-10-10","2099-12-31",100329539,"Harvel, Glenn",2100,20]
[null,null,null,null,null,210104,null,"NSERC DG","Y",null,null,"A","2015-04-14","2018-03-31","2099-12-31",100355610,"Kaye, Matthew",2100,20]
[null,null,null,null,null,210105,null,"NSERC DG","Y",null,null,"I","2015-03-11","2015-03-11","2099-12-31",100303417,"Bartfay, Emma",2500,20]
[null,null,null,null,null,210106,null,"NSERC DG","Y",null,null,"A","2015-04-28","2017-03-31","2099-12-31",100351443,"Murphy, Bernadette",2500,20]
[null,null,null,null,null,210107,null,"NSERC DG","Y",null,null,"A","2009-04-01","2016-03-31","2099-12-31",100257127,"Hung, Patrick",2200,20]
[null,null,null,null,null,210108,null,"NSERC DG","Y",null,null,"A","2014-12-05","2014-12-05","2099-12-31",100327697,"El-Khatib, Khalil",2200,20]
[null,null,null,null,null,210109,null,"NSERC DG","Y",null,null,"A","2014-12-05","2014-12-05","2099-12-31",100328255,"Zhu, Ying",2200,20]
[null,null,null,null,null,210110,null,"NSERC DG","Y",null,null,"A","2015-04-02","2015-04-02","2099-12-31",100277457,"Karray, Salma",2200,20]
[null,null,null,null,null,210111,null,"NSERC RTI - CLOSED","Y",null,null,"I","2014-03-31","2014-03-31","2099-12-31",100273384,"Vargas Martin, Miguel",2200,20]
[null,null,null,null,null,210112,null,"NSERC DG","Y",null,null,"A","2015-03-30","2015-03-31","2099-12-31",100329395,"Kapralos, Bill",2200,20]
[null,null,null,null,null,210113,null,"NSERC DG","Y",null,null,"A","2009-04-01","2014-03-31","2099-12-31",100328340,"Heydari, Shahram",2200,20]
[null,null,null,null,null,210114,null,"NSERC DG","Y",null,null,"A","2015-05-14","2015-05-14","2099-12-31",100362279,"Lin, Xiaodong",2200,20]
[null,null,null,null,null,210115,null,"NSERC DG","Y",null,null,"A","2015-01-23","2016-03-31","2099-12-31",100380486,"Shi, Wei",2200,20]
[null,null,null,null,null,210116,null,"NSERC DG - CLOSED","Y",null,null,"I","2014-03-31","2014-03-31","2099-12-31",100330050,"McGregor, Carolyn",2200,20]
[null,null,null,null,null,210117,null,"NSERC PS-Closed","Y",null,null,"I","2014-03-31","2014-03-31","2099-12-31",100339618,"Greenlaw, James",2400,20]
[null,null,null,null,null,210118,null,"NSERC DG","Y",null,null,"A","2015-05-21","2016-03-31","2099-12-31",100247809,"Dincer, Ibrahim",2600,20]
[null,null,null,null,null,210119,null,"NSERC DG","Y",null,null,"A","2010-10-15","2015-03-31","2099-12-31",100249628,"Esmailzadeh, Ebrahim",2600,20]
[null,null,null,null,null,210120,null,"NSERC DG - CLOSED","Y",null,null,"I","2014-03-31","2014-03-31","2099-12-31",100247808,"Grami, Ali",2600,20]
[null,null,null,null,null,210121,null,"NSERC DG - CLOSED","Y",null,null,"I","2014-03-31","2014-03-31","2099-12-31",100249629,"Pop-Iliev, Remon",2600,20]
[null,null,null,null,null,210122,null,"NSERC DG - CLOSED","Y",null,null,"I","2014-03-31","2014-03-31","2099-12-31",100219783,"Rosen, Marc",2600,20]
[null,null,null,null,null,210123,null,"NSERC DG","Y",null,null,"A","2015-04-14","2017-03-31","2099-12-31",100275697,"Nokleby, Scott",2600,20]
[null,null,null,null,null,210124,null,"NSERC DG - CLOSED","Y",null,null,"I","2014-03-31","2014-03-31","2099-12-31",100273677,"Rizvi, Ghaus",2600,20]
[null,null,null,null,null,210125,null,"NSERC DG","Y",null,null,"A","2015-03-10","2015-03-31","2099-12-31",100273384,"Vargas Martin, Miguel",2200,20]
[null,null,null,null,null,210126,null,"NSERC DG - CLOSED","Y",null,null,"I","2014-03-31","2014-03-31","2099-12-31",100303506,"Rohrauer, Greg",2600,20]
[null,null,null,null,null,210127,null,"NSERC DG","Y",null,null,"A","2009-04-01","2016-03-31","2099-12-31",100286765,"Naterer, Greg",2600,20]
[null,null,null,null,null,210128,null,"NSERC DG","Y",null,null,"A","2015-04-14","2017-03-31","2099-12-31",100219783,"Rosen, Marc",2600,20]
[null,null,null,null,null,210129,null,"NSERC DG","Y",null,null,"A","2015-04-14","2017-03-31","2099-12-31",100256561,"Zhang, Dan",2600,20]
[null,null,null,null,null,210130,null,"NSERC DG","Y",null,null,"A","2015-04-14","2017-03-31","2099-12-31",100300639,"Shahbazpanahi, Shahram",2600,20]
[null,null,null,null,null,210131,null,"NSERC RTI - CLOSED","Y",null,null,"I","2014-03-31","2014-03-31","2099-12-31",100273677,"Rizvi, Ghaus",2600,20]
[null,null,null,null,null,210132,null,"NSERC DG","Y",null,null,"A","2015-03-11","2015-03-11","2099-12-31",100304969,"Ren, Jing",2600,20]
[null,null,null,null,null,210133,null,"NSERC DG","Y",null,null,"A","2009-04-01","2015-03-31","2099-12-31",100300936,"Liscano, Ramiro",2600,20]
[null,null,null,null,null,210134,null,"NSERC RTI - CLOSED","Y",null,null,"I","2014-03-31","2014-03-31","2099-12-31",100300936,"Liscano, Ramiro",2600,20]
[null,null,null,null,null,210135,null,"NSERC DG","Y",null,null,"A","2009-04-01","2014-03-31","2099-12-31",100329394,"Bale, Reddy",2600,20]
[null,null,null,null,null,210136,null,"NSERC DG","Y",null,null,"A","2014-09-30","2014-03-31","2099-12-31",100303773,"Lu, Lixuan",2100,20]
[null,null,null,null,null,210137,null,"NSERC DG","Y",null,null,"A","2014-10-27","2015-03-31","2099-12-31",100304708,"He, Yuping",2600,20]
[null,null,null,null,null,210138,null,"NSERC DG","Y",null,null,"A","2015-05-21","2016-03-31","2099-12-31",100331066,"Milman, Ruth",2600,20]
[null,null,null,null,null,210139,null,"NSERC DG","Y",null,null,"A","2015-03-09","2015-03-09","2099-12-31",100331065,"Wang, Ying",2600,20]
[null,null,null,null,null,210140,null,"NSERC DG","Y",null,null,"A","2015-03-09","2015-03-09","2099-12-31",100212514,"Ham, Marnie",2600,20]
[null,null,null,null,null,210141,null,"NSERC DG","Y",null,null,"A","2009-04-01","2015-03-31","2099-12-31",100355928,"Sood, Vijay",2600,20]
[null,null,null,null,null,210142,null,"NSERC RTI - CLOSED","Y",null,null,"I","2014-03-31","2014-03-31","2099-12-31",100212514,"Ham, Marnie",2600,20]
[null,null,null,null,null,210143,null,"NSERC DG","Y",null,null,"A","2015-05-21","2016-03-31","2099-12-31",100379464,"Kishawy, Hossam",2600,20]
[null,null,null,null,null,210144,null,"NSERC RTI - CLOSED","Y",null,null,"I","2014-03-31","2014-03-31","2099-12-31",100304969,"Ren, Jing",2600,20]
[null,null,null,null,null,210145,null,"NSERC DG","Y",null,null,"A","2009-04-01","2015-03-31","2099-12-31",100379751,"Dong, Min",2600,20]
[null,null,null,null,null,210146,null,"NSERC DG","Y",null,null,"A","2015-01-16","2016-03-31","2099-12-31",100231025,"Smith, William",2700,20]
[null,null,null,null,null,210147,null,"NSERC DG","Y",null,null,"A","2009-04-01","2014-03-31","2099-12-31",100248291,"Chkrebtii, Anatoli",2700,20]
[null,null,null,null,null,210148,null,"NSERC DG","Y",null,null,"A","2015-04-14","2017-03-31","2099-12-31",100248293,"Green-Johnson, Julia",2700,20]
[null,null,null,null,null,210149,null,"NSERC DG","Y",null,null,"A","2015-04-02","2015-04-02","2099-12-31",100248294,"Lewis, Greg",2700,20]
[null,null,null,null,null,210150,null,"NSERC DG","Y",null,null,"A","2014-11-13","2014-11-13","2099-12-31",100251267,"Berg, Peter",2700,20]
[null,null,null,null,null,210151,null,"NSERC DG - CLOSED","Y",null,null,"I","2014-03-31","2014-03-31","2099-12-31",100272987,"Aruliah, Dhavide",2700,20]
[null,null,null,null,null,210152,null,"NSERC DG","Y",null,null,"A","2015-03-10","2015-03-10","2099-12-31",100275792,"Bonetta, Dario",2700,20]
[null,null,null,null,null,210153,null,"NSERC DG","Y",null,null,"A","2009-04-01","2016-03-31","2099-12-31",100273436,"Buono, Pietro-Luciano",2700,20]
[null,null,null,null,null,210154,null,"NSERC DG","Y",null,null,"A","2009-04-01","2016-03-31","2099-12-31",100275791,"Forrester, Sean",2700,20]
[null,null,null,null,null,210155,null,"NSERC DG","Y",null,null,"A","2015-04-14","2017-03-31","2099-12-31",100300554,"Green, Mark",2700,20]
[null,null,null,null,null,210156,null,"NSERC DG","Y",null,null,"A","2014-11-14","2014-11-14","2099-12-31",100300259,"Forbes, Shari",2700,20]
[null,null,null,null,null,210157,null,"NSERC PS - CLOSED","Y",null,null,"I","2014-03-31","2014-03-31","2099-12-31",100300259,"Forbes, Shari",2700,20]
[null,null,null,null,null,210158,null,"NSERC DG","Y",null,null,"A","2015-03-31","2016-03-31","2099-12-31",100324930,"Easton, Brad",2700,20]
[null,null,null,null,null,210159,null,"NSERC DG","Y",null,null,"A","2015-05-13","2015-05-13","2099-12-31",100275793,"Naumkin, Fedor",2700,20]
[null,null,null,null,null,210160,null,"NSERC DG","Y",null,null,"A","2014-09-30","2014-03-31","2099-12-31",100324932,"Pu, Ken",2700,20]
[null,null,null,null,null,210161,null,"NSERC RTI","Y",null,null,"A","2014-09-30","2014-03-31","2099-12-31",100324932,"Pu, Ken",2700,20]
[null,null,null,null,null,210162,null,"NSERC DG","Y",null,null,"A","2009-04-01","2014-03-31","2099-12-31",100298984,"Bohun, Sean",2700,20]
[null,null,null,null,null,210163,null,"NSERC DG","Y",null,null,"A","2015-03-10","2015-03-10","2099-12-31",100354556,"Bradbury, Jeremy",2700,20]
[null,null,null,null,null,210164,null,"NSERC DG","Y",null,null,"A","2009-04-01","2014-03-31","2099-12-31",100256659,"Gaspari, Franco",2700,20]
[null,null,null,null,null,210165,null,"NSERC DG - CLOSED","Y",null,null,"I","2014-03-31","2014-03-31","2099-12-31",100352496,"Lorin, Emmanuel",2700,20]
[null,null,null,null,null,210166,null,"NSERC DG","Y",null,null,"A","2014-11-28","2014-11-28","2099-12-31",100274006,"Paal, Krisztina",2700,20]
[null,null,null,null,null,210167,null,"NSERC RTI - CLOSED","Y",null,null,"I","2014-03-31","2014-03-31","2099-12-31",100300259,"Forbes, Shari",2700,20]
[null,null,null,null,null,210168,null,"NSERC DG","Y",null,null,"A","2015-04-02","2015-04-02","2099-12-31",100381043,"Qureshi, Faisal",2700,20]
[null,null,null,null,null,210169,null,"NSERC DG","Y",null,null,"A","2015-01-16","2015-01-16","2099-12-31",100380325,"Desaulniers, Jean-Paul",2700,20]
[null,null,null,null,null,210170,null,"NSERC DG","Y",null,null,"A","2015-05-13","2017-03-31","2099-12-31",100380642,"Kirkwood, Andrea",2700,20]
[null,null,null,null,null,210171,null,"NSERC DG","Y",null,null,"A","2015-03-10","2015-03-10","2099-12-31",100246238,"Holdway, Douglas",2700,20]
[null,null,null,null,null,210172,null,"NSERC UFASA","Y",null,null,"A","2014-09-30","2014-03-31","2099-12-31",100304969,"Ren, Jing",2600,20]
[null,null,null,null,null,210173,null,"NSERC DG","Y",null,null,"A","2014-09-30","2014-03-31","2099-12-31",100258023,"Gabriel, Kamiel",2600,20]
[null,null,null,null,null,210174,null,"NSERC IPM - CLOSED","Y",null,null,"I","2014-03-31","2014-03-31","2099-12-31",100372919,"Owen, Michael",3200,20]
[null,null,null,null,null,210175,null,"NSERC DG","Y",null,null,"A","2009-04-01","2014-03-31","2099-12-31",100410577,"Van Veen, Lennaert",2700,20]
[null,null,null,null,null,210176,null,"NSERC IG - CLOSED","Y",null,null,"I","2014-03-31","2014-03-31","2099-12-31",100377555,"Lu, Fletcher",2500,20]
[null,null,null,null,null,210177,null,"NSERC Engage Grant-Closed","Y",null,null,"I","2014-03-31","2014-03-31","2099-12-31",100327697,"El-Khatib, Khalil",2200,20]
[null,null,null,null,null,210178,null,"NSERC RTI","Y",null,null,"A","2014-09-30","2014-03-31","2099-12-31",100352006,"Kumar, Ayush",2500,20]
[null,null,null,null,null,210179,null,"NSERC RTI","Y",null,null,"A","2014-09-30","2014-03-31","2099-12-31",100304708,"He, Yuping",2600,20]
[null,null,null,null,null,210180,null,"NSERC RTI","Y",null,null,"A","2014-09-30","2014-03-31","2099-12-31",100325441,"Strap, Janice",2700,20]
[null,null,null,null,null,210181,null,"NSERC DG","Y",null,null,"A","2014-11-14","2016-03-31","2099-12-31",100352437,"Hogue, Andrew",2200,20]
[null,null,null,null,null,210182,null,"NSERC DG","Y",null,null,"A","2015-04-14","2016-03-31","2099-12-31",100377555,"Lu, Fletcher",2200,20]
[null,null,null,null,null,210183,null,"NSERC DG","Y",null,null,"A","2015-05-21","2016-03-31","2099-12-31",100380113,"Rahnamayan, Shahryar",2600,20]
[null,null,null,null,null,210184,null,"NSERC DG","Y",null,null,"A","2015-04-14","2017-03-31","2099-12-31",100386271,"LeBlanc, Helene",2700,20]
[null,null,null,null,null,210185,null,"NSERC DG","Y",null,null,"A","2010-04-01","2016-03-31","2099-12-31",100425204,"Collins, Christopher",2700,20]
[null,null,null,null,null,210186,null,"NSERC DG","Y",null,null,"A","2014-11-14","2014-11-14","2099-12-31",100352006,"Kumar, Ayush",2500,20]
[null,null,null,null,null,210187,null,"NSERC DAS","Y",null,null,"A","2015-03-10","2015-03-10","2099-12-31",100379464,"Kishawy, Hossam",2600,20]
[null,null,null,null,null,210188,null,"NSERC SAPIN","Y",null,null,"A","2014-09-30","2014-03-31","2099-12-31",100383744,"Machrafi, Rachid",2100,20]
[null,null,null,null,null,210189,null,"NSERC Engage Grant-Closed","Y",null,null,"I","2014-03-31","2014-03-31","2099-12-31",100328340,"Heydari, Shahram",2200,20]
[null,null,null,null,null,210190,null,"NSERC EG - CLOSED","Y",null,null,"I","2014-03-31","2014-03-31","2099-12-31",100300936,"Liscano, Ramiro",2600,20]
[null,null,null,null,null,210191,null,"NSERC DG w/UofGuelph (Langford)-Clo","Y",null,null,"I","2014-03-31","2014-03-31","2099-12-31",100452301,"Saucier, Deborah",2700,20]
[null,null,null,null,null,210192,null,"NSERC Subgrant - U of Alberta","Y",null,null,"A","2011-04-20","2014-09-29","2099-12-31",100300639,"Shahbazpanahi, Shahram",2600,20]
[null,null,null,null,null,210193,null,"NSERC Subgrant - U of Alberta","Y",null,null,"A","2010-09-01","2014-09-29","2099-12-31",100379751,"Dong, Min",2600,20]
[null,null,null,null,null,210194,null,"NSERC PromoScience","Y",null,null,"A","2014-09-30","2014-03-31","2099-12-31",100380642,"Kirkwood, Andrea",2700,20]
[null,null,null,null,null,210195,null,"NSERC PromoScience","Y",null,null,"A","2014-06-24","2014-06-24","2099-12-31",100330072,"Rhodes, Sheila",2400,20]
[null,null,null,null,null,210196,null,"NSERC Engage Grant","Y",null,null,"A","2014-09-30","2014-03-31","2099-12-31",100377555,"Lu, Fletcher",2500,20]
[null,null,null,null,null,210197,null,"NSERC DG","Y",null,null,"A","2015-04-14","2017-03-31","2099-12-31",100381592,"Trevani, Liliana",2700,20]
[null,null,null,null,null,210198,null,"NSERC DG","Y",null,null,"A","2015-04-14","2017-03-31","2099-12-31",100383464,"Gaber, Hossam",2100,20]
[null,null,null,null,null,210199,null,"NSERC DG","Y",null,null,"A","2015-05-21","2017-03-31","2099-12-31",100305780,"Barari, Ahmad",2600,20]
[null,null,null,null,null,210200,null,"NSERC DG","Y",null,null,"A","2011-04-01","2014-03-31","2099-12-31",100440940,"Thorpe, Julie",2200,20]
[null,null,null,null,null,210201,null,"NSERC SNG-DIVA w/UofOttawa","Y",null,null,"A","2015-04-14","2015-10-31","2099-12-31",100327697,"El-Khatib, Khalil",2200,20]
[null,null,null,null,null,210202,null,"NSERC Engage Grant-Closed","Y",null,null,"I","2014-03-31","2014-03-31","2099-12-31",100303773,"Lu, Lixuan",2600,20]
[null,null,null,null,null,210203,null,"NSERC Discovery Grant","Y",null,null,"A","2015-04-14","2017-03-31","2099-12-31",100452301,"Saucier, Deborah",2700,20]
[null,null,null,null,null,210204,null,"NSERC DG w/ Lakehead U","Y",null,null,"A","2014-11-14","2014-11-14","2099-12-31",100256561,"Zhang, Dan",2600,20]
[null,null,null,null,null,210205,null,"NSERC SurfNet@UofCalgary","Y",null,null,"A","2014-09-30","2014-03-31","2099-12-31",100425204,"Collins, Christopher",2700,20]
[null,null,null,null,null,210206,null,"NSERC SmartNet-Zero@Concordia","Y",null,null,"A","2015-04-30","2016-06-29","2099-12-31",100219783,"Rosen, Marc",2600,20]
[null,null,null,null,null,210207,null,"NSERC Engage Grant","Y",null,null,"A","2015-03-09","2015-03-09","2099-12-31",100379464,"Kishawy, Hossam",2600,20]
[null,null,null,null,null,210208,null,"NSERc RTI","Y",null,null,"A","2014-09-30","2014-03-31","2099-12-31",100478656,"Mohany, Atef",2600,20]
[null,null,null,null,null,210209,null,"NSERC DG","Y",null,null,"A","2015-04-14","2017-03-31","2099-12-31",100478656,"Mohany, Atef",2600,20]
[null,null,null,null,null,210210,null,"NSERC DG","Y",null,null,"A","2015-04-14","2017-03-31","2099-12-31",100474997,"Sidhu, Tarlochan",2600,20]
[null,null,null,null,null,210211,null,"NSERC RTI","Y",null,null,"A","2014-09-30","2014-03-31","2099-12-31",100443475,"Ibrahim, Walid",2600,20]
[null,null,null,null,null,210212,null,"Design of Active Safety System","Y",null,null,"A","2015-04-14","2018-03-31","2099-12-31",100304708,"He, Yuping",2600,20]
[null,null,null,null,null,210213,null,"Managing the Impact of the Electrif","Y",null,null,"A","2015-04-14","2018-03-31","2099-12-31",100443475,"Ibrahim, Walid",2600,20]
[null,null,null,null,null,210214,null,"Competition & Contracting in Supply","Y",null,null,"A","2015-04-14","2018-03-31","2099-12-31",100409164,"Surti, Chirag",2200,20]
[null,null,null,null,null,210215,null,"Securing the Next Generation Smart","Y",null,null,"A","2015-04-14","2018-03-31","2099-12-31",100327697,"El-Khatib, Khalil",2200,20]
[null,null,null,null,null,210216,null,"Next Generation Multi-Band Satelit","Y",null,null,"A","2015-04-14","2018-03-31","2099-12-31",100247808,"Grami, Ali",2600,20]
[null,null,null,null,null,210217,null,"Efficient modeling design & Optimiz","Y",null,null,"A","2015-04-14","2018-03-31","2099-12-31",100331065,"Wang, Ying",2600,20]
[null,null,null,null,null,210218,null,"Materials Chemistry Applications-Cl","Y",null,null,"I","2014-03-31","2014-03-31","2099-12-31",100355610,"Kaye, Matthew",2100,20]
[null,null,null,null,null,210219,null,"Real-time predictive modeling meth","Y",null,null,"A","2015-04-14","2018-03-31","2099-12-31",100327695,"Eklund, Mikael",2600,20]
[null,null,null,null,null,210220,null,"Enviroment for Smart, Customizable","Y",null,null,"A","2012-04-01","2014-03-31","2099-12-31",100473985,"Sartipi, Kamran",2600,20]
[null,null,null,null,null,210221,null,"Strategy to improve scintillation","Y",null,null,"A","2015-04-14","2018-03-31","2099-12-31",100383744,"Machrafi, Rachid",2100,20]
[null,null,null,null,null,210222,null,"NSERC Engage Grant","Y",null,null,"A","2014-09-30","2014-03-31","2099-12-31",100305780,"Barari, Ahmad",2600,20]
[null,null,null,null,null,210223,null,"NSERC Discovery Grant","Y",null,null,"A","2012-04-01","2014-03-31","2099-12-31",100326866,"Pioro, Igor",2100,20]
[null,null,null,null,null,210224,null,"NSERC Engage- Securing Geo-Spatial","Y",null,null,"A","2014-09-30","2014-03-31","2099-12-31",100327697,"El-Khatib, Khalil",2200,20]
[null,null,null,null,null,210225,null,"NSEC DG- Humanized Database System","Y",null,null,"A","2015-04-14","2018-03-31","2099-12-31",100324932,"Pu, Ken",2700,20]
[null,null,null,null,null,210226,null,"NSEC - Human- Computer Interfaces","Y",null,null,"A","2015-04-14","2018-03-31","2099-12-31",100474780,"Nacke, Lennart",2200,20]
[null,null,null,null,null,210227,null,"NSERC l2l","Y",null,null,"A","2014-09-30","2014-03-31","2099-12-31",100286765,"Naterer, Greg",2600,20]
[null,null,null,null,null,210228,null,"NSERC Engage","Y",null,null,"A","2015-03-30","2015-03-31","2099-12-31",100478656,"Mohany, Atef",2600,20]
[null,null,null,null,null,210229,null,"NSERC Engage Grant","Y",null,null,"A","2014-11-14","2015-03-31","2099-12-31",100300639,"Shahbazpanahi, Shahram",2600,20]
[null,null,null,null,null,210230,null,"NSERC - DG","Y",null,null,"A","2015-05-21","2017-03-31","2099-12-31",100511798,"Mahmoud, Qusay",2600,20]
[null,null,null,null,null,210231,null,"NSERC Engage - Test Cases to Requir","Y",null,null,"I","2015-03-11","2015-03-11","2099-12-31",100380486,"Shi, Wei",2200,20]
[null,null,null,null,null,210233,null,"DG-Towards Cognitive Aids","Y",null,null,"A","2015-04-14","2019-03-31","2099-12-31",100440940,"Thorpe, Julie",2200,20]
[null,null,null,null,null,210234,null,"DG-Social Network-based Data","Y",null,null,"A","2015-04-14","2019-03-31","2099-12-31",100507176,"Pazzi, Richard",2200,20]
[null,null,null,null,null,210235,null,"DG-Safety Assessment & Risk","Y",null,null,"A","2015-04-14","2019-03-31","2099-12-31",100303773,"Lu, Lixuan",2100,20]
[null,null,null,null,null,210236,null,"DG-Practical ways of using smart","Y",null,null,"A","2015-04-14","2019-03-31","2099-12-31",100328255,"Zhu, Ying",2200,20]
[null,null,null,null,null,210237,null,"DG-Regulatory mechanisms","Y",null,null,"A","2015-04-14","2019-03-31","2099-12-31",100325441,"Strap, Janice",2700,20]
[null,null,null,null,null,210238,null,"DG-Renewable Energy Science","Y",null,null,"A","2015-04-14","2019-03-31","2099-12-31",100509486,"Tamblyn, Isaac",2700,20]
[null,null,null,null,null,210239,null,"DG-Transition and pattern formation","Y",null,null,"A","2015-04-14","2019-03-31","2099-12-31",100410577,"Van Veen, Lennaert",2700,20]
[null,null,null,null,null,210240,null,"DG-Testing and analysis Software","Y",null,null,"A","2015-04-14","2019-03-31","2099-12-31",100354556,"Bradbury, Jeremy",2700,20]
[null,null,null,null,null,210241,null,"DG-Aerodynamic of Complex Bluff","Y",null,null,"A","2015-04-15","2019-03-31","2099-12-31",100470754,"Agelin-Chaab, Martin",2600,20]
[null,null,null,null,null,210242,null,"DG-Twards New security Paradigms","Y",null,null,"A","2015-04-14","2019-03-31","2099-12-31",100273384,"Vargas Martin, Miguel",2200,20]
[null,null,null,null,null,210243,null,"NSERC SurfNet w/ U of Calgary","Y",null,null,"A","2014-11-14","2014-11-14","2099-12-31",100425204,"Collins, Christopher",2700,20]
[null,null,null,null,null,210244,null,"NSERC _Engage_Leveraging device com","Y",null,null,"A","2014-10-15","2014-10-15","2099-12-31",100507178,"Marsh, Stephen",2200,20]
[null,null,null,null,null,210245,null,"NSERC Engage:Design & Safety Assess","Y",null,null,"A","2013-09-01","2014-02-28","2099-12-31",100303773,"Lu, Lixuan",2100,20]
[null,null,null,null,null,210246,null,"NSERC_Engage_Optimization of biomas","Y",null,null,"A","2013-09-01","2014-02-28","2099-12-31",100275792,"Bonetta, Dario",2700,20]
[null,null,null,null,null,210247,null,"NSERC Engage : Functional Safety","Y",null,null,"A","2013-09-01","2014-02-28","2099-12-31",100303773,"Lu, Lixuan",2100,20]
[null,null,null,null,null,210248,null,"NSERC Engage : Threat Analysis of","Y",null,null,"A","2013-08-01","2014-02-28","2099-12-31",100327697,"El-Khatib, Khalil",2200,20]
[null,null,null,null,null,210249,null,"NSERC Engage : An augmented reality","Y",null,null,"A","2015-03-10","2015-03-10","2099-12-31",100352437,"Hogue, Andrew",2200,20]
[null,null,null,null,null,210250,null,"NSERC Engage w/OPG","Y",null,null,"A","2013-10-01","2014-05-31","2099-12-31",100478656,"Mohany, Atef",2600,20]
[null,null,null,null,null,210251,null,"NSERC Engage- Design of Passive","Y",null,null,"A","2015-02-10","2015-02-10","2099-12-31",100478656,"Mohany, Atef",2600,20]
[null,null,null,null,null,210252,null,"NSERC SPG - U of T Cloud in the Air","Y",null,null,"A","2014-09-29","2014-12-31","2099-12-31",100379751,"Dong, Min",2600,20]
[null,null,null,null,null,210253,null,"NSERC DG-Transfer frm UW-Air-hybrid","Y",null,null,"A","2014-02-27","2014-12-31","2099-12-31",100380113,"Rahnamayan, Shahryar",2600,20]
[null,null,null,null,null,210254,null,"NSERC Promoscience- Inspiring Youth","Y",null,null,"A","2014-02-27","2014-12-31","2099-12-31",100511798,"Mahmoud, Qusay",2600,20]
[null,null,null,null,null,210256,null,"NSERC SPG - U of T Cloud in the Air","Y",null,null,"A","2014-11-24","2016-09-30","2099-12-31",100379751,"Dong, Min",2600,20]
[null,null,null,null,null,210257,null,"NSERC -CRD W/U of Waterloo- Reliabl","Y",null,null,"A","2015-02-13","2015-05-31","2099-12-31",100362279,"Lin, Xiaodong",2200,20]
[null,null,null,null,null,210258,null,"NSERC Engage- an engaing vision","Y",null,null,"A","2014-11-24","2014-12-31","2099-12-31",100329395,"Kapralos, Bill",2200,20]
[null,null,null,null,null,210259,null,"NSERC Engage- Big data analytics","Y",null,null,"A","2014-12-04","2015-02-28","2099-12-31",100330050,"McGregor, Carolyn",2200,20]
[null,null,null,null,null,210260,null,"NSERC DG- Mixed Methods for Video G","Y",null,null,"A","2015-04-14","2020-03-30","2099-12-31",100501531,"Mirza-Babaei, Pejman",2200,20]
[null,null,null,null,null,210261,null,"NSERC DG -Transition-metal-free","Y",null,null,"A","2015-05-12","2020-03-31","2099-12-31",100503031,"Bolshan, Yuri",2700,20]
[null,null,null,null,null,210262,null,"NSERC DG-Computational Nanobiophysi","Y",null,null,"A","2015-04-14","2020-03-31","2099-12-31",100537102,"De Haan, Hendrick",2700,20]
[null,null,null,null,null,210263,null,"NSERC DG-Inverse Problem in Medical","Y",null,null,"A","2015-04-14","2020-03-31","2099-12-31",100476224,"Ebrahimi, Mehran",2700,20]
[null,null,null,null,null,210264,null,"NSERC DG-Security and privacy","Y",null,null,"A","2015-04-14","2020-03-31","2099-12-31",100362279,"Lin, Xiaodong",2200,20]
[null,null,null,null,null,210265,null,"NSERC DG-Spatial Sound Generation","Y",null,null,"A","2015-04-14","2020-03-31","2099-12-31",100329395,"Kapralos, Bill",2200,20]
[null,null,null,null,null,210266,null,"NSERC DG-Cellulose synthesis & regu","Y",null,null,"A","2015-04-14","2020-03-31","2099-12-31",100275792,"Bonetta, Dario",2700,20]
[null,null,null,null,null,210267,null,"NSERC DG-The modeling, analysis","Y",null,null,"A","2015-04-14","2020-03-31","2099-12-31",100298984,"Bohun, Sean",2700,20]
[null,null,null,null,null,210268,null,"NSERC DG- Developement of System","Y",null,null,"A","2015-04-14","2020-03-31","2099-12-31",100329539,"Harvel, Glenn",2100,20]
[null,null,null,null,null,210269,null,"NSERC DG- Nonlinear vibration","Y",null,null,"A","2015-04-15","2020-03-31","2099-12-31",100249628,"Esmailzadeh, Ebrahim",2600,20]
[null,null,null,null,null,210270,null,"NSERC DG-Intelligent and Mined","Y",null,null,"A","2015-04-15","2020-03-31","2099-12-31",100473985,"Sartipi, Kamran",2600,20]
[null,null,null,null,null,210271,null,"NSERC DG- Evaporation enhancement","Y",null,null,"A","2015-04-15","2020-03-31","2099-12-31",100514788,"Macdonald, Brendan",2600,20]
[null,null,null,null,null,210272,null,"NSERC DG- Cooperative and cognitive","Y",null,null,"A","2015-04-15","2020-03-31","2099-12-31",100379751,"Dong, Min",2600,20]
[null,null,null,null,null,210273,null,"SERC DG- Application of numerical","Y",null,null,"A","2015-04-14","2020-03-31","2099-12-31",100248294,"Lewis, Greg",2700,20]
[null,null,null,null,null,210274,null,"NSERC DG-Aquatic toxicity of pharma","Y",null,null,"A","2015-04-14","2020-03-31","2099-12-31",100246238,"Holdway, Douglas",2700,20]
[null,null,null,null,null,210275,null,"NSERC DG-Synthesis and inve","Y",null,null,"A","2015-04-14","2020-03-31","2099-12-31",100380325,"Desaulniers, Jean-Paul",2700,20]
[null,null,null,null,null,210276,null,"NSERC DG-Internally funded-Twards","Y",null,null,"I","2014-05-12","2015-03-31","2099-12-31",100502315,"Makrehchi, Masoud",2600,20]
[null,null,null,null,null,210277,null,"NSERC Eng-Development of heart-tran","Y",null,null,"A","2014-04-01","2014-10-31","2099-12-31",100326866,"Pioro, Igor",2100,20]
[null,null,null,null,null,210278,null,"NSERC DG-Toward technologically","Y",null,null,"A","2015-04-14","2020-03-31","2099-12-31",100510442,"McKellar, Jennifer",2100,20]
[null,null,null,null,null,210279,null,"NSERC Eng. w/Presagis","Y",null,null,"A","2014-10-01","2015-03-31","2099-12-31",100248286,"Waller, Ed",2100,20]
[null,null,null,null,null,210280,null,"NSERC DG-Design and Development","Y",null,null,"A","2015-04-15","2018-03-31","2099-12-31",100569946,"Williamson, Sheldon",2600,20]
[null,null,null,null,null,210281,null,"NSERC DG-Towards predicting Socio","Y",null,null,"A","2015-04-15","2020-03-31","2099-12-31",100502315,"Makrehchi, Masoud",2600,20]
[null,null,null,null,null,210282,null,"NSERC SNG w/Concordia U-Smart Net","Y",null,null,"A","2014-12-04","2016-06-29","2099-12-31",100569946,"Williamson, Sheldon",2600,20]
[null,null,null,null,null,210283,null,"NSERC DG-Advanced Fundamental","Y",null,null,"A","2015-05-12","2017-03-31","2099-12-31",100326866,"Pioro, Igor",2100,20]
[null,null,null,null,null,210284,null,"NSERC DG- Efficient Evolutionary","Y",null,null,"A","2015-04-15","2021-03-31","2099-12-31",100380113,"Rahnamayan, Shahryar",2600,20]
[null,null,null,null,null,210285,null,"NSERC DG- Vessel-based Framework","Y",null,null,"A","2015-04-01","2021-03-31","2099-12-31",100304969,"Ren, Jing",2600,20]
[null,null,null,null,null,210286,null,"NSERC DG-Understanding the activity","Y",null,null,"A","2015-04-01","2021-03-31","2099-12-31",100324930,"Easton, Brad",2700,20]
[null,null,null,null,null,210287,null,"NSERC DG-Safety Enforcement","Y",null,null,"A","2015-04-01","2017-03-31","2099-12-31",100257127,"Hung, Patrick",2200,20]
[null,null,null,null,null,210288,null,"NSERC DG-Game-theoretic models","Y",null,null,"A","2015-04-01","2021-03-31","2099-12-31",100277457,"Karray, Salma",2200,20]
[null,null,null,null,null,210289,null,"NSERC DG - Improving Big Data","Y",null,null,"A","2015-04-01","2021-03-31","2099-12-31",100380486,"Shi, Wei",2200,20]
[null,null,null,null,null,210290,null,"NSERC DG - The acetylcholine-gated","Y",null,null,"A","2015-04-01","2021-03-31","2099-12-31",100275791,"Forrester, Sean",2700,20]
[null,null,null,null,null,210291,null,"NSERC DG -A neuromechanical","Y",null,null,"A","2015-04-01","2021-03-31","2099-12-31",100510105,"Holmes, Michael",2500,20]
[null,null,null,null,null,210292,null,"NSERC RGPAS - Mixed-Initiative","Y",null,null,"A","2015-04-01","2018-03-31","2099-12-31",100425204,"Collins, Christopher",2700,20]
[null,null,null,null,null,210293,null,"NSERC DG - Mixed-Initiative Visual","Y",null,null,"A","2015-04-01","2021-03-31","2099-12-31",100425204,"Collins, Christopher",2700,20]
[null,null,null,null,null,210294,null,"NSERC DG - Theory and applications","Y",null,null,"A","2015-04-01","2021-03-31","2099-12-31",100273436,"Buono, Pietro-Luciano",2700,20]
[null,null,null,null,null,210295,null,"NSERC DG -Big Data Cleaning","Y",null,null,"A","2015-04-01","2021-03-31","2099-12-31",100569705,"Szlichta, Jaroslaw",2700,20]
[null,null,null,null,null,210296,null,"NSERC DG -Next Generation Smart","Y",null,null,"A","2015-04-01","2021-03-31","2099-12-31",100381043,"Qureshi, Faisal",2700,20]
[null,null,null,null,21070,null,null,"NSERC w/ Industry Partners","N",null,null,"A","2009-04-01",null,"2099-12-31"]
[null,null,null,null,null,210700,null,"NSERC CRD w/ NRCan/AECL","Y",null,null,"I","2014-03-31","2014-03-31","2099-12-31",100326866,"Pioro, Igor",2100,20]
[null,null,null,null,null,210701,null,"NSERC IRC","Y",null,null,"A","2012-10-05","2014-03-31","2099-12-31",100206922,"Bereznai, George",2100,20]
[null,null,null,null,null,210702,null,"NSERC IRC","Y",null,null,"A","2015-03-10","2015-03-10","2099-12-31",100306125,"Waker, Anthony",2100,20]
[null,null,null,null,null,210703,null,"NSERC IRC","Y",null,null,"A","2015-03-10","2015-03-10","2099-12-31",100248286,"Waller, Ed",2100,20]
[null,null,null,null,null,210704,null,"NSERC IRC","Y",null,null,"A","2012-10-05","2014-03-31","2099-12-31",100206922,"Bereznai, George",2100,20]
[null,null,null,null,null,210705,null,"NSERC CRD w/ BCE Inc. - CLOSED","Y",null,null,"I","2014-03-31","2014-03-31","2099-12-31",100257127,"Hung, Patrick",2200,20]
[null,null,null,null,null,210706,null,"NSERC CRD w/-Closed","Y",null,null,"I","2014-03-31","2014-03-31","2099-12-31",100286765,"Naterer, Greg",2600,20]
[null,null,null,null,null,210707,null,"NSERC IRC","Y",null,null,"A","2015-04-07","2015-04-07","2099-12-31",100474997,"Sidhu, Tarlochan",2600,20]
[null,null,null,null,null,210708,null,"NSERC IRC-Closed","Y",null,null,"I","2014-03-31","2014-03-31","2099-12-31",100206922,"Bereznai, George",2600,20]
[null,null,null,null,null,210709,null,"NSERC CRD w/ Zephyr AP Inc - CLOSED","Y",null,null,"I","2014-03-31","2014-03-31","2099-12-31",100286765,"Naterer, Greg",2600,20]
[null,null,null,null,null,210710,null,"NSERC CRD w/-Closed","Y",null,null,"I","2014-03-31","2014-03-31","2099-12-31",100275697,"Nokleby, Scott",2600,20]
[null,null,null,null,null,210711,null,"NSERC CRD w/ NRCan/AECL - CLOSED","Y",null,null,"I","2014-03-31","2014-03-31","2099-12-31",100286765,"Naterer, Greg",2600,20]
[null,null,null,null,null,210712,null,"NSERC CRD w/","Y",null,null,"A","2014-09-30","2014-03-31","2099-12-31",100331065,"Wang, Ying",2600,20]
[null,null,null,null,null,210713,null,"NSERC CRD w/ SABIC IP","Y",null,null,"A","2015-03-31","2015-04-02","2099-12-31",100273677,"Rizvi, Ghaus",2600,20]
[null,null,null,null,null,210714,null,"NSERC CRD w/ CSA & Lallema - CLOSED","Y",null,null,"I","2014-03-31","2014-03-31","2099-12-31",100248293,"Green-Johnson, Julia",2700,20]
[null,null,null,null,null,210715,null,"NSERC CRD w/ Perform Plants-CLOSED","Y",null,null,"I","2014-03-31","2014-03-31","2099-12-31",100275792,"Bonetta, Dario",2700,20]
[null,null,null,null,null,210716,null,"NSERC RPP- Closed","Y",null,null,"I","2014-03-31","2014-03-31","2099-12-31",100248286,"Waller, Ed",2100,20]
[null,null,null,null,null,210717,null,"NSERC/APC/General Motors","Y",null,null,"A","2014-12-22","2015-06-30","2099-12-31",100303506,"Rohrauer, Greg",2600,20]
[null,null,null,null,null,210718,null,"NSERC CRD w/Genist System","Y",null,null,"A","2014-09-30","2014-03-31","2099-12-31",100304708,"He, Yuping",2600,20]
[null,null,null,null,null,210719,null,"NSERC CRD w/Nelson Industrial","Y",null,null,"A","2010-05-01","2014-04-30","2099-12-31",100212514,"Ham, Marnie",2600,20]
[null,null,null,null,null,210720,null,"NSERC CRD w/Phoenix Canada","Y",null,null,"A","2014-05-26","2015-05-25","2099-12-31",100247809,"Dincer, Ibrahim",2600,20]
[null,null,null,null,null,210721,null,"NSERC CRD w/Cableshoppe Inc","Y",null,null,"A","2015-03-31","2015-03-31","2099-12-31",100300639,"Shahbazpanahi, Shahram",2600,20]
[null,null,null,null,null,210722,null,"NSERC STPGP","Y",null,null,"A","2014-09-30","2014-03-31","2099-12-31",100300259,"Forbes, Shari",2700,20]
[null,null,null,null,null,210723,null,"NSERC CRD w/ACS","Y",null,null,"A","2014-10-21","2014-10-22","2099-12-31",100324930,"Easton, Brad",2700,20]
[null,null,null,null,null,210724,null,"NSERC CRD w/Cableshoppe Inc","Y",null,null,"A","2015-03-31","2015-03-31","2099-12-31",100379751,"Dong, Min",2600,20]
[null,null,null,null,null,210725,null,"NSERC CRD w/AECL/UNENE/OPG","Y",null,null,"A","2015-02-19","2015-12-31","2099-12-31",100300639,"Shahbazpanahi, Shahram",2600,20]
[null,null,null,null,null,210726,null,"NSERC CRD w/AECL/UNENE/OPG","Y",null,null,"A","2015-02-19","2015-12-31","2099-12-31",100380113,"Rahnamayan, Shahryar",2600,20]
[null,null,null,null,null,210727,null,"NSERC CDEPJ w/OPG (Main)","Y",null,null,"A","2013-05-17","2017-01-01","2099-12-31",100249629,"Pop-Iliev, Remon",2600,20]
[null,null,null,null,null,210728,null,"NSERC IRC Salary Chair (Pop-Olliev)","Y",null,null,"A","2012-01-01","2017-01-01","2099-12-31",100474997,"Sidhu, Tarlochan",2600,20]
[null,null,null,null,null,210729,null,"NSERC IRC Salary Co-Chair(Sood)","Y",null,null,"A","2012-01-01","2017-01-01","2099-12-31",100474997,"Sidhu, Tarlochan",2600,20]
[null,null,null,null,null,210730,null,"NSERC CDEPJ w/OPG (Chair)","Y",null,null,"A","2012-03-22","2017-01-01","2099-12-31",100249629,"Pop-Iliev, Remon",2600,20]
[null,null,null,null,null,210731,null,"NSERC CDEPJ w/OPG (co-Chair)","Y",null,null,"A","2012-03-22","2017-01-01","2099-12-31",100355928,"Sood, Vijay",2600,20]
[null,null,null,null,null,210732,null,"NSERC CDEPJ w/OPG (associate-Chair)","Y",null,null,"A","2012-03-22","2017-01-01","2099-12-31",100468897,"Froats, John",2100,20]
[null,null,null,null,null,210733,null,"NSERC CRD w/ UNENE & OPG","Y",null,null,"A","2015-03-13","2016-04-30","2099-12-31",100275697,"Nokleby, Scott",2600,20]
[null,null,null,null,null,210734,null,"NSERC CRD w/ AECL","Y",null,null,"A","2015-04-30","2016-02-29","2099-12-31",100277454,"Nichita, Eleodor",2100,20]
[null,null,null,null,null,210735,null,"NSERC Engage with Wire IE","Y",null,null,"A","2014-10-21","2014-10-22","2099-12-31",100328340,"Heydari, Shahram",2200,20]
[null,null,null,null,null,210736,null,"NSERCCRD_DFC_Investigating Anti-Ath","Y",null,null,"A","2015-03-13","2015-12-31","2099-12-31",100248293,"Green-Johnson, Julia",2700,20]
[null,null,null,null,null,210737,null,"NSERC CRD - w/OPG/Hydro One","Y",null,null,"A","2013-01-01","2016-02-29","2099-12-31",100443475,"Ibrahim, Walid",2600,20]
[null,null,null,null,null,210738,null,"NSERC Engage w/Cross Wing Inc.","Y",null,null,"A","2013-03-01",null,"2099-12-31",100327695,"Eklund, Mikael",2600,20]
[null,null,null,null,null,210739,null,"NSERC Partnership Workshop Grant","Y",null,null,"A","2013-06-01",null,"2099-12-31",100303506,"Rohrauer, Greg",2600,20]
[null,null,null,null,null,210740,null,"NSERC Engage Grant","Y",null,null,"A","2013-05-01",null,"2099-12-31",100470754,"Agelin-Chaab, Martin",2600,20]
[null,null,null,null,null,210741,null,"NSERC_Engage-Synthesis and Evaluati","Y",null,null,"A","2013-07-01","2014-02-28","2099-12-31",100380325,"Desaulniers, Jean-Paul",2700,20]
[null,null,null,null,null,210742,null,"NSERC_Engage-Microscopic constrctn","Y",null,null,"A","2015-01-16","2015-01-16","2099-12-31",100509486,"Tamblyn, Isaac",2700,20]
[null,null,null,null,null,210743,null,"NSERC_Engage-Data integration","Y",null,null,"A","2013-08-01","2014-04-30","2099-12-31",100377555,"Lu, Fletcher",2200,20]
[null,null,null,null,null,210744,null,"NSERC CRD-Ontario Energy","Y",null,null,"A","2015-05-19","2016-04-30","2099-12-31",100383464,"Gaber, Hossam",2100,20]
[null,null,null,null,null,210745,null,"NSERC Engage-w/Red River-Feasibilit","Y",null,null,"A","2015-03-10","2015-03-10","2099-12-31",100327697,"El-Khatib, Khalil",2200,20]
[null,null,null,null,null,210746,null,"NSERC Engage- Assessment of Remain","Y",null,null,"A","2015-03-10","2015-03-10","2099-12-31",100379464,"Kishawy, Hossam",2600,20]
[null,null,null,null,null,210747,null,"NSERC -PWG-Next Research Forum","Y",null,null,"A","2014-11-14","2014-11-14","2099-12-31",100300554,"Green, Mark",2700,20]
[null,null,null,null,null,210748,null,"NSERC CRD-Improved CANDU-core","Y",null,null,"A","2014-04-01","2017-03-31","2099-12-31",100277454,"Nichita, Eleodor",2100,20]
[null,null,null,null,null,210749,null,"NSERC IRC-Salary -Health (Waker)","Y",null,null,"A","2014-04-01","2019-03-31","2099-12-31",100387800,"Lewis, Brent",2100,20]
[null,null,null,null,null,210750,null,"NSERC IRC/UNENE/AECL-Health (Waker)","Y",null,null,"A","2014-04-01","2019-03-31","2099-12-31",100306125,"Waker, Anthony",2100,20]
[null,null,null,null,null,210751,null,"NSERC IRC-Salary -Health (Waller)","Y",null,null,"A","2014-04-01","2019-03-31","2099-12-31",100387800,"Lewis, Brent",2100,20]
[null,null,null,null,null,210752,null,"NSERC IRC/UNENE/AECL-Health(Waller)","Y",null,null,"A","2014-04-01","2019-03-31","2099-12-31",100248286,"Waller, Ed",2100,20]
[null,null,null,null,null,210753,null,"NSERC Engage w/AWE-Distributed Mixe","Y",null,null,"A","2014-11-24","2014-11-24","2099-12-31",100352437,"Hogue, Andrew",2200,20]
[null,null,null,null,null,210754,null,"NSERC Eng./Vintage Fitness-Creating","Y",null,null,"A","2015-03-10","2015-03-10","2099-12-31",100474780,"Nacke, Lennart",2200,20]
[null,null,null,null,null,210755,null,"NSERC Eng. w/Vibro-Investigation","Y",null,null,"A","2014-05-01","2014-10-31","2099-12-31",100478656,"Mohany, Atef",2600,20]
[null,null,null,null,null,210756,null,"NSERC Eng.w/Mantis-Aerodynamics","Y",null,null,"A","2014-05-01","2014-10-31","2099-12-31",100470754,"Agelin-Chaab, Martin",2600,20]
[null,null,null,null,null,210757,null,"NSERC Eng.w/Cross Wing-Dynamic envi","Y",null,null,"A","2015-03-30","2015-06-30","2099-12-31",100331066,"Milman, Ruth",2600,20]
[null,null,null,null,null,210758,null,"NSERC Engage w/Clear Blue Tech","Y",null,null,"A","2014-08-01","2015-02-28","2099-12-31",100443475,"Ibrahim, Walid",2600,20]
[null,null,null,null,null,210759,null,"NSERC CRD w/ Com Dev Ltd.","Y",null,null,"A","2014-09-01","2017-08-31","2099-12-31",100331065,"Wang, Ying",2600,20]
[null,null,null,null,null,210760,null,"NSERC Engage w/Gorilla- Technical","Y",null,null,"A","2015-05-15","2015-05-15","2099-12-31",100352437,"Hogue, Andrew",2200,20]
[null,null,null,null,null,210761,null,"NSERC Engage w/GE Lighting","Y",null,null,"A","2014-11-10","2015-01-31","2099-12-31",100569946,"Williamson, Sheldon",2600,20]
[null,null,null,null,null,210762,null,"NSERC Engw/Standard Power","Y",null,null,"A","2014-12-01","2015-05-31","2099-12-31",100381043,"Qureshi, Faisal",2700,20]
[null,null,null,null,null,210763,null,"NSERC Engage FPGA-based real-time","Y",null,null,"A","2015-04-30","2015-05-31","2099-12-31",100355928,"Sood, Vijay",2600,20]
[null,null,null,null,null,210764,null,"NSERC CRD w/Medavie Blue Computatio","Y",null,null,"A","2015-04-14","2019-12-31","2099-12-31",100377555,"Lu, Fletcher",2700,20]
[null,null,null,null,null,210765,null,"NSERC Eng. w/Climate Control System","Y",null,null,"A","2015-04-30","2015-06-30","2099-12-31",100300936,"Liscano, Ramiro",2600,20]
[null,null,null,null,null,210766,null,"NSERC EG w/S.R,Digital Evidence Inc","Y",null,null,"A","2015-01-01","2015-06-30","2099-12-31",100327697,"El-Khatib, Khalil",2200,20]
[null,null,null,null,null,210767,null,"NSERC EG w/ Anubis Manufacturing","Y",null,null,"A","2015-01-01","2015-06-30","2099-12-31",100305780,"Barari, Ahmad",2600,20]
[null,null,null,null,null,210768,null,"NSERC EG w/ Envision SQ Inc.-Aerody","Y",null,null,"A","2015-04-30","2015-06-30","2099-12-31",100470754,"Agelin-Chaab, Martin",2600,20]
[null,null,null,null,null,210769,null,"NSERC EG w/Delta-Q Technologies","Y",null,null,"A","2015-02-01","2015-07-31","2099-12-31",100569946,"Williamson, Sheldon",2600,20]
[null,null,null,null,null,210770,null,"NSERC Eng. w/Wegu Manufacturing","Y",null,null,"A","2015-04-30","2015-08-31","2099-12-31",100478656,"Mohany, Atef",2600,20]
[null,null,null,null,null,210771,null,"NSERC Eng. w/ Greater Sudbury","Y",null,null,"A","2015-03-01","2015-08-31","2099-12-31",100443475,"Ibrahim, Walid",2600,20]
[null,null,null,null,null,210772,null,"NSERC Eng. w/Megawatt Inc.","Y",null,null,"A","2015-03-01","2015-08-31","2099-12-31",100383464,"Gaber, Hossam",2100,20]
[null,null,null,null,null,210773,null,"NSERC Eng. w/Charlotte Products","Y",null,null,"A","2015-05-01","2015-10-31","2099-12-31",100273677,"Rizvi, Ghaus",2600,20]
[null,null,null,null,null,210774,null,"NSERC Eng. w/Veridian -The impact","Y",null,null,"A","2015-05-01","2015-10-31","2099-12-31",100507176,"Pazzi, Richard",2200,20]
[null,null,null,null,null,210775,null,"NSERC Engage w/Search Engine","Y",null,null,"A","2015-05-01","2015-10-31","2099-12-31",100502315,"Makrehchi, Masoud",2600,20]
[null,null,null,null,21080,null,null,"NSERC - Other","N",null,null,"A","2009-04-01",null,"2099-12-31"]
[null,null,null,null,null,210800,null,"NSERC Representative-closed","Y",null,null,"I","2014-03-31","2014-03-31","2099-12-31",100372919,"Owen, Michael",3200,20]
[null,null,null,null,null,210801,null,"NSERC Interaction Grant-Closed","Y",null,null,"I","2014-03-31","2014-03-31","2099-12-31",100298984,"Bohun, Sean",2700,20]
[null,null,null,null,21090,null,null,"NSERC - Institutional","N",null,null,"A","2009-04-01",null,"2099-12-31"]
[null,null,null,null,null,210900,null,"NSERC USRA","Y",null,null,"A","2010-11-08","2025-03-31","2099-12-31",100372919,"Owen, Michael",3200,20]
[null,null,null,null,21095,null,null,"GGSF","N",null,null,"A","2014-12-18",null,"2099-12-31"]
[null,null,null,null,null,210950,null,"GGSF-NSERC","Y",null,null,"I","2014-12-18","2020-03-31","2099-12-31",100372919,"Owen, Michael",3200,20]
[null,null,null,null,null,210951,null,"GGSF-SSHRC","Y",null,null,"A","2014-12-18","2020-03-31","2099-12-31",100372919,"Owen, Michael",3200,20]
[null,null,null,null,null,210952,null,"GGSF-CIHR","Y",null,null,"I","2014-12-18","2020-03-31","2099-12-31",100372919,"Owen, Michael",3200,20]
[null,null,null,2110,null,null,null,"Federal - SSHRC","N",null,null,"A","2009-04-01",null,"2099-12-31"]
[null,null,null,null,21100,null,null,"SSHRC GRF","N",null,null,"A","2009-04-01",null,"2099-12-31"]
[null,null,null,null,null,211000,null,"SSHRC GRF","Y",null,null,"A","2010-11-08","2025-03-31","2099-12-31",100372919,"Owen, Michael",3200,20]
[null,null,null,null,null,211001,null,"SSHRC-SRG -Internally Funded-Words","Y",null,null,"A","2015-02-27","2015-09-01","2099-12-31",100467779,"Li, Jia",2400,20]
[null,null,null,null,21110,null,null,"SSHRC Stand Alone","N",null,null,"A","2009-04-01",null,"2099-12-31"]
[null,null,null,null,null,211100,null,"SSHRC SRG-Closed","Y",null,null,"I","2014-03-31","2014-03-31","2099-12-31",100277397,"Gill, Tripat",2200,20]
[null,null,null,null,null,211101,null,"SSHRC POG/MBF-Closed","Y",null,null,"I","2014-03-31","2014-03-31","2099-12-31",100277397,"Gill, Tripat",2200,20]
[null,null,null,null,null,211102,null,"SSHRC POG/MBF","Y",null,null,"A","2009-04-01","2014-03-30","2099-12-31",100273381,"Percival, Jennifer",2200,20]
[null,null,null,null,null,211103,null,"SSHRC Std Res Grant-Closed","Y",null,null,"I","2014-03-31","2014-03-31","2099-12-31",100277397,"Gill, Tripat",2200,20]
[null,null,null,null,null,211104,null,"SSHRC ITST - CLOSED","Y",null,null,"I","2014-03-31","2014-03-31","2099-12-31",100329395,"Kapralos, Bill",2200,20]
[null,null,null,null,null,211105,null,"SSHRC RDI-Closed","Y",null,null,"I","2014-03-31","2014-03-31","2099-12-31",100045938,"Goodman, William",2200,20]
[null,null,null,null,null,211106,null,"SSHRC SRG","Y",null,null,"A","2014-09-30","2014-03-31","2099-12-31",100273384,"Vargas Martin, Miguel",2200,20]
[null,null,null,null,null,211107,null,"SSHRC ITST-Closed","Y",null,null,"I","2014-03-31","2014-03-31","2099-12-31",100247810,"Van Oostveen, Roland",2400,20]
[null,null,null,null,null,211108,null,"SSHRC SRG- Closed","Y",null,null,"I","2014-03-31","2014-03-31","2099-12-31",100251861,"Kay, Robin",2400,20]
[null,null,null,null,null,211109,null,"SSHRC SRG - CLOSED","Y",null,null,"I","2014-03-31","2014-03-31","2099-12-31",100120774,"Hughes, Janette",2400,20]
[null,null,null,null,null,211110,null,"SSHRC SRG w/ U of Windsor - CLOSED","Y",null,null,"I","2014-03-31","2014-03-31","2099-12-31",100351444,"Zaidi, Arshia",2300,20]
[null,null,null,null,null,211111,null,"SSHRC Grant-Closed","Y",null,null,"I","2014-03-31","2014-03-31","2099-12-31",100302652,"Cesaroni, Carla",2300,20]
[null,null,null,null,null,211112,null,"SSHRC Grant-Closed","Y",null,null,"I","2014-03-31","2014-03-31","2099-12-31",100370788,"Dutta, Shantanu",2200,20]
[null,null,null,null,null,211113,null,"SSHRC CURA w/UWO-Closed","Y",null,null,"I","2014-03-31","2014-03-31","2099-12-31",100275796,"Clow, Kimberley",2300,20]
[null,null,null,null,null,211114,null,"SSHRC sub-grant (Waterloo)-Closed","Y",null,null,"I","2014-03-31","2014-03-31","2099-12-31",100329395,"Kapralos, Bill",2200,20]
[null,null,null,null,null,211115,null,"SSHRC SRG","Y",null,null,"A","2014-09-30","2014-03-31","2099-12-31",100442580,"Oman, Natalie",2300,20]
[null,null,null,null,null,211116,null,"SSHRC CURA w/MSVU","Y",null,null,"A","2014-11-28","2014-11-28","2099-12-31",100226701,"Vogel, Ellen",2500,20]
[null,null,null,null,null,211117,null,"SSHRC SRG","Y",null,null,"A","2014-10-20","2015-04-30","2099-12-31",100352859,"Leach, Amy",2300,20]
[null,null,null,null,null,211118,null,"SSHRC SRG-Closed","Y",null,null,"I","2014-03-31","2014-03-31","2099-12-31",100379408,"Riaz, Suhaib",2200,20]
[null,null,null,null,null,211119,null,"SSHRC SRG","Y",null,null,"A","2014-09-30","2014-03-31","2099-12-31",100378659,"Sivasubramaniam, Diane",2300,20]
[null,null,null,null,null,211120,null,"SSHRC SRG","Y",null,null,"A","2015-04-30","2016-03-31","2099-12-31",100275796,"Clow, Kimberley",2300,20]
[null,null,null,null,null,211121,null,"SSHRC IDG-Closed","Y",null,null,"I","2014-03-31","2014-03-31","2099-12-31",100322353,"Ma, Zhenfeng",2200,20]
[null,null,null,null,null,211122,null,"SSHRC IDG","Y",null,null,"A","2014-07-16","2015-05-31","2099-12-31",100352859,"Leach, Amy",2300,20]
[null,null,null,null,null,211123,null,"SSHRC IDG","Y",null,null,"A","2011-04-01","2014-03-31","2099-12-31",100273416,"Perry, Barbara",2300,20]
[null,null,null,null,null,211124,null,"SSHRC PG-LOI","Y",null,null,"A","2014-10-21","2014-10-22","2099-12-31",100273384,"Vargas Martin, Miguel",2200,20]
[null,null,null,null,null,211125,null,"SSHRC SRG w/ U of Waterloo","Y",null,null,"A","2015-05-15","2015-05-15","2099-12-31",100329395,"Kapralos, Bill",2200,20]
[null,null,null,null,null,211126,null,"SSHRC SRG w/ Queen's U- Closed","Y",null,null,"I","2014-03-31","2014-03-31","2099-12-31",100383536,"Bullock, Shawn",2400,20]
[null,null,null,null,null,211127,null,"SSHRC POG","Y",null,null,"A","2014-06-12","2014-06-12","2099-12-31",100049980,"Petrarca, Diana",2400,20]
[null,null,null,null,null,211128,null,"SSHRC POG/DE-closed","Y",null,null,"I","2014-03-31","2014-03-31","2099-12-31",100120774,"Hughes, Janette",2400,20]
[null,null,null,null,null,211129,null,"SSHRC PDG","Y",null,null,"A","2015-04-30","2017-03-30","2099-12-31",100351444,"Zaidi, Arshia",2300,20]
[null,null,null,null,null,211130,null,"SSHRC IDG-Closed","Y",null,null,"I","2014-03-31","2014-03-31","2099-12-31",100120774,"Hughes, Janette",2400,20]
[null,null,null,null,null,211131,null,"SSHRC IDG","Y",null,null,"A","2014-09-30","2014-03-31","2099-12-31",100273381,"Percival, Jennifer",2200,20]
[null,null,null,null,null,211132,null,"SSHRC Banting Post Doctoral Fellows","Y",null,null,"A","2014-12-12","2014-12-12","2099-12-31",100237740,"Crichlow, Wesley",2300,20]
[null,null,null,null,null,211133,null,"SSHRC - Performing digital Literacy","Y",null,null,"A","2014-06-24","2014-06-24","2099-12-31",100120774,"Hughes, Janette",2400,20]
[null,null,null,null,null,211134,null,"SSHRC-Methodology integrating b","Y",null,null,"A","2015-04-30","2018-03-31","2099-12-31",100273381,"Percival, Jennifer",2200,20]
[null,null,null,null,null,211135,null,"SSHRC - Insight Grant Adolescents","Y",null,null,"A","2015-02-04","2016-03-31","2099-12-31",100120774,"Hughes, Janette",2400,20]
[null,null,null,null,null,211136,null,"SSHRC IG - Bridge The Claims","Y",null,null,"A","2015-04-30","2018-03-31","2099-12-31",100503534,"De Castell, Suzanne",2400,20]
[null,null,null,null,null,211137,null,"SSHRC with Ryerson - Social Media C","Y",null,null,"A","2014-11-14","2014-11-14","2099-12-31",100379246,"Langlois, Ganaele",2300,20]
[null,null,null,null,null,211138,null,"SSHRC with Waterloo Interactive & M","Y",null,null,"A","2014-11-14","2019-02-28","2099-12-31",100474780,"Nacke, Lennart",2200,20]
[null,null,null,null,null,211139,null,"SSHRC with Waterloo Interactive & M","Y",null,null,"A","2014-11-14","2019-02-28","2099-12-31",100329395,"Kapralos, Bill",2200,20]
[null,null,null,null,null,211140,null,"SSHRC w/OCAD - Imaging Canada's","Y",null,null,"A","2014-09-30","2014-03-31","2099-12-31",100372919,"Owen, Michael",3200,20]
[null,null,null,null,null,211141,null,"SSHRC IDG Advertising in the Small","Y",null,null,"A","2015-06-11","2016-05-31","2099-12-31",100326420,"Jiang, Ying",2200,20]
[null,null,null,null,null,211142,null,"SSHRC IDG- Equitable Lens:How Ethn","Y",null,null,"A","2012-06-01","2014-05-31","2099-12-31",100408882,"Douai, Aziz",2300,20]
[null,null,null,null,null,211143,null,"SSHRC SRG - Wearable, mobile, augme","Y",null,null,"A","2012-09-01","2014-03-31","2099-12-31",100475775,"Pedersen, Isabel",2300,20]
[null,null,null,null,null,211144,null,"SSHRC SRG - Words that Matter","Y",null,null,"A","2014-07-08","2014-07-31","2099-12-31",100467779,"Li, Jia",2400,20]
[null,null,null,null,null,211145,null,"SSHRC - Interactive and multi-modal","Y",null,null,"A","2014-11-14","2019-02-28","2099-12-31",100352437,"Hogue, Andrew",2200,20]
[null,null,null,null,null,211146,null,"SSHRC SRG - Exposed citizens: Arab","Y",null,null,"A","2014-09-30","2014-03-31","2099-12-31",100379247,"Pierce, Teresa",2300,20]
[null,null,null,null,null,211147,null,"SSHRC_IDG_supported literacy educat","Y",null,null,"A","2013-06-01","2016-05-31","2099-12-31",100384784,"Fernando, Shanti",2300,20]
[null,null,null,null,null,211148,null,"SSHRC_KSG_Skill shed Project","Y",null,null,"A","2014-06-11","2014-06-30","2099-12-31",100248290,"Scott, Hannah",2300,20]
[null,null,null,null,null,211149,null,"SSHRC-IDG-Exploring Teacher Knowled","Y",null,null,"A","2013-07-01","2015-05-31","2099-12-31",100540933,"Mamolo, Ami",2400,20]
[null,null,null,null,null,211150,null,"SSHRC-IG-Enviromental Effects","Y",null,null,"A","2014-11-14","2018-03-31","2099-12-31",100517050,"Dhar, Tirtha",2200,20]
[null,null,null,null,null,211151,null,"SSHRC IG- Wear Me : A Rhetorical","Y",null,null,"A","2015-04-30","2018-03-31","2099-12-31",100475775,"Pedersen, Isabel",2300,20]
[null,null,null,null,null,211152,null,"SSHRC IG-Development or Margin","Y",null,null,"A","2014-06-01","2017-05-31","2099-12-31",100475774,"Macneill, Timothy",2300,20]
[null,null,null,null,null,211153,null,"SSHRC IG-Does Corporate Governance","Y",null,null,"A","2014-06-01","2017-05-31","2099-12-31",100363499,"Chang, Bin",2200,20]
[null,null,null,null,null,211154,null,"SSHRC IG-Improving the alibi","Y",null,null,"A","2014-06-01","2017-05-31","2099-12-31",100502654,"Eastwood, Joseph",2300,20]
[null,null,null,null,null,211155,null,"SSHRC w/UW-Understanding","Y",null,null,"A","2014-03-15","2018-03-31","2099-12-31",100329395,"Kapralos, Bill",2200,20]
[null,null,null,null,null,211156,null,"SSHRC-IDG-Ties that bind","Y",null,null,"A","2014-07-01","2016-05-31","2099-12-31",100571519,"Wattie, Nick",2500,20]
[null,null,null,null,null,211157,null,"SSHRC IDG-The (Un) Making","Y",null,null,"A","2014-06-01","2017-05-31","2099-12-31",100049980,"Petrarca, Diana",2400,20]
[null,null,null,null,null,211158,null,"SSHRC IG-A Comparative Study","Y",null,null,"A","2015-04-23","2019-03-31","2099-12-31",100302652,"Cesaroni, Carla",2300,20]
[null,null,null,null,null,211159,null,"SSHRC IG- Policy layer enactment","Y",null,null,"A","2015-05-11","2021-03-31","2099-12-31",100545367,"Pinto, Laura",2400,20]
[null,null,null,null,21150,null,null,"SSHRC w/ Industry Partners","N",null,null,"A","2009-04-01",null,"2099-12-31"]
[null,null,null,null,null,211500,null,"Open","Y",null,null,"A","2009-04-01",null,"2099-12-31",null,null,null,20]
[null,null,null,null,21180,null,null,"SSHRC - Other","N",null,null,"A","2009-04-01",null,"2099-12-31"]
[null,null,null,null,null,211800,null,"Open","Y",null,null,"A","2009-04-01",null,"2099-12-31",null,null,null,20]
[null,null,null,null,21190,null,null,"SSHRC - Institutional","N",null,null,"A","2009-04-01",null,"2099-12-31"]
[null,null,null,null,null,211900,null,"SSHRC Institutional Grant","Y",null,null,"A","2010-07-22","2015-03-31","2099-12-31",100303468,"Freeman, Jennifer",3200,20]
[null,null,null,null,null,211901,null,"SSHRC IG w/ OAPR - CLOSED","Y",null,null,"I","2014-03-31","2014-03-31","2099-12-31",100352859,"Leach, Amy",2300,20]
[null,null,null,null,null,211902,null,"SSHRC IG w/ OAPR - CLOSED","Y",null,null,"I","2014-03-31","2014-03-31","2099-12-31",100378659,"Sivasubramaniam, Diane",2300,20]
[null,null,null,null,null,211903,null,"SSHRC IG w/ OAPR -CLOSED","Y",null,null,"I","2014-03-31","2014-03-31","2099-12-31",100326420,"Jiang, Ying",2200,20]
[null,null,null,null,null,211904,null,"SSHRC IG w/ OAPR -CLOSED","Y",null,null,"I","2014-03-31","2014-03-31","2099-12-31",100357417,"Robertson, Lorayne",2400,20]
[null,null,null,null,null,211905,null,"SSHRC IG w/ OAPR - CLOSED","Y",null,null,"I","2014-03-31","2014-03-31","2099-12-31",100351444,"Zaidi, Arshia",2300,20]
[null,null,null,null,null,211906,null,"SSHRC IG w/ OAPR - CLOSED","Y",null,null,"I","2014-03-31","2014-03-31","2099-12-31",100352859,"Leach, Amy",2300,20]
[null,null,null,null,null,211907,null,"SSHRC IG w/ OAPR - CLOSED","Y",null,null,"I","2014-03-31","2014-03-31","2099-12-31",100275796,"Clow, Kimberley",2300,20]
[null,null,null,null,null,211908,null,"SSHRC IG w/ OAPR - CLOSED","Y",null,null,"I","2014-03-31","2014-03-31","2099-12-31",100370788,"Dutta, Shantanu",2200,20]
[null,null,null,null,null,211909,null,"SSHRC IG Subgrant-Closed","Y",null,null,"I","2014-03-31","2014-03-31","2099-12-31",100325445,"Chen, Cuiping",2200,20]
[null,null,null,null,null,211910,null,"SSHRC IG Subgrant","Y",null,null,"A","2014-09-30","2014-03-31","2099-12-31",100361582,"Krasman, Joseph",2200,20]
[null,null,null,null,null,211911,null,"SSHRC IG Subgrant","Y",null,null,"A","2014-09-30","2014-03-31","2099-12-31",100325317,"Baglay, Sasha",2300,20]
[null,null,null,null,null,211912,null,"SSHRC IG Subgrant - CLOSED","Y",null,null,"I","2014-03-31","2014-03-31","2099-12-31",100273416,"Perry, Barbara",2300,20]
[null,null,null,null,null,211913,null,"SSHRC IG Subgrant-Closed","Y",null,null,"I","2014-03-31","2014-03-31","2099-12-31",100248290,"Scott, Hannah",2300,20]
[null,null,null,null,null,211914,null,"SSHRC IG Subgrant-Closed","Y",null,null,"I","2014-03-31","2014-03-31","2099-12-31",100351444,"Zaidi, Arshia",2300,20]
[null,null,null,null,null,211915,null,"SSHRC IG Subgrant-closed","Y",null,null,"I","2014-03-31","2014-03-31","2099-12-31",100382985,"Digiuseppe, Maurice",2400,20]
[null,null,null,null,null,211916,null,"SIGInformationliteracy survey-closd","Y",null,null,"I","2015-03-11","2015-03-11","2099-12-31",100383535,"Eamer, Allyson",2400,20]
[null,null,null,null,null,211917,null,"SSHRC Open knowledge creation :Peer","Y",null,null,"A","2014-11-28","2014-11-28","2099-12-31",100436412,"Moretz, Jeff",2200,20]
[null,null,null,null,null,211918,null,"SSHRC SIG - The Canadian Immigrant","Y",null,null,"A","2014-11-28","2014-11-28","2099-12-31",100408882,"Douai, Aziz",2300,20]
[null,null,null,null,null,211919,null,"SSHRC SIG - Exposed citizens: Arab","Y",null,null,"A","2015-03-09","2015-03-09","2099-12-31",100379247,"Pierce, Teresa",2300,20]
[null,null,null,null,null,211920,null,"SSHRC IG_Does corporate goverence","Y",null,null,"A","2014-10-21","2014-10-21","2099-12-31",100363499,"Chang, Bin",2200,20]
[null,null,null,null,null,211921,null,"SSHRC IG_Alibi generation and asset","Y",null,null,"A","2014-10-21","2014-10-21","2099-12-31",100502654,"Eastwood, Joseph",2300,20]
[null,null,null,null,null,211922,null,"SSHRC IG_Transnational exploration","Y",null,null,"A","2014-10-21","2014-10-21","2099-12-31",100467779,"Li, Jia",2400,20]
[null,null,null,null,null,211923,null,"SSHRC IG_Challenging Tradition","Y",null,null,"A","2015-02-05","2015-12-31","2099-12-31",100351444,"Zaidi, Arshia",2300,20]
[null,null,null,null,null,211924,null,"SSHRC IG_Examining a Support Group","Y",null,null,"A","2014-10-21","2014-10-21","2099-12-31",100475673,"McMorrow, Thomas",2300,20]
[null,null,null,null,null,211925,null,"SSHRC IG_The (un) Making Teacher","Y",null,null,"A","2014-10-27","2015-01-31","2099-12-31",100049980,"Petrarca, Diana",2400,20]
[null,null,null,null,null,211926,null,"SSHRC IG-Wear Me(Replaced #211151)","Y",null,null,"A","2014-10-22","2014-10-22","2099-12-31",100475775,"Pedersen, Isabel",2300,20]
[null,null,null,null,null,211927,null,"UOIT-SSHRC - School University","Y",null,null,"A","2014-06-01","2015-03-31","2099-12-31",100443052,"Barber, Wendy",2400,20]
[null,null,null,null,null,211928,null,"SSHRC Small Res Grant- Participatio","Y",null,null,"A","2014-06-01","2015-03-31","2099-12-31",100252204,"King, Alyson",2300,20]
[null,null,null,2120,null,null,null,"Federal - CIHR","N",null,null,"A","2009-04-01",null,"2099-12-31"]
[null,null,null,null,21200,null,null,"CIHR GRF","N",null,null,"A","2009-04-01",null,"2099-12-31"]
[null,null,null,null,null,212000,null,"Open","Y",null,null,"A","2010-11-08",null,"2099-12-31",100372919,"Owen, Michael",3200,20]
[null,null,null,null,21210,null,null,"CIHR Stand Alone","N",null,null,"A","2009-04-01",null,"2099-12-31"]
[null,null,null,null,null,212100,null,"CIHR OG","Y",null,null,"A","2015-04-17","2015-04-17","2099-12-31",100358206,"George, Clemon",2500,20]
[null,null,null,null,null,212101,null,"CIHR OG w/University of Toronto","Y",null,null,"A","2014-09-30","2014-03-31","2099-12-31",100378125,"Gamble, Brenda",2500,20]
[null,null,null,null,null,212102,null,"CIHR YO","Y",null,null,"I","2015-03-11","2015-03-11","2099-12-31",100248293,"Green-Johnson, Julia",2700,20]
[null,null,null,null,null,212103,null,"CIHR MPD","Y",null,null,"A","2014-09-30","2014-03-31","2099-12-31",100378125,"Gamble, Brenda",2500,20]
[null,null,null,null,null,212104,null,"CIHR OG","Y",null,null,"A","2015-05-15","2015-05-15","2099-12-31",100330050,"McGregor, Carolyn",2200,20]
[null,null,null,null,null,212105,null,"CIHR Undergraduate","Y",null,null,"A","2014-09-30","2014-03-31","2099-12-31",100438824,"Lloyd, Meghann",2500,20]
[null,null,null,null,null,212106,null,"CIHR-Safe at Work :An International","Y",null,null,"I","2015-03-11","2015-03-11","2099-12-31",100326554,"Dragiewicz, Molly",2300,20]
[null,null,null,null,null,212107,null,"CIHR-Plan&Diss- Maximizing the use","Y",null,null,"A","2014-08-13","2015-03-31","2099-12-31",100438824,"Lloyd, Meghann",2500,20]
[null,null,null,null,null,212108,null,"CIHR-Aboriginal men's narratives","Y",null,null,"A","2015-04-30","2015-09-30","2099-12-31",100569696,"Smye, Victoria",2500,20]
[null,null,null,null,21250,null,null,"CIHR w/ Industry Partners","N",null,null,"A","2009-04-01",null,"2099-12-31"]
[null,null,null,null,null,212500,null,"Open","Y",null,null,"A","2009-04-01",null,"2099-12-31",null,null,null,20]
[null,null,null,null,21280,null,null,"CIHR - Other","N",null,null,"A","2009-04-01",null,"2099-12-31"]
[null,null,null,null,null,212800,null,"CIHR","Y",null,null,"A","2014-09-30","2014-03-31","2099-12-31",100273381,"Percival, Jennifer",2200,20]
[null,null,null,null,null,212801,null,"CIHR Joint Health Initiative","Y",null,null,"A","2015-05-15","2015-05-15","2099-12-31",100330050,"McGregor, Carolyn",2200,20]
[null,null,null,null,null,212802,null,"CIHR Representative","Y",null,null,"A","2011-01-01","2025-03-31","2099-12-31",100372919,"Owen, Michael",3200,20]
[null,null,null,null,null,212803,null,"CIHR - Safe at Work: An Internation","Y",null,null,"A","2014-10-20","2015-04-30","2099-12-31",100246241,"Dekeseredy, Walter",2300,20]
[null,null,null,null,null,212804,null,"CIHR-Establishing Durham Resuscitat","Y",null,null,"A","2015-04-30","2016-03-31","2099-12-31",100536751,"Wax, Randy",2500,20]
[null,null,null,null,null,212805,null,"CIHR/CAMH-Indicators for primary","Y",null,null,"A","2014-08-01","2015-08-31","2099-12-31",100508039,"Balogh, Robert",2500,20]
[null,null,null,null,21290,null,null,"CIHR - Institutional","N",null,null,"A","2009-04-01",null,"2099-12-31"]
[null,null,null,null,null,212900,null,"CIHR SA","Y",null,null,"A","2014-10-27","2017-03-31","2099-12-31",100372919,"Owen, Michael",2500,20]
[null,null,null,2130,null,null,null,"Federal - CRC","N",null,null,"A","2009-04-01",null,"2099-12-31"]
[null,null,null,null,21300,null,null,"CRC","N",null,null,"A","2009-04-01",null,"2099-12-31"]
[null,null,null,null,null,213000,null,"NSERC CRC Tier 2","Y",null,null,"A","2014-10-03","2014-10-03","2099-12-31",100330050,"McGregor, Carolyn",2200,20]
[null,null,null,null,null,213001,null,"NSERC CRC Tier 1","Y",null,null,"A","2015-03-09","2015-03-09","2099-12-31",100286765,"Naterer, Greg",2600,20]
[null,null,null,null,null,213002,null,"NSERC CRC Tier 2","Y",null,null,"A","2015-02-13","2015-02-13","2099-12-31",100256561,"Zhang, Dan",2600,20]
[null,null,null,null,null,213003,null,"NSERC CRC Tier 1 - Closed","Y",null,null,"A","2014-11-28","2014-11-28","2099-12-31",100246238,"Holdway, Douglas",2700,20]
[null,null,null,null,null,213004,null,"NSERC CRC Tier 2","Y",null,null,"A","2014-11-28","2014-11-28","2099-12-31",100300259,"Forbes, Shari",2700,20]
[null,null,null,null,null,213005,null,"NSERC CRC Tier 1","Y",null,null,"A","2015-04-30","2018-11-30","2099-12-31",100246238,"Holdway, Douglas",2700,20]
[null,null,null,null,null,213006,null,"CRC from SSHRCC Tier 2","Y",null,null,"A","2015-04-30","2017-08-31","2099-12-31",100475775,"Pedersen, Isabel",2300,20]
[null,null,null,null,null,213007,null,"CRC - Health Informatics Laboratory","Y",null,null,"A","2015-04-30","2017-06-30","2099-12-31",100330050,"McGregor, Carolyn",2200,20]
[null,null,null,null,null,213008,null,"Disability Prevention","Y",null,null,"A","2013-08-02","2018-06-30","2099-12-31",100076090,"Cote, Pierre",2500,20]
[null,null,null,null,null,213009,null,"NSERC CRC_Linguistic Information","Y",null,null,"A","2015-04-30","2018-12-31","2099-12-31",100425204,"Collins, Christopher",2700,20]
[null,null,null,null,null,213010,null,"NSERC CRC_Renewal in Advancing","Y",null,null,"A","2015-04-30","2018-12-31","2099-12-31",100256561,"Zhang, Dan",2600,20]
[null,null,null,2140,null,null,null,"Federal - CFI","N",null,null,"A","2009-04-01",null,"2099-12-31"]
[null,null,null,null,21400,null,null,"CFI","N",null,null,"A","2009-04-01",null,"2099-12-31"]
[null,null,null,null,null,214000,null,"CFI/ORF-RI & IOF","Y",null,null,"A","2014-11-14","2014-11-14","2099-12-31",100352006,"Kumar, Ayush",2500,20]
[null,null,null,null,null,214001,null,"CFI/ORF-RI & IOF","Y",null,null,"A","2009-04-01","2018-01-31","2099-12-31",100257127,"Hung, Patrick",2200,20]
[null,null,null,null,null,214002,null,"CFI/ORF-RI & IOF","Y",null,null,"A","2014-09-30","2014-03-31","2099-12-31",100330050,"McGregor, Carolyn",2200,20]
[null,null,null,null,null,214003,null,"CFI/ORF-RI & IOF","Y",null,null,"A","2014-09-30","2014-03-31","2099-12-31",100275697,"Nokleby, Scott",2600,20]
[null,null,null,null,null,214004,null,"CFI/ORF-RI & IOF","Y",null,null,"A","2014-09-30","2014-03-31","2099-12-31",100300639,"Shahbazpanahi, Shahram",2600,20]
[null,null,null,null,null,214005,null,"CFI/ORF-RI & IOF","Y",null,null,"A","2014-09-30","2014-03-31","2099-12-31",100286765,"Naterer, Greg",2600,20]
[null,null,null,null,null,214006,null,"CFI/ORF-RI & IOF-Closed","Y",null,null,"I","2014-03-31","2014-03-31","2099-12-31",100304708,"He, Yuping",2600,20]
[null,null,null,null,null,214007,null,"CFI/ORF-RI & IOF w/ SHARCNET","Y",null,null,"A","2015-04-10","2016-03-31","2099-12-31",100550653,"Crawford, Gregory",2700,20]
[null,null,null,null,null,214008,null,"CFI/ORF-RI & IOF","Y",null,null,"A","2015-04-10","2016-03-31","2099-12-31",100248294,"Lewis, Greg",2700,20]
[null,null,null,null,null,214009,null,"CFI/ORF-RI & IOF","Y",null,null,"A","2009-04-01","2016-05-31","2099-12-31",100275791,"Forrester, Sean",2700,20]
[null,null,null,null,null,214010,null,"CFI/ORF-RI & IOF","Y",null,null,"A","2014-06-09","2014-06-09","2099-12-31",100324930,"Easton, Brad",2700,20]
[null,null,null,null,null,214011,null,"CFI/ORF-RI & IOF","Y",null,null,"A","2015-04-10","2016-03-31","2099-12-31",100300554,"Green, Mark",2700,20]
[null,null,null,null,null,214012,null,"CFI/ORF-RI & IOF","Y",null,null,"A","2014-09-30","2014-03-31","2099-12-31",100300259,"Forbes, Shari",2700,20]
[null,null,null,null,null,214013,null,"CFI/ORF-RI & IOF","Y",null,null,"A","2015-03-09","2015-03-09","2099-12-31",100256659,"Gaspari, Franco",2700,20]
[null,null,null,null,null,214014,null,"CFI/ORF-RI & IOF","Y",null,null,"A","2014-09-30","2014-03-31","2099-12-31",100256561,"Zhang, Dan",2600,20]
[null,null,null,null,null,214015,null,"CFI","Y",null,null,"A","2014-12-05","2014-12-05","2099-12-31",100380325,"Desaulniers, Jean-Paul",2700,20]
[null,null,null,null,null,214016,null,"CFI - IOF - Moved (214001)","Y",null,null,"I","2015-03-11","2015-03-11","2099-12-31",100257127,"Hung, Patrick",2200,20]
[null,null,null,null,null,214017,null,"CFI - IOF","Y",null,null,"A","2014-09-30","2014-03-31","2099-12-31",100352006,"Kumar, Ayush",2500,20]
[null,null,null,null,null,214018,null,"CFI - IOF","Y",null,null,"A","2014-09-30","2014-03-31","2099-12-31",100330050,"McGregor, Carolyn",2200,20]
[null,null,null,null,null,214019,null,"CFI - IOF","Y",null,null,"A","2015-03-31","2016-03-31","2099-12-31",100275697,"Nokleby, Scott",2600,20]
[null,null,null,null,null,214020,null,"CFI - IOF","Y",null,null,"A","2015-03-09","2015-03-09","2099-12-31",100300639,"Shahbazpanahi, Shahram",2600,20]
[null,null,null,null,null,214021,null,"CFI - IOF","Y",null,null,"A","2015-03-31","2016-03-31","2099-12-31",100300936,"Liscano, Ramiro",2600,20]
[null,null,null,null,null,214022,null,"CFI - IOF","Y",null,null,"A","2010-04-01","2015-03-31","2099-12-31",100286765,"Naterer, Greg",2600,20]
[null,null,null,null,null,214023,null,"CFI - IOF","Y",null,null,"A","2010-04-01","2016-03-31","2099-12-31",100304708,"He, Yuping",2600,20]
[null,null,null,null,null,214024,null,"CFI - IOF","Y",null,null,"A","2010-04-15","2017-03-31","2099-12-31",100256561,"Zhang, Dan",2600,20]
[null,null,null,null,null,214025,null,"CFI - IOF","Y",null,null,"A","2014-09-30","2014-03-31","2099-12-31",100248294,"Lewis, Greg",2700,20]
[null,null,null,null,null,214026,null,"CFI - IOF - Moved (214009)-Closed","Y",null,null,"I","2014-03-31","2014-03-31","2099-12-31",100275791,"Forrester, Sean",2700,20]
[null,null,null,null,null,214027,null,"CFI - IOF","Y",null,null,"A","2014-09-30","2014-03-31","2099-12-31",100324930,"Easton, Brad",2700,20]
[null,null,null,null,null,214028,null,"CFI - IOF","Y",null,null,"A","2014-09-30","2014-03-31","2099-12-31",100300554,"Green, Mark",2700,20]
[null,null,null,null,null,214029,null,"CFI - IOF - CLOSED","Y",null,null,"I","2014-03-31","2014-03-31","2099-12-31",100300259,"Forbes, Shari",2700,20]
[null,null,null,null,null,214030,null,"CFI - IOF","Y",null,null,"A","2014-09-30","2014-03-31","2099-12-31",100256659,"Gaspari, Franco",2700,20]
[null,null,null,null,null,214031,null,"CFI - IOF","Y",null,null,"A","2010-04-01","2017-01-31","2099-12-31",100380325,"Desaulniers, Jean-Paul",2700,20]
[null,null,null,null,null,214032,null,"CFI- Closed","Y",null,null,"I","2014-03-31","2014-03-31","2099-12-31",100351443,"Murphy, Bernadette",2500,20]
[null,null,null,null,null,214033,null,"CFI/MRI-Closed","Y",null,null,"I","2014-03-31","2014-03-31","2099-12-31",100303506,"Rohrauer, Greg",2600,20]
[null,null,null,null,null,214034,null,"CFI/MRI","Y",null,null,"A","2014-09-30","2014-03-31","2099-12-31",100327697,"El-Khatib, Khalil",2200,20]
[null,null,null,null,null,214035,null,"CFI NIF 2009 w/OCAD","Y",null,null,"A","2015-03-10","2016-06-30","2099-12-31",100221468,"Muirhead, Bill",2400,20]
[null,null,null,null,null,214036,null,"CFI / MRI","Y",null,null,"A","2015-03-31","2018-03-31","2099-12-31",100273677,"Rizvi, Ghaus",2600,20]
[null,null,null,null,null,214037,null,"CFI / IOF","Y",null,null,"A","2011-07-01","2016-07-01","2099-12-31",100303506,"Rohrauer, Greg",2600,20]
[null,null,null,null,null,214038,null,"CFI / IOF","Y",null,null,"A","2011-04-01","2018-03-31","2099-12-31",100327697,"El-Khatib, Khalil",2200,20]
[null,null,null,null,null,214039,null,"CFI / IOF","Y",null,null,"A","2014-10-27","2017-03-31","2099-12-31",100351443,"Murphy, Bernadette",2500,20]
[null,null,null,null,null,214040,null,"CFI/MRI w/ McMaster U","Y",null,null,"A","2015-04-17","2015-04-17","2099-12-31",100306125,"Waker, Anthony",2100,20]
[null,null,null,null,null,214041,null,"CFI NIF 2009","Y",null,null,"A","2014-09-30","2014-03-31","2099-12-31",100249629,"Pop-Iliev, Remon",2600,20]
[null,null,null,null,null,214043,null,"CFI - IOF w/ OCADU","Y",null,null,"A","2010-07-01","2019-09-30","2099-12-31",100221468,"Muirhead, Bill",2400,20]
[null,null,null,null,null,214044,null,"CFI /ORF-RI","Y",null,null,"A","2014-10-27","2015-03-31","2099-12-31",100443021,"El-Gindy, Moustafa",2600,20]
[null,null,null,null,null,214045,null,"CFI /IOF","Y",null,null,"A","2012-09-01","2019-08-31","2099-12-31",100303506,"Rohrauer, Greg",2600,20]
[null,null,null,null,null,214046,null,"CFI /IOF","Y",null,null,"A","2012-09-01","2019-08-31","2099-12-31",100249629,"Pop-Iliev, Remon",2600,20]
[null,null,null,null,null,214047,null,"CFI /MEDI ORF-RI","Y",null,null,"A","2014-10-27","2015-03-31","2099-12-31",100305780,"Barari, Ahmad",2600,20]
[null,null,null,null,null,214048,null,"CFI-MRI Laboratory for Human","Y",null,null,"A","2015-03-09","2015-03-09","2099-12-31",100354556,"Bradbury, Jeremy",2700,20]
[null,null,null,null,null,214049,null,"CFI-LOF/MEDI ORF-RI","Y",null,null,"A","2014-10-20","2015-03-31","2099-12-31",100379751,"Dong, Min",2600,20]
[null,null,null,null,null,214050,null,"CFI-IOF w/MCMaster University","Y",null,null,"A","2013-05-08","2020-04-30","2099-12-31",100306125,"Waker, Anthony",2100,20]
[null,null,null,null,null,214051,null,"CFI XRay Diffractometer","Y",null,null,"A","2015-03-11","2015-03-12","2099-12-31",100355610,"Kaye, Matthew",2100,20]
[null,null,null,null,null,214052,null,"CFI-MRI Establishment of DeCiMal","Y",null,null,"A","2014-12-19","2015-06-30","2099-12-31",100475775,"Pedersen, Isabel",2300,20]
[null,null,null,null,null,214053,null,"CFI /IOF","Y",null,null,"A","2013-09-19","2020-08-31","2099-12-31",100305780,"Barari, Ahmad",2600,20]
[null,null,null,null,null,214054,null,"CFI /IOF","Y",null,null,"A","2013-09-19","2020-08-31","2099-12-31",100443021,"El-Gindy, Moustafa",2600,20]
[null,null,null,null,null,214055,null,"IOF Establishment of DeCiMaL","Y",null,null,"A","2013-11-25","2019-12-31","2099-12-31",100475775,"Pedersen, Isabel",2300,20]
[null,null,null,null,null,214056,null,"IOF Laboratory for Human","Y",null,null,"A","2013-04-01","2020-12-31","2099-12-31",100354556,"Bradbury, Jeremy",2700,20]
[null,null,null,null,null,214057,null,"CFI-IOF Research Laboratory","Y",null,null,"A","2014-03-13","2020-03-31","2099-12-31",100379751,"Dong, Min",2600,20]
[null,null,null,null,null,214058,null,"CFI/IOF-XRAY diffractometer","Y",null,null,"A","2015-03-02","2021-03-31","2099-12-31",100355610,"Kaye, Matthew",2100,20]
[null,null,null,null,null,214059,null,"CFI/MRI-JELF-Laboratory Linguistic","Y",null,null,"A","2015-01-01","2016-03-31","2099-12-31",100425204,"Collins, Christopher",2700,20]
[null,null,null,2150,null,null,null,"Federal - Research Centres","N",null,null,"A","2009-04-01",null,"2099-12-31"]
[null,null,null,null,21500,null,null,"NCE - AFMNET","N",null,null,"A","2009-04-01",null,"2099-12-31"]
[null,null,null,null,null,215000,null,"NCE/AMFNET - CLOSED","Y",null,null,"I","2014-03-31","2014-03-31","2099-12-31",100248293,"Green-Johnson, Julia",2700,20]
[null,null,null,null,null,215001,null,"NCE/AMFNET - CLOSED","Y",null,null,"I","2014-03-31","2014-03-31","2099-12-31",100248293,"Green-Johnson, Julia",2700,20]
[null,null,null,null,null,215002,null,"NCE/AMFNET-closed","Y",null,null,"I","2014-03-31","2014-03-31","2099-12-31",100248293,"Green-Johnson, Julia",2700,20]
[null,null,null,null,null,215003,null,"NCE/AMFNET-Closed","Y",null,null,"I","2014-03-31","2014-03-31","2099-12-31",100248293,"Green-Johnson, Julia",2700,20]
[null,null,null,null,null,215004,null,"NCE/AFMNET Internship-Closed","Y",null,null,"I","2014-03-31","2014-03-31","2099-12-31",100248293,"Green-Johnson, Julia",2700,20]
[null,null,null,null,null,215005,null,"AFM Dietary Fibre and Intestinal","Y",null,null,"A","2015-04-02","2015-04-02","2099-12-31",100248293,"Green-Johnson, Julia",2700,20]
[null,null,null,null,21510,null,null,"NCE - AUTO 21","N",null,null,"A","2009-04-01",null,"2099-12-31"]
[null,null,null,null,null,215100,null,"NCE/Auto21 - CLOSED","Y",null,null,"I","2014-03-31","2014-03-31","2099-12-31",100249629,"Pop-Iliev, Remon",2600,20]
[null,null,null,null,null,215101,null,"NCE/Auto21 - CLOSED","Y",null,null,"I","2014-03-31","2014-03-31","2099-12-31",100303506,"Rohrauer, Greg",2600,20]
[null,null,null,null,null,215102,null,"NCE/Auto21 - CLOSED","Y",null,null,"I","2014-03-31","2014-03-31","2099-12-31",100247809,"Dincer, Ibrahim",2600,20]
[null,null,null,null,null,215103,null,"NCE/Auto21","Y",null,null,"A","2014-09-30","2014-03-31","2099-12-31",100249629,"Pop-Iliev, Remon",2600,20]
[null,null,null,null,null,215104,null,"NCE/Auto21 - CLOSED","Y",null,null,"I","2014-03-31","2014-03-31","2099-12-31",100273677,"Rizvi, Ghaus",2600,20]
[null,null,null,null,null,215105,null,"NCE/Auto21 - CLOSED","Y",null,null,"I","2014-03-31","2014-03-31","2099-12-31",100300936,"Liscano, Ramiro",2600,20]
[null,null,null,null,null,215106,null,"NCE/Auto21-Closed","Y",null,null,"I","2014-03-31","2014-03-31","2099-12-31",100303506,"Rohrauer, Greg",2600,20]
[null,null,null,null,null,215107,null,"NCE/Auto21 - CLOSED","Y",null,null,"I","2014-03-31","2014-03-31","2099-12-31",100379464,"Kishawy, Hossam",2600,20]
[null,null,null,null,null,215108,null,"NCE/Auto21-Closed","Y",null,null,"I","2014-03-31","2014-03-31","2099-12-31",100249629,"Pop-Iliev, Remon",2600,20]
[null,null,null,null,null,215109,null,"NCE/Auto21","Y",null,null,"A","2014-09-30","2014-03-31","2099-12-31",100273677,"Rizvi, Ghaus",2600,20]
[null,null,null,null,null,215110,null,"Auto 21","Y",null,null,"A","2015-03-30","2015-12-31","2099-12-31",100443021,"El-Gindy, Moustafa",2600,20]
[null,null,null,null,null,215111,null,"Auto 21-Connect Canada Water Pump D","Y",null,null,"A","2015-03-19","2015-09-03","2099-12-31",100533511,"Youssef, Mohamed",2600,20]
[null,null,null,null,null,215112,null,"Auto 21-Connect Canada-Assist inves","Y",null,null,"A","2014-03-01","2015-02-28","2099-12-31",100383464,"Gaber, Hossam",2100,20]
[null,null,null,null,null,215113,null,"OCE- Auto21 Connect Canada-Developm","Y",null,null,"A","2015-03-10","2015-03-10","2099-12-31",100247809,"Dincer, Ibrahim",2600,20]
[null,null,null,null,null,215114,null,"Auto 21- EV Motor Drives","Y",null,null,"A","2015-03-31","2015-12-31","2099-12-31",100569946,"Williamson, Sheldon",2600,20]
[null,null,null,null,null,215115,null,"Auto21-KTTF-FY 2015-16","Y",null,null,"A","2015-04-01","2016-03-31","2099-12-31",100443021,"El-Gindy, Moustafa",2600,20]
[null,null,null,null,21520,null,null,"NCE - MITACS","N",null,null,"A","2009-04-01",null,"2099-12-31"]
[null,null,null,null,null,215200,null,"NCE/MITACS - CLOSED","Y",null,null,"I","2014-03-31","2014-03-31","2099-12-31",100257127,"Hung, Patrick",2200,20]
[null,null,null,null,null,215201,null,"NCE/MITACS - CLOSED","Y",null,null,"I","2014-03-31","2014-03-31","2099-12-31",100355928,"Sood, Vijay",2600,20]
[null,null,null,null,null,215202,null,"NCE/MITACS - CLOSED","Y",null,null,"I","2014-03-31","2014-03-31","2099-12-31",100355928,"Sood, Vijay",2600,20]
[null,null,null,null,null,215203,null,"NCE/MITACS - CLOSED","Y",null,null,"I","2014-03-31","2014-03-31","2099-12-31",100300936,"Liscano, Ramiro",2600,20]
[null,null,null,null,null,215204,null,"NCE/MITACS - CLOSED","Y",null,null,"I","2014-03-31","2014-03-31","2099-12-31",100383744,"Machrafi, Rachid",2100,20]
[null,null,null,null,null,215205,null,"NCE/MITACS - CLOSED","Y",null,null,"I","2014-03-31","2014-03-31","2099-12-31",100383744,"Machrafi, Rachid",2100,20]
[null,null,null,null,null,215206,null,"NCE/MITACS-Closed","Y",null,null,"I","2014-03-31","2014-03-31","2099-12-31",100355928,"Sood, Vijay",2600,20]
[null,null,null,null,null,215207,null,"NCE/MITACS - Internship fu - CLOSED","Y",null,null,"I","2014-03-31","2014-03-31","2099-12-31",100247809,"Dincer, Ibrahim",2600,20]
[null,null,null,null,null,215208,null,"MITACS - Problem Solving Workshop","Y",null,null,"I","2015-03-11","2015-03-11","2099-12-31",100298984,"Bohun, Sean",2700,20]
[null,null,null,null,null,215209,null,"NCE/MITACS-Closed","Y",null,null,"I","2014-03-31","2014-03-31","2099-12-31",100300936,"Liscano, Ramiro",2600,20]
[null,null,null,null,null,215210,null,"NCE/MITACS Elevate","Y",null,null,"A","2014-09-30","2014-03-31","2099-12-31",100328340,"Heydari, Shahram",2200,20]
[null,null,null,null,null,215211,null,"NCE/MITACS International Conferen","Y",null,null,"A","2014-09-30","2014-03-31","2099-12-31",100383464,"Gaber, Hossam",2100,20]
[null,null,null,null,null,215212,null,"MITACS Training Event","Y",null,null,"A","2014-09-30","2014-03-31","2099-12-31",100247809,"Dincer, Ibrahim",2600,20]
[null,null,null,null,null,215213,null,"Mitacs Accelerate","Y",null,null,"A","2014-09-30","2014-03-31","2099-12-31",100474780,"Nacke, Lennart",2200,20]
[null,null,null,null,null,215214,null,"MITACS Accelerate","Y",null,null,"A","2015-01-14","2015-01-14","2099-12-31",100277454,"Nichita, Eleodor",2100,20]
[null,null,null,null,null,215215,null,"NCE-MITACS Accelerate","Y",null,null,"A","2013-09-01","2014-02-28","2099-12-31",100219783,"Rosen, Marc",2600,20]
[null,null,null,null,null,215216,null,"Mitacs Globalink - A Security","Y",null,null,"A","2015-04-22","2015-07-22","2099-12-31",100257127,"Hung, Patrick",2200,20]
[null,null,null,null,null,215217,null,"Mitacs Globalink RA-J.Hogerwaard","Y",null,null,"A","2015-05-11","2015-08-06","2099-12-31",100247809,"Dincer, Ibrahim",2600,20]
[null,null,null,null,null,215218,null,"Mitacs Globalink RA- C. Acar","Y",null,null,"A","2015-05-07","2015-08-08","2099-12-31",100247809,"Dincer, Ibrahim",2600,20]
[null,null,null,null,null,215219,null,"Mitacs Accelerate w/ Hydrofuel Inc.","Y",null,null,"A","2015-05-18","2015-11-17","2099-12-31",100247809,"Dincer, Ibrahim",2600,20]
[null,null,null,null,null,215220,null,"Mitacs Accelerate w/ EHC Canada","Y",null,null,"A","2015-04-13","2015-12-15","2099-12-31",100273677,"Rizvi, Ghaus",2600,20]
[null,null,null,null,21530,null,null,"NCE - OTHERS","N",null,null,"A","2012-12-20",null,"2099-12-31"]
[null,null,null,null,null,215300,null,"NCE - PrioNet- Closed","Y",null,null,"I","2014-03-31","2014-03-31","2099-12-31",100380335,"Samis, John",2500,20]
[null,null,null,null,null,215301,null,"NCE BIOFUELNET- Assessment of Waste","Y",null,null,"A","2015-01-16","2015-01-16","2099-12-31",100380642,"Kirkwood, Andrea",2700,20]
[null,null,null,null,null,215302,null,"NCE-KM(WORKNET)","Y",null,null,"A","2015-03-09","2015-03-09","2099-12-31",100536750,"Loisel, Patrick",2500,20]
[null,null,null,null,null,215303,null,"NCE Grand w/USask- Digital Game","Y",null,null,"A","2015-03-10","2015-03-10","2099-12-31",100474780,"Nacke, Lennart",2200,20]
[null,null,null,null,null,215304,null,"NCE:TVN 2013 Fellowship Award","Y",null,null,"A","2015-04-30","2015-09-01","2099-12-31",100378125,"Gamble, Brenda",2500,20]
[null,null,null,null,21540,null,null,"NCE Grand","N",null,null,"A","2009-04-01",null,"2099-12-31"]
[null,null,null,null,null,215400,null,"NCE Grand","Y",null,null,"A","2015-04-02","2015-04-02","2099-12-31",100329395,"Kapralos, Bill",2200,20]
[null,null,null,null,null,215401,null,"NCE Grand","Y",null,null,"A","2015-03-10","2015-03-10","2099-12-31",100474780,"Nacke, Lennart",2200,20]
[null,null,null,null,null,215402,null,"NCE Grand","Y",null,null,"A","2014-12-03","2015-03-31","2099-12-31",100503534,"De Castell, Suzanne",2400,20]
[null,null,null,null,null,215403,null,"NCE Grand-Aesthvis,Sketch","Y",null,null,"A","2015-03-10","2015-03-10","2099-12-31",100425204,"Collins, Christopher",2700,20]
[null,null,null,null,null,215404,null,"NCE-Young Network Investigator-AFEV","Y",null,null,"A","2015-04-02","2015-04-02","2099-12-31",100501531,"Mirza-Babaei, Pejman",2200,20]
[null,null,null,null,null,215405,null,"NCE- Postgraduate Scholar Program","Y",null,null,"A","2015-04-02","2015-04-02","2099-12-31",100474780,"Nacke, Lennart",2200,20]
[null,null,null,null,null,215406,null,"Mitacs w/AECL-Simulating CANDU","Y",null,null,"A","2015-04-17","2015-04-17","2099-12-31",100355610,"Kaye, Matthew",2100,20]
[null,null,null,2180,null,null,null,"Federal - Other","N",null,null,"A","2009-04-01",null,"2099-12-31"]
[null,null,null,null,21800,null,null,"Federal - Other","N",null,null,"A","2009-04-01",null,"2099-12-31"]
[null,null,null,null,null,218000,null,"NRCan/AECL","Y",null,null,"A","2009-04-01","2016-03-31","2099-12-31",100277454,"Nichita, Eleodor",2100,20]
[null,null,null,null,null,218001,null,"CSA - DUPLICATE-Closed","Y",null,null,"I","2014-03-31","2014-03-31","2099-12-31",100306125,"Waker, Anthony",2100,20]
[null,null,null,null,null,218002,null,"PWGSC - CLOSED","Y",null,null,"I","2014-03-31","2014-03-31","2099-12-31",100248286,"Waller, Ed",2100,20]
[null,null,null,null,null,218003,null,"HealthC/CDPC","Y",null,null,"I","2015-03-11","2015-03-11","2099-12-31",100226701,"Vogel, Ellen",2500,20]
[null,null,null,null,null,218004,null,"DND/DRDC","Y",null,null,"A","2014-09-30","2014-03-31","2099-12-31",100273384,"Vargas Martin, Miguel",2200,20]
[null,null,null,null,null,218005,null,"PWGSC w/ U of Ottawa - CLOSED","Y",null,null,"I","2014-03-31","2014-03-31","2099-12-31",100300936,"Liscano, Ramiro",2600,20]
[null,null,null,null,null,218006,null,"ACOA/AIF - CLOSED","Y",null,null,"I","2014-03-31","2014-03-31","2099-12-31",100248293,"Green-Johnson, Julia",2700,20]
[null,null,null,null,null,218007,null,"AGR/ABIP w/ CBioN/Concordia U","Y",null,null,"A","2014-09-30","2014-03-31","2099-12-31",100275792,"Bonetta, Dario",2700,20]
[null,null,null,null,null,218008,null,"Green Centre Canada - CLOSED","Y",null,null,"I","2014-03-31","2014-03-31","2099-12-31",100324930,"Easton, Brad",2700,20]
[null,null,null,null,null,218009,null,"DFA - CLOSED","Y",null,null,"A","2015-03-09","2015-03-09","2099-12-31",100326866,"Pioro, Igor",2100,20]
[null,null,null,null,null,218010,null,"Public Works - CPRC","Y",null,null,"A","2015-03-09","2015-03-09","2099-12-31",100256659,"Gaspari, Franco",2700,20]
[null,null,null,null,null,218011,null,"Fed Dev - ARCI (Moved 218600)","Y",null,null,"I","2015-03-11","2015-03-11","2099-12-31",100422413,"Dulhanty, Ann",3200,20]
[null,null,null,null,null,218012,null,"Fed Dev w/ UniTrak (Moved 218601)","Y",null,null,"I","2015-03-11","2015-03-11","2099-12-31",100275697,"Nokleby, Scott",2600,20]
[null,null,null,null,null,218013,null,"CNSC - Calculation of Kinetics","Y",null,null,"A","2015-03-09","2015-03-09","2099-12-31",100277454,"Nichita, Eleodor",2100,20]
[null,null,null,null,null,218014,null,"Public Works- Research Support","Y",null,null,"A","2015-03-09","2015-03-09","2099-12-31",100300936,"Liscano, Ramiro",2600,20]
[null,null,null,null,null,218015,null,"CSA","Y",null,null,"A","2014-09-30","2014-03-31","2099-12-31",100306125,"Waker, Anthony",2100,20]
[null,null,null,null,null,218016,null,"AECL","Y",null,null,"A","2015-02-05","2017-12-31","2099-12-31",100306125,"Waker, Anthony",2100,20]
[null,null,null,null,null,218017,null,"OPC - Privacy and Civic Duty","Y",null,null,"A","2014-09-30","2014-03-31","2099-12-31",100406402,"Slane, Andrea",2300,20]
[null,null,null,null,null,218018,null,"AECL w/ORF RE","Y",null,null,"A","2012-01-01","2016-12-31","2099-12-31",100286765,"Naterer, Greg",2600,20]
[null,null,null,null,null,218019,null,"GreenCtr:Fuel Cell Electrod Structu","Y",null,null,"A","2015-03-09","2015-03-09","2099-12-31",100324930,"Easton, Brad",2700,20]
[null,null,null,null,null,218020,null,"Public Safety-Right wing extremism","Y",null,null,"A","2012-10-01","2015-03-31","2099-12-31",100273416,"Perry, Barbara",2300,20]
[null,null,null,null,null,218021,null,"AECL","Y",null,null,"A","2015-06-04","2015-06-04","2099-12-31",100355610,"Kaye, Matthew",2100,20]
[null,null,null,null,null,218022,null,"AECL-Develop MCNP Models","Y",null,null,"A","2012-12-20","2015-03-31","2099-12-31",100306125,"Waker, Anthony",2100,20]
[null,null,null,null,null,218023,null,"Transport Canada-Clean Rail","Y",null,null,"A","2015-03-31","2015-03-31","2099-12-31",100247809,"Dincer, Ibrahim",2600,20]
[null,null,null,null,null,218024,null,"EC-TFA McMaster-Land use effects","Y",null,null,"A","2015-04-02","2015-04-02","2099-12-31",100380642,"Kirkwood, Andrea",2700,20]
[null,null,null,null,null,218025,null,"GCC-SIGHR6P1-Affordable and simple","Y",null,null,"A","2014-03-31","2015-09-30","2099-12-31",100514788,"Macdonald, Brendan",2600,20]
[null,null,null,null,null,218026,null,"Transport Canada-CRAG-Smart Energy","Y",null,null,"A","2014-04-04","2016-03-31","2099-12-31",100247809,"Dincer, Ibrahim",2600,20]
[null,null,null,null,null,218027,null,"Transport Canada-Green Hybrid Drive","Y",null,null,"A","2014-09-12","2016-03-31","2099-12-31",100533511,"Youssef, Mohamed",2600,20]
[null,null,null,null,null,218028,null,"Transport Canada-WAy-side wireless","Y",null,null,"A","2014-11-06","2015-11-06","2099-12-31",100569946,"Williamson, Sheldon",2600,20]
[null,null,null,null,null,218029,null,"NRC -Professional Services","Y",null,null,"A","2014-10-20","2015-10-19","2099-12-31",100509486,"Tamblyn, Isaac",2700,20]
[null,null,null,null,null,218030,null,"NRC-CAIP- w/Ryerson","Y",null,null,"A","2014-06-01","2019-03-31","2099-12-31",100372919,"Owen, Michael",3200,20]
[null,null,null,null,null,218031,null,"CNSC-Risk Analysis, Risk Informed","Y",null,null,"A","2014-04-01","2015-03-31","2099-12-31",100387800,"Lewis, Brent",2100,20]
[null,null,null,null,null,218032,null,"OPC-Paving the Way for Intelligent","Y",null,null,"A","2015-05-07","2016-03-31","2099-12-31",100480308,"Akalu, Rajen",2200,20]
[null,null,null,null,21860,null,null,"Federal - Other:FEDA","N",null,null,"A","2009-04-01",null,"2099-12-31"]
[null,null,null,null,null,218600,null,"Fed Dev - ARC Initiative","Y",null,null,"I","2014-03-31","2014-03-31","2099-12-31",100422413,"Dulhanty, Ann",3200,20]
[null,null,null,null,null,218601,null,"Fed Dev - IKC of MMS-Closed","Y",null,null,"I","2014-03-31","2014-03-31","2099-12-31",100275697,"Nokleby, Scott",2600,20]
[null,null,null,null,null,218602,null,"Fed Dev - IEM & DOCS-Closed","Y",null,null,"I","2014-03-31","2014-03-31","2099-12-31",100383464,"Gaber, Hossam",2100,20]
[null,null,null,null,null,218603,null,"Fed Dev w/Aquavion Systems-Closed","Y",null,null,"I","2014-03-31","2014-03-31","2099-12-31",100212514,"Ham, Marnie",2600,20]
[null,null,null,null,null,218604,null,"Fed Dev w/Enginuity Group","Y",null,null,"A","2014-09-30","2014-03-31","2099-12-31",100425204,"Collins, Christopher",2700,20]
[null,null,null,null,null,218605,null,"Fed Dev w/DrinkBox Studios-Closed","Y",null,null,"I","2014-03-31","2014-03-31","2099-12-31",100352437,"Hogue, Andrew",2200,20]
[null,null,null,null,null,218606,null,"Fed Dev w/Cable Shoppe","Y",null,null,"I","2014-03-31","2014-03-31","2099-12-31",100300639,"Shahbazpanahi, Shahram",2600,20]
[null,null,null,null,null,218607,null,"Fed Dev w/Durmach Tooling","Y",null,null,"I","2014-03-31","2014-03-31","2099-12-31",100305780,"Barari, Ahmad",2600,20]
[null,null,null,null,null,218608,null,"Fed Dev w/Segasist Technologies-Clo","Y",null,null,"I","2015-03-11","2015-03-11","2099-12-31",100380113,"Rahnamayan, Shahryar",2600,20]
[null,null,null,null,null,218609,null,"Fed Dev w/Nessis Inc.","Y",null,null,"A","2014-09-30","2014-03-31","2099-12-31",100300554,"Green, Mark",2700,20]
[null,null,null,null,null,218610,null,"Fed Dev w/Natural Input Solutions","Y",null,null,"I","2014-06-24","2014-06-24","2099-12-31",100247810,"Van Oostveen, Roland",2400,20]
[null,null,null,null,null,218611,null,"Fed Dev w/Solana Networks Inc.","Y",null,null,"A","2014-09-30","2014-03-31","2099-12-31",100328340,"Heydari, Shahram",2200,20]
[null,null,null,null,null,218612,null,"Fed Dev w/Enviroquest Ltd.-Closed","Y",null,null,"I","2014-03-31","2014-03-31","2099-12-31",100329395,"Kapralos, Bill",2200,20]
[null,null,null,null,null,218613,null,"Fed Dev w/Phirelight Inc.-Closed","Y",null,null,"I","2014-03-31","2014-03-31","2099-12-31",100327697,"El-Khatib, Khalil",2200,20]
[null,null,null,null,null,218614,null,"Fed Dev w/Marnoch Agency-Souther ON","Y",null,null,"I","2015-03-09","2015-03-09","2099-12-31",100286765,"Naterer, Greg",2600,20]
[null,null,null,null,null,218615,null,"Fed Dev w/Green Energy Watchdog Inc","Y",null,null,"I","2015-03-11","2015-03-11","2099-12-31",100383464,"Gaber, Hossam",2100,20]
[null,null,null,null,null,218616,null,"Fed Dev w/Dunedin Energy Systems","Y",null,null,"I","2014-03-31","2014-03-31","2099-12-31",100326866,"Pioro, Igor",2100,20]
[null,null,null,null,null,218617,null,"Fed Dev w/Envirochill","Y",null,null,"I","2014-03-31","2014-03-31","2099-12-31",100247809,"Dincer, Ibrahim",2600,20]
[null,null,null,null,null,218618,null,"Fed Dev w/Quillsoft","Y",null,null,"I","2014-03-31","2014-03-31","2099-12-31",100425204,"Collins, Christopher",2700,20]
[null,null,null,null,null,218619,null,"Fed Dev w/Genist Systems","Y",null,null,"I","2014-03-31","2014-03-31","2099-12-31",100304708,"He, Yuping",2600,20]
[null,null,null,null,null,218620,null,"Fed Dev w/ North American Carbon","Y",null,null,"I","2014-03-31","2014-03-31","2099-12-31",100380642,"Kirkwood, Andrea",2700,20]
[null,null,null,null,null,218621,null,"Fed Dev - PV Lab Creation","Y",null,null,"I","2014-03-31","2014-03-31","2099-12-31",100352437,"Hogue, Andrew",2200,20]
[null,null,null,null,null,218622,null,"Fed Dev and SendtryMetrics","Y",null,null,"I","2014-03-31","2014-03-31","2099-12-31",100327697,"El-Khatib, Khalil",2200,20]
[null,null,null,null,null,218623,null,"FEDDEV-Harvistor Performance","Y",null,null,"I","2014-03-31","2014-03-31","2099-12-31",100478656,"Mohany, Atef",2600,20]
[null,null,null,null,null,218624,null,"FEDDEV ESRI GIS-based Visualization","Y",null,null,"I","2014-03-31","2014-03-31","2099-12-31",100328340,"Heydari, Shahram",2200,20]
[null,null,null,null,null,218625,null,"FEDDEV Canberra Redesign","Y",null,null,"I","2014-03-31","2014-03-31","2099-12-31",100383744,"Machrafi, Rachid",2100,20]
[null,null,null,null,null,218626,null,"FEDDEV Kubota Improvement","Y",null,null,"I","2014-03-31","2014-03-31","2099-12-31",100355610,"Kaye, Matthew",2100,20]
[null,null,null,null,null,218627,null,"FEDDEV w/IAI Control of Fiction","Y",null,null,"I","2014-03-31","2014-03-31","2099-12-31",100305780,"Barari, Ahmad",2600,20]
[null,null,null,2190,null,null,null,"Federal - Indirect Cost Programs","N",null,null,"A","2009-04-01",null,"2099-12-31"]
[null,null,null,null,21900,null,null,"Indirect Cost Programs","N",null,null,"A","2009-04-01",null,"2099-12-31"]
[null,null,null,null,null,219000,null,"ICP","Y",null,null,"A","2010-11-08",null,"2099-12-31",100372919,"Owen, Michael",3200,20]
[null,null,220,null,null,null,null,"RSR - Other Governments","N",null,null,"A","2009-04-01",null,"2099-12-31"]
[null,null,null,2210,null,null,null,"Other Governments","N",null,null,"A","2009-04-01",null,"2099-12-31"]
[null,null,null,null,22100,null,null,"Other Governments","N",null,null,"A","2009-04-01",null,"2099-12-31"]
[null,null,null,null,null,221000,null,"Qatar University - subagreement","Y",null,null,"I","2014-03-31","2014-03-31","2099-12-31",100383464,"Gaber, Hossam",2100,20]
[null,null,null,null,null,221001,null,"EAA-Res. Support for Phd student","Y",null,null,"A","2012-01-01","2015-01-01","2099-12-31",100443021,"El-Gindy, Moustafa",2600,20]
[null,null,null,null,null,221002,null,"Saudi Cultural Bureau","Y",null,null,"A","2014-09-30","2014-03-31","2099-12-31",100352006,"Kumar, Ayush",2500,20]
[null,null,null,null,null,221003,null,"Qatar University QNRF NPRP","Y",null,null,"A","2015-04-30","2015-11-14","2099-12-31",100383464,"Gaber, Hossam",2100,20]
[null,null,null,null,null,221004,null,"City of Oshawa_Consortium Watercour","Y",null,null,"A","2014-12-12","2014-12-12","2099-12-31",100380642,"Kirkwood, Andrea",2200,20]
[null,null,null,null,null,221005,null,"Saudi Cult. Bureau/Mr. Abdullah exp","Y",null,null,"A","2014-09-08","2016-09-07","2099-12-31",100247809,"Dincer, Ibrahim",2600,20]
[null,null,230,null,null,null,null,"RSR - Non-Government","N",null,null,"A","2009-04-01",null,"2099-12-31"]
[null,null,null,2310,null,null,null,"Non-Government-Business/Enterprises","N",null,null,"A","2009-04-01",null,"2099-12-31"]
[null,null,null,null,23100,null,null,"Business/Enterprises","N",null,null,"A","2009-04-01",null,"2099-12-31"]
[null,null,null,null,null,231000,null,"NWMO","Y",null,null,"A","2009-04-01","2016-03-31","2099-12-31",100305162,"Ikeda, Brian",2100,20]
[null,null,null,null,null,231001,null,"Cameco Corp.","Y",null,null,"A","2015-04-17","2015-04-17","2099-12-31",100305162,"Ikeda, Brian",2100,20]
[null,null,null,null,null,231002,null,"Toyota ME&M NA Inc.","Y",null,null,"A","2015-03-09","2015-03-09","2099-12-31",100329539,"Harvel, Glenn",2100,20]
[null,null,null,null,null,231003,null,"UOIT Research","Y",null,null,"A","2009-04-01","2015-03-31","2099-12-31",100231726,"Lemonde, Manon",2500,20]
[null,null,null,null,null,231004,null,"Sun Life Financial Inc.","Y",null,null,"A","2009-04-01","2015-03-31","2099-12-31",100231726,"Lemonde, Manon",2500,20]
[null,null,null,null,null,231005,null,"Inukshuk Wireless/Learning Plan","Y",null,null,"A","2014-09-30","2014-03-31","2099-12-31",100010333,"Stanyon, Wendy",2500,20]
[null,null,null,null,null,231006,null,"IBM Corp. / Faculty Award","Y",null,null,"A","2015-04-02","2015-04-02","2099-12-31",100380486,"Shi, Wei",2200,20]
[null,null,null,null,null,231007,null,"IBM Corp. / Faculty Award-Closed","Y",null,null,"A","2015-03-09","2015-03-09","2099-12-31",100352437,"Hogue, Andrew",2200,20]
[null,null,null,null,null,231008,null,"IBM Corp. / Faculty Award","Y",null,null,"A","2015-04-02","2015-04-02","2099-12-31",100329395,"Kapralos, Bill",2200,20]
[null,null,null,null,null,231009,null,"Inukshuk Wireless/Learning -Closed","Y",null,null,"I","2014-03-31","2014-03-31","2099-12-31",100301215,"Van Nuland, Shirley",2400,20]
[null,null,null,null,null,231010,null,"Toshiba of Canada Ltd.-Closed","Y",null,null,"I","2014-03-31","2014-03-31","2099-12-31",100247810,"Van Oostveen, Roland",2400,20]
[null,null,null,null,null,231011,null,"City of Oshawa - CLOSED","Y",null,null,"I","2014-03-31","2014-03-31","2099-12-31",100339618,"Greenlaw, James",2400,20]
[null,null,null,null,null,231012,null,"J.Wiley & Sons Inc.","Y",null,null,"A","2014-11-28","2014-11-28","2099-12-31",100248290,"Scott, Hannah",2300,20]
[null,null,null,null,null,231013,null,"IBM Corp. / Faculty Award","Y",null,null,"A","2014-09-30","2014-03-31","2099-12-31",100379247,"Pierce, Teresa",2300,20]
[null,null,null,null,null,231014,null,"Zephyr AP Inc.-Closed","Y",null,null,"I","2014-03-31","2014-03-31","2099-12-31",100286765,"Naterer, Greg",2600,20]
[null,null,null,null,null,231015,null,"Messier Dowty Inc.-Closed","Y",null,null,"I","2014-03-31","2014-03-31","2099-12-31",100303773,"Lu, Lixuan",2600,20]
[null,null,null,null,null,231016,null,"Genist Systems Co.","Y",null,null,"A","2014-09-30","2014-03-31","2099-12-31",100304708,"He, Yuping",2600,20]
[null,null,null,null,null,231017,null,"UOIT EcoCAR","Y",null,null,"A","2009-04-01","2020-03-31","2099-12-31",100303506,"Rohrauer, Greg",2600,20]
[null,null,null,null,null,231018,null,"CIRA - CLOSED","Y",null,null,"I","2014-03-31","2014-03-31","2099-12-31",100286765,"Naterer, Greg",2600,20]
[null,null,null,null,null,231019,null,"Toyota ME&M NA Inc.","Y",null,null,"A","2014-09-30","2014-03-31","2099-12-31",100251267,"Berg, Peter",2700,20]
[null,null,null,null,null,231020,null,"Nessis Inc. - CLOSED","Y",null,null,"I","2014-03-31","2014-03-31","2099-12-31",100324932,"Pu, Ken",2700,20]
[null,null,null,null,null,231021,null,"UOIT Intellectual Property","Y",null,null,"A","2010-11-08","2025-11-30","2099-12-31",100372919,"Owen, Michael",3200,20]
[null,null,null,null,null,231022,null,"Plus Group of Companies","Y",null,null,"A","2015-03-11","2015-03-11","2099-12-31",100327695,"Eklund, Mikael",2600,20]
[null,null,null,null,null,231023,null,"SABIC IP w/ NSERC CRD","Y",null,null,"A","2014-11-14","2015-03-31","2099-12-31",100273677,"Rizvi, Ghaus",2600,20]
[null,null,null,null,null,231024,null,"CSA w/ NSERC CRD - CLOSED","Y",null,null,"I","2014-03-31","2014-03-31","2099-12-31",100248293,"Green-Johnson, Julia",2700,20]
[null,null,null,null,null,231025,null,"Lallemand Inc. w/ NSERC CRD","Y",null,null,"I","2015-03-11","2015-03-11","2099-12-31",100248293,"Green-Johnson, Julia",2700,20]
[null,null,null,null,null,231026,null,"Perform Plants w/ NSERC CRD-CLOSED","Y",null,null,"I","2014-03-31","2014-03-31","2099-12-31",100275792,"Bonetta, Dario",2700,20]
[null,null,null,null,null,231027,null,"Nelson Industrial Inc.","Y",null,null,"A","2009-04-01","2014-04-30","2099-12-31",100212514,"Ham, Marnie",2600,20]
[null,null,null,null,null,231028,null,"ACS w NSERC CRD","Y",null,null,"A","2014-11-28","2014-11-28","2099-12-31",100324930,"Easton, Brad",2700,20]
[null,null,null,null,null,231029,null,"RBC Bluewater - CLOSED","Y",null,null,"I","2014-03-31","2014-03-31","2099-12-31",100380642,"Kirkwood, Andrea",2700,20]
[null,null,null,null,null,231030,null,"Inukshuk","Y",null,null,"A","2014-09-30","2014-03-31","2099-12-31",100329395,"Kapralos, Bill",2200,20]
[null,null,null,null,null,231031,null,"Research in Motion Limited","Y",null,null,"A","2009-04-01","2014-08-31","2099-12-31",100300639,"Shahbazpanahi, Shahram",2600,20]
[null,null,null,null,null,231032,null,"CableShoppe Inc. Contract","Y",null,null,"A","2010-09-01","2014-08-31","2099-12-31",100300639,"Shahbazpanahi, Shahram",2600,20]
[null,null,null,null,null,231033,null,"PFizer - CLOSED","Y",null,null,"I","2014-03-31","2014-03-31","2099-12-31",100275791,"Forrester, Sean",2700,20]
[null,null,null,null,null,231034,null,"Dieticians of Canada - CLOSED","Y",null,null,"I","2014-03-31","2014-03-31","2099-12-31",100221468,"Muirhead, Bill",2400,20]
[null,null,null,null,null,231035,null,"CAMECO Subaccount","Y",null,null,"A","2010-12-20","2015-03-31","2099-12-31",100275697,"Nokleby, Scott",2600,20]
[null,null,null,null,null,231036,null,"UNENE Research Contract","Y",null,null,"A","2015-02-19","2015-12-31","2099-12-31",100300639,"Shahbazpanahi, Shahram",2600,20]
[null,null,null,null,null,231037,null,"Phoenix Canada Contract","Y",null,null,"A","2011-08-04","2015-03-31","2099-12-31",100286765,"Naterer, Greg",2600,20]
[null,null,null,null,null,231038,null,"Volvo Group North America","Y",null,null,"A","2014-11-21","2016-12-31","2099-12-31",100443021,"El-Gindy, Moustafa",2600,20]
[null,null,null,null,null,231039,null,"Durham Region-Closed","Y",null,null,"I","2014-03-31","2014-03-31","2099-12-31",100248231,"Wu, Terry",2200,20]
[null,null,null,null,null,231040,null,"LGI - Feasibility Study-Closed","Y",null,null,"I","2014-03-31","2014-03-31","2099-12-31",100329539,"Harvel, Glenn",2100,20]
[null,null,null,null,null,231041,null,"Imperial Oil Research Award","Y",null,null,"A","2014-09-30","2014-03-31","2099-12-31",100355610,"Kaye, Matthew",2100,20]
[null,null,null,null,null,231042,null,"Oxford University Press","Y",null,null,"A","2011-11-21","2025-03-31","2099-12-31",100248290,"Scott, Hannah",2300,20]
[null,null,null,null,null,231043,null,"Ontario w/NSERC Chair Design","Y",null,null,"A","2013-05-16","2017-12-31","2099-12-31",100249629,"Pop-Iliev, Remon",2600,20]
[null,null,null,null,null,231044,null,"UNENE w/NSERC CRD","Y",null,null,"A","2015-03-31","2016-04-30","2099-12-31",100275697,"Nokleby, Scott",2600,20]
[null,null,null,null,null,231045,null,"Volvo Contract w/auto 21","Y",null,null,"A","2012-04-01","2016-03-31","2099-12-31",100443021,"El-Gindy, Moustafa",2600,20]
[null,null,null,null,null,231046,null,"Hope Innovations Inc.","Y",null,null,"A","2014-10-27","2015-03-31","2099-12-31",100383464,"Gaber, Hossam",2100,20]
[null,null,null,null,null,231047,null,"CGAO","Y",null,null,"A","2014-09-30","2014-03-31","2099-12-31",100248285,"Friedlan, John",2200,20]
[null,null,null,null,null,231048,null,"OPG General","Y",null,null,"A","2011-01-01","2016-12-31","2099-12-31",100206922,"Bereznai, George",2100,20]
[null,null,null,null,null,231049,null,"OPG FESNS Research Fund","Y",null,null,"A","2013-04-17","2015-03-31","2099-12-31",100206922,"Bereznai, George",2100,20]
[null,null,null,null,null,231050,null,"Cameco","Y",null,null,"A","2012-12-04","2015-03-31","2099-12-31",100372919,"Owen, Michael",3200,20]
[null,null,null,null,null,231051,null,"Hydro One Network Inc w/UWO","Y",null,null,"A","2014-09-30","2014-03-31","2099-12-31",100247809,"Dincer, Ibrahim",2600,20]
[null,null,null,null,null,231052,null,"OPG (Main 231049)","Y",null,null,"A","2015-04-28","2016-02-29","2099-12-31",100443475,"Ibrahim, Walid",2600,20]
[null,null,null,null,null,231053,null,"Genist Systems w/OPIC POP","Y",null,null,"A","2015-03-09","2015-03-09","2099-12-31",100304708,"He, Yuping",2600,20]
[null,null,null,null,null,231054,null,"Durham Region w/ORF RE","Y",null,null,"A","2012-01-01","2016-12-31","2099-12-31",100286765,"Naterer, Greg",2600,20]
[null,null,null,null,null,231055,null,"Phoenix Canada w/ORF RE","Y",null,null,"A","2015-03-09","2015-03-09","2099-12-31",100286765,"Naterer, Greg",2600,20]
[null,null,null,null,null,231056,null,"Marnoch Thermal Power w/ORF RE","Y",null,null,"A","2012-01-01","2016-12-31","2099-12-31",100286765,"Naterer, Greg",2600,20]
[null,null,null,null,null,231057,null,"Research in Motion (RIM)","Y",null,null,"A","2015-03-30","2016-03-31","2099-12-31",100511798,"Mahmoud, Qusay",2600,20]
[null,null,null,null,null,231058,null,"NSERCCRD_DFC_Investigating Anti-Ath","Y",null,null,"A","2015-04-02","2015-04-02","2099-12-31",100248293,"Green-Johnson, Julia",2700,20]
[null,null,null,null,null,231059,null,"Whiplash intervention Trail","Y",null,null,"A","2013-03-02","2015-03-02","2099-12-31",100076090,"Cote, Pierre",2500,20]
[null,null,null,null,null,231060,null,"Socio-Economic and enviromental","Y",null,null,"A","2014-06-12","2014-06-12","2099-12-31",100328238,"Hoornweg, Daniel",2100,20]
[null,null,null,null,null,231061,null,"Environchill Cryogen Dev. Corp","Y",null,null,"A","2013-07-01","2014-12-31","2099-12-31",100247809,"Dincer, Ibrahim",2600,20]
[null,null,null,null,null,231062,null,"Environmental Education in Ontario","Y",null,null,"A","2014-06-24","2014-06-24","2099-12-31",100382985,"Digiuseppe, Maurice",2400,20]
[null,null,null,null,null,231063,null,"J.Boyce Research - Investigate into","Y",null,null,"A","2013-11-25","2015-08-31","2099-12-31",100329539,"Harvel, Glenn",2100,20]
[null,null,null,null,null,231064,null,"GDLS-Torque Control Strategy","Y",null,null,"A","2014-11-21","2015-11-15","2099-12-31",100443021,"El-Gindy, Moustafa",2600,20]
[null,null,null,null,null,231065,null,"GE Energy/High-Speed Motor Bus","Y",null,null,"A","2013-11-07","2015-01-01","2099-12-31",100474997,"Sidhu, Tarlochan",2600,20]
[null,null,null,null,null,231066,null,"ACS_Improving the Performance Cost","Y",null,null,"A","2015-04-10","2015-10-15","2099-12-31",100324930,"Easton, Brad",2700,20]
[null,null,null,null,null,231067,null,"J.Boyce Research - Natural Gas","Y",null,null,"A","2014-01-01","2015-12-31","2099-12-31",100510442,"McKellar, Jennifer",2100,20]
[null,null,null,null,null,231068,null,"OCE-NSERC-Hydrogenics-Ontario Energ","Y",null,null,"A","2015-05-20","2016-04-30","2099-12-31",100383464,"Gaber, Hossam",2100,20]
[null,null,null,null,null,231069,null,"OCE-NSERC-Verdian-Ontario Energy","Y",null,null,"A","2015-05-20","2016-04-30","2099-12-31",100383464,"Gaber, Hossam",2100,20]
[null,null,null,null,null,231070,null,"Grundfos-Water Pump Design","Y",null,null,"A","2015-03-20","2015-09-03","2099-12-31",100533511,"Youssef, Mohamed",2600,20]
[null,null,null,null,null,231071,null,"GE Energy - Turn to Turn","Y",null,null,"A","2014-02-01","2015-02-01","2099-12-31",100474997,"Sidhu, Tarlochan",2600,20]
[null,null,null,null,null,231072,null,"OCE- Connect Canada-Hope-Assist inv","Y",null,null,"A","2014-03-31","2015-02-28","2099-12-31",100383464,"Gaber, Hossam",2100,20]
[null,null,null,null,null,231073,null,"NSERC CRD-AECL-Improved Candu-core","Y",null,null,"A","2014-04-01","2017-03-31","2099-12-31",100277454,"Nichita, Eleodor",2100,20]
[null,null,null,null,null,231074,null,"CE VIP-Auto21-Hydrobase-Developmen","Y",null,null,"A","2014-03-03","2014-08-31","2099-12-31",100247809,"Dincer, Ibrahim",2600,20]
[null,null,null,null,null,231075,null,"UNENE w/NSERC IRC Salary (Waker)","Y",null,null,"A","2014-01-01","2018-12-31","2099-12-31",100387800,"Lewis, Brent",2100,20]
[null,null,null,null,null,231076,null,"UNENE w/NSERC IRC- Health (Waker)","Y",null,null,"A","2015-04-30","2018-12-31","2099-12-31",100306125,"Waker, Anthony",2100,20]
[null,null,null,null,null,231077,null,"AECL w/ NSERC IRC- Health (Waker)","Y",null,null,"A","2015-04-30","2019-03-31","2099-12-31",100306125,"Waker, Anthony",2100,20]
[null,null,null,null,null,231078,null,"UNENE w/NSERC IRC Salary (Waller)","Y",null,null,"A","2014-01-01","2018-12-31","2099-12-31",100387800,"Lewis, Brent",2100,20]
[null,null,null,null,null,231079,null,"UNENE w/NSERC IRC- Health (Waller)","Y",null,null,"A","2015-04-30","2018-12-31","2099-12-31",100248286,"Waller, Ed",2100,20]
[null,null,null,null,null,231080,null,"AECL w/ NSERC IRC- Health (Waller)","Y",null,null,"A","2014-01-04","2019-03-31","2099-12-31",100248286,"Waller, Ed",2100,20]
[null,null,null,null,null,231081,null,"GM Design Chair Residual","Y",null,null,"A","2014-05-15","2019-05-15","2099-12-31",100474997,"Sidhu, Tarlochan",2600,20]
[null,null,null,null,null,231082,null,"GE Energy- Turn to turn faults","Y",null,null,"A","2014-02-01","2015-02-28","2099-12-31",100474997,"Sidhu, Tarlochan",2600,20]
[null,null,null,null,null,231083,null,"Com Dev Ltd - Efficient design","Y",null,null,"A","2014-09-01","2017-08-31","2099-12-31",100331065,"Wang, Ying",2600,20]
[null,null,null,null,null,231084,null,"CAMECO- Jet Boring System","Y",null,null,"A","2013-09-01","2014-09-30","2099-12-31",100275697,"Nokleby, Scott",2600,20]
[null,null,null,null,null,231085,null,"EHC Canada-TPU Tg by using DMA","Y",null,null,"A","2013-10-01","2016-09-30","2099-12-31",100273677,"Rizvi, Ghaus",2600,20]
[null,null,null,null,null,231086,null,"OPG-Spacer Reliability","Y",null,null,"A","2013-12-04","2014-12-31","2099-12-31",100303773,"Lu, Lixuan",2100,20]
[null,null,null,null,null,231087,null,"Yukon Energy-Evaluation of Dynamic","Y",null,null,"A","2015-04-02","2015-09-30","2099-12-31",100443021,"El-Gindy, Moustafa",2600,20]
[null,null,null,null,null,231088,null,"Welch Allyn Clinical Trial Agreemen","Y",null,null,"A","2015-05-15","2015-05-15","2099-12-31",100273381,"Percival, Jennifer",2200,20]
[null,null,null,null,null,231089,null,"Vertigo Digital- Characterization","Y",null,null,"A","2014-11-10","2015-03-31","2099-12-31",100478656,"Mohany, Atef",2600,20]
[null,null,null,null,null,231090,null,"IntriEnergy Inc-Validation performa","Y",null,null,"A","2014-09-15","2015-06-30","2099-12-31",100256659,"Gaspari, Franco",2700,20]
[null,null,null,2320,null,null,null,"Non-Government - Foundations","N",null,null,"A","2009-04-01",null,"2099-12-31"]
[null,null,null,null,23200,null,null,"Foundations","N",null,null,"A","2009-04-01",null,"2099-12-31"]
[null,null,null,null,null,232000,null,"J. P. Bickell Foundation","Y",null,null,"A","2014-10-10","2014-10-10","2099-12-31",100264020,"Taggart, Holly",2500,20]
[null,null,null,null,null,232001,null,"R. Howard Webster Foundation","Y",null,null,"A","2014-11-14","2016-03-31","2099-12-31",100273384,"Vargas Martin, Miguel",2200,20]
[null,null,null,null,null,232002,null,"Research Corporation","Y",null,null,"A","2014-11-28","2014-11-28","2099-12-31",100274006,"Paal, Krisztina",2700,20]
[null,null,null,null,null,232003,null,"CANFAR","Y",null,null,"A","2015-03-09","2015-03-09","2099-12-31",100358206,"George, Clemon",2500,20]
[null,null,null,null,null,232004,null,"Anthony Marchionne Foundation","Y",null,null,"A","2015-01-29","2015-06-30","2099-12-31",100343643,"Weaver, Robert",2500,20]
[null,null,null,null,null,232005,null,"J.P. Bickell Foundation","Y",null,null,"A","2014-09-30","2014-03-31","2099-12-31",100352006,"Kumar, Ayush",2500,20]
[null,null,null,null,null,232006,null,"Xerox Foundation","Y",null,null,"A","2014-12-05","2014-12-05","2099-12-31",100381043,"Qureshi, Faisal",2700,20]
[null,null,null,null,null,232007,null,"ASRF- Closed","Y",null,null,"I","2014-03-31","2014-03-31","2099-12-31",100351443,"Murphy, Bernadette",2500,20]
[null,null,null,null,null,232008,null,"Grandview Children's Centre-Inactiv","Y",null,null,"I","2015-03-11","2015-03-11","2099-12-31",100438824,"Lloyd, Meghann",2500,20]
[null,null,null,null,null,232009,null,"Grandview Children's Centre","Y",null,null,"A","2011-07-05","2016-03-31","2099-12-31",100438824,"Lloyd, Meghann",2500,20]
[null,null,null,null,null,232010,null,"Web Networks Research Funds","Y",null,null,"A","2015-05-14","2016-06-01","2099-12-31",100383535,"Eamer, Allyson",2400,20]
[null,null,null,null,null,232011,null,"CANFAR - Cycle 24","Y",null,null,"A","2015-04-30","2015-08-31","2099-12-31",100358206,"George, Clemon",2500,20]
[null,null,null,null,null,232012,null,"Honda Canada Foundation","Y",null,null,"A","2014-10-27","2015-03-31","2099-12-31",100331805,"Yang, Yuelei",2600,20]
[null,null,null,null,null,232013,null,"FAPESP-Bio-delignification of sugar","Y",null,null,"A","2014-12-05","2014-12-05","2099-12-31",null,null,2700,20]
[null,null,null,null,null,232014,null,"CCLET-Closed","Y",null,null,"I","2014-03-31","2014-03-31","2099-12-31",100301215,"Van Nuland, Shirley",2400,20]
[null,null,null,null,null,232015,null,"New Faculty Assistance Grant","Y",null,null,"A","2015-01-14","2015-01-14","2099-12-31",100510105,"Holmes, Michael",2500,20]
[null,null,null,null,null,232016,null,"UOIT-Envoro-Mentors Program","Y",null,null,"A","2014-10-29","2015-06-01","2099-12-31",100330072,"Rhodes, Sheila",2400,20]
[null,null,null,null,null,232017,null,"New Faculty Assisstance Grant","Y",null,null,"A","2014-05-21","2014-12-31","2099-12-31",100510105,"Holmes, Michael",2500,20]
[null,null,null,null,null,232018,null,"MRN-Error detection and error aware","Y",null,null,"A","2015-04-30","2015-06-30","2099-12-31",100505118,"Shane, Matthew",2300,20]
[null,null,null,null,null,232019,null,"TD FEF-The citizen science","Y",null,null,"A","2014-11-24","2015-10-06","2099-12-31",100330072,"Rhodes, Sheila",2400,20]
[null,null,null,null,null,232020,null,"STTI-Exploring Simulation Utilizati","Y",null,null,"A","2015-04-30","2015-10-31","2099-12-31",100385524,"Zitzelsberger, Hilde",2500,20]
[null,null,null,null,null,232021,null,"CFDR-Food Security & the Transition","Y",null,null,"A","2012-07-19","2015-12-31","2099-12-31",100569696,"Smye, Victoria",2500,20]
[null,null,null,null,null,232022,null,"Grandview Children's Centre -Conven","Y",null,null,"A","2015-02-01","2016-01-31","2099-12-31",100438824,"Lloyd, Meghann",2500,20]
[null,null,null,2330,null,null,null,"Non-Government - Individuals","N",null,null,"A","2009-04-01",null,"2099-12-31"]
[null,null,null,null,23300,null,null,"Individuals","N",null,null,"A","2009-04-01",null,"2099-12-31"]
[null,null,null,null,null,233000,null,"N.Shuttleworth Family","Y",null,null,"A","2015-03-09","2015-03-09","2099-12-31",100247809,"Dincer, Ibrahim",2600,20]
[null,null,null,2340,null,null,null,"Non-Government - NFPOs","N",null,null,"A","2009-04-01",null,"2099-12-31"]
[null,null,null,null,23400,null,null,"NFPOs","N",null,null,"A","2009-04-01",null,"2099-12-31"]
[null,null,null,null,null,234000,null,"Candu Owners Group Inc.-Closed","Y",null,null,"I","2014-03-31","2014-03-31","2099-12-31",100306125,"Waker, Anthony",2100,20]
[null,null,null,null,null,234001,null,"McMaster U / SLRU","Y",null,null,"A","2009-04-01","2015-03-31","2099-12-31",100222107,"Byrne, Carolyn",2500,20]
[null,null,null,null,null,234002,null,"McMaster U","Y",null,null,"A","2009-04-01","2015-03-31","2099-12-31",100222107,"Byrne, Carolyn",2500,20]
[null,null,null,null,null,234003,null,"McMaster U","Y",null,null,"I","2015-03-11","2015-03-11","2099-12-31",100010333,"Stanyon, Wendy",2500,20]
[null,null,null,null,null,234004,null,"CCL - CLOSED","Y",null,null,"I","2014-03-31","2014-03-31","2099-12-31",100010333,"Stanyon, Wendy",2500,20]
[null,null,null,null,null,234005,null,"U of Toronto - CLOSED","Y",null,null,"A","2014-11-28","2014-11-28","2099-12-31",100332626,"Tashiro, Jay",2500,20]
[null,null,null,null,null,234006,null,"CPSI","Y",null,null,"A","2014-09-30","2014-03-31","2099-12-31",100273381,"Percival, Jennifer",2200,20]
[null,null,null,null,null,234007,null,"UNESCO w/ IIEP - CLOSED","Y",null,null,"I","2014-03-31","2014-03-31","2099-12-31",100301215,"Van Nuland, Shirley",2400,20]
[null,null,null,null,null,234008,null,"APA/L&HB Editor-Closed","Y",null,null,"I","2014-03-31","2014-03-31","2099-12-31",100380514,"Cutler, Brian",2300,20]
[null,null,null,null,null,234009,null,"SHARCENT/Fellowship - CLOSED","Y",null,null,"I","2014-03-31","2014-03-31","2099-12-31",100275793,"Naumkin, Fedor",2700,20]
[null,null,null,null,null,234010,null,"SHARCENT/Fellowship - CLOSED","Y",null,null,"I","2014-03-31","2014-03-31","2099-12-31",100381043,"Qureshi, Faisal",2700,20]
[null,null,null,null,null,234011,null,"OnSETT-Closed","Y",null,null,"I","2014-03-31","2014-03-31","2099-12-31",100372919,"Owen, Michael",3200,20]
[null,null,null,null,null,234012,null,"Durham Mental Health Services","Y",null,null,"A","2009-04-01","2015-03-31","2099-12-31",100010333,"Stanyon, Wendy",2500,20]
[null,null,null,null,null,234013,null,"Durham Mental Health Services","Y",null,null,"A","2009-04-01","2015-03-31","2099-12-31",100010333,"Stanyon, Wendy",2500,20]
[null,null,null,null,null,234014,null,"Sharcnet Chair","Y",null,null,"A","2014-09-30","2014-03-31","2099-12-31",100425204,"Collins, Christopher",2700,20]
[null,null,null,null,null,234015,null,"Durham HS & JCC","Y",null,null,"A","2009-04-01","2015-03-31","2099-12-31",100010333,"Stanyon, Wendy",2500,20]
[null,null,null,null,null,234016,null,"APA - Student Award - CLOSED","Y",null,null,"I","2014-03-31","2014-03-31","2099-12-31",100380514,"Cutler, Brian",2300,20]
[null,null,null,null,null,234017,null,"CNFS/U of Ottawa","Y",null,null,"A","2010-04-01","2015-03-31","2099-12-31",100231726,"Lemonde, Manon",2500,20]
[null,null,null,null,null,234018,null,"ONSETT Subgrant 2010 - CLOSED","Y",null,null,"I","2014-03-31","2014-03-31","2099-12-31",100372919,"Owen, Michael",3200,20]
[null,null,null,null,null,234019,null,"AP-LS Grants-In-Aid (US)","Y",null,null,"A","2014-09-30","2014-03-31","2099-12-31",100352859,"Leach, Amy",2300,20]
[null,null,null,null,null,234020,null,"AP-LS Grants-In-Aid (US)-Closed","Y",null,null,"I","2014-03-31","2014-03-31","2099-12-31",100378659,"Sivasubramaniam, Diane",2300,20]
[null,null,null,null,null,234021,null,"Associated Medical Services- Closed","Y",null,null,"I","2014-03-31","2014-03-31","2099-12-31",100372919,"Owen, Michael",2400,20]
[null,null,null,null,null,234022,null,"Modeling & Simul. Electric Aircraft","Y",null,null,"A","2014-10-27","2015-03-31","2099-12-31",100355928,"Sood, Vijay",2600,20]
[null,null,null,null,null,234023,null,"CGAO - Hogue","Y",null,null,"A","2014-09-30","2014-03-31","2099-12-31",100352437,"Hogue, Andrew",2200,20]
[null,null,null,null,null,234024,null,"Youth Science Canada-Closed","Y",null,null,"I","2014-03-31","2014-03-31","2099-12-31",100382985,"Digiuseppe, Maurice",2400,20]
[null,null,null,null,null,234025,null,"Hospital for SickKids","Y",null,null,"A","2010-09-01","2017-03-31","2099-12-31",100330050,"McGregor, Carolyn",2200,20]
[null,null,null,null,null,234026,null,"Special Olympics Canada","Y",null,null,"A","2010-08-01","2015-03-31","2099-12-31",100438824,"Lloyd, Meghann",2500,20]
[null,null,null,null,null,234027,null,"Ontario Shores MOHLTC","Y",null,null,"A","2011-04-01","2015-03-31","2099-12-31",100010333,"Stanyon, Wendy",2500,20]
[null,null,null,null,null,234028,null,"CCDS","Y",null,null,"A","2011-04-28","2015-03-31","2099-12-31",100438824,"Lloyd, Meghann",2500,20]
[null,null,null,null,null,234029,null,"Alpha-Plus w/U of Windsor-closed","Y",null,null,"I","2014-03-31","2014-03-31","2099-12-31",100120774,"Hughes, Janette",2400,20]
[null,null,null,null,null,234030,null,"OHTN Subgrant w/ACDR","Y",null,null,"A","2014-09-30","2014-03-31","2099-12-31",100358206,"George, Clemon",2500,20]
[null,null,null,null,null,234031,null,"APA/President-Closed","Y",null,null,"I","2014-03-31","2014-03-31","2099-12-31",100380514,"Cutler, Brian",2300,20]
[null,null,null,null,null,234032,null,"UofCalgary-Closed","Y",null,null,"I","2014-03-31","2014-03-31","2099-12-31",100425204,"Collins, Christopher",2700,20]
[null,null,null,null,null,234033,null,"OMHLTC w/University of Ottawa-Closd","Y",null,null,"I","2015-03-11","2015-03-11","2099-12-31",100231726,"Lemonde, Manon",2500,20]
[null,null,null,null,null,234034,null,"Lakehead/CUCC-Practical Nursing","Y",null,null,"A","2014-09-30","2014-03-31","2099-12-31",100411974,"Coffey, Sue",2500,20]
[null,null,null,null,null,234035,null,"U of Waterloo - SOWC","Y",null,null,"A","2014-11-11","2014-11-11","2099-12-31",100246238,"Holdway, Douglas",2700,20]
[null,null,null,null,null,234036,null,"UOIT-DC Barriers to pathway","Y",null,null,"A","2014-06-24","2014-06-24","2099-12-31",100324925,"Lesage, Ann",2400,20]
[null,null,null,null,null,234037,null,"AYJ Global research Funds","Y",null,null,"A","2012-06-01","2017-06-01","2099-12-31",100383535,"Eamer, Allyson",2400,20]
[null,null,null,null,null,234038,null,"HRRI Beyond the best and Brightest","Y",null,null,"A","2015-03-09","2015-03-09","2099-12-31",100413524,"Kotlyar, Igor",2200,20]
[null,null,null,null,null,234039,null,"AMS Phoenix Project","Y",null,null,"A","2015-03-09","2015-03-09","2099-12-31",100354739,"Lindsay, Gail",2500,20]
[null,null,null,null,null,234040,null,"CCMC-Patient Journey Modeling","Y",null,null,"A","2015-04-02","2015-04-02","2099-12-31",100273381,"Percival, Jennifer",2200,20]
[null,null,null,null,null,234041,null,"SOSCIP_with_UofT_Renewable Energy","Y",null,null,"A","2013-04-01","2014-03-31","2099-12-31",100509486,"Tamblyn, Isaac",2700,20]
[null,null,null,null,null,234042,null,"Special Olympics","Y",null,null,"A","2013-09-01",null,"2099-12-31",100438824,"Lloyd, Meghann",2500,20]
[null,null,null,null,null,234043,null,"CASFAA_The Role of the financial","Y",null,null,"A","2015-03-03","2015-03-05","2099-12-31",100309004,"Russell, Lori",3200,20]
[null,null,null,null,null,234044,null,"Yodigo- Web Tool","Y",null,null,"A","2013-04-09","2018-04-09","2099-12-31",100383535,"Eamer, Allyson",2400,20]
[null,null,null,null,null,234045,null,"CMCC TFA -PDF Dr. Maja Stupar","Y",null,null,"A","2014-02-28","2014-12-31","2099-12-31",100076090,"Cote, Pierre",2500,20]
[null,null,null,null,null,234046,null,"ASRF - The effect of Chiropractic C","Y",null,null,"A","2014-02-28","2015-12-31","2099-12-31",100351443,"Murphy, Bernadette",2500,20]
[null,null,null,null,null,234047,null,"CLA-Home long-term Mechanical Venti","Y",null,null,"A","2015-04-30","2016-01-31","2099-12-31",100542019,"Nonoyama, Mika",2500,20]
[null,null,null,null,null,234048,null,"SOC-Implementing a multi sports","Y",null,null,"A","2015-04-22","2015-09-01","2099-12-31",100438824,"Lloyd, Meghann",2500,20]
[null,null,null,null,null,234049,null,"SOC- Is measuring best","Y",null,null,"A","2014-03-31","2016-08-31","2099-12-31",100508039,"Balogh, Robert",2500,20]
[null,null,null,null,null,234050,null,"HNexus-Comunity Breastfdng-creation","Y",null,null,"A","2015-03-04","2015-03-31","2099-12-31",100540322,"Abbass, Jennifer",2500,20]
[null,null,null,null,null,234051,null,"NSERC CRD- UNENE-Improved Candu and","Y",null,null,"A","2014-04-01","2017-03-31","2099-12-31",100277454,"Nichita, Eleodor",2100,20]
[null,null,null,null,null,234052,null,"Special Olympics- Maximizing use","Y",null,null,"A","2014-09-01","2015-08-31","2099-12-31",100438824,"Lloyd, Meghann",2500,20]
[null,null,null,null,null,234053,null,"ALS-Home long term mechanical vent","Y",null,null,"A","2014-10-01","2015-01-31","2099-12-31",100542019,"Nonoyama, Mika",2500,20]
[null,null,null,null,null,234054,null,"U of Ottawa- General Research","Y",null,null,"A","2014-10-31","2017-09-30","2099-12-31",100300936,"Liscano, Ramiro",2600,20]
[null,null,null,null,null,234055,null,"Medavie Blue w/NSERC -Computation","Y",null,null,"A","2015-01-01","2019-12-31","2099-12-31",100377555,"Lu, Fletcher",2700,20]
[null,null,null,null,null,234056,null,"SOSCIP w/IBM- Artemis Expansion","Y",null,null,"A","2015-04-02","2015-04-02","2099-12-31",100330050,"McGregor, Carolyn",2200,20]
[null,null,null,null,null,234057,null,"WSC- The Global Spine Care","Y",null,null,"A","2015-04-30","2016-01-18","2099-12-31",100076090,"Cote, Pierre",2500,20]
[null,null,null,null,null,234058,null,"Health Nexus - Design & Evaluation","Y",null,null,"A","2015-06-11","2015-12-01","2099-12-31",100540322,"Abbass, Jennifer",2500,20]
[null,null,240,null,null,null,null,"RSR - Research Units","N",null,null,"A","2009-04-01",null,"2099-12-31"]
[null,null,null,2410,null,null,null,"Non-Government-Business/Enterprises","N",null,null,"A","2009-04-01",null,"2099-12-31"]
[null,null,null,null,24100,null,null,"CLU","N",null,null,"A","2009-04-01",null,"2099-12-31"]
[null,null,null,null,null,241000,null,"CLU","Y",null,null,"A","2014-07-25","2014-07-25","2099-12-31",100339617,"Ammar, Nawal",2300,20]
[null,null,null,null,24110,null,null,"HETRU","N",null,null,"A","2009-04-01",null,"2099-12-31"]
[null,null,null,null,null,241100,null,"HETRU","Y",null,null,"A","2014-10-10","2014-10-10","2099-12-31",100226701,"Vogel, Ellen",2500,20]
[null,null,null,null,24120,null,null,"CCR Centre","N",null,null,"A","2009-04-01",null,"2099-12-31"]
[null,null,null,null,null,241200,null,"CCR Centre","Y",null,null,"A","2010-04-19","2019-03-31","2099-12-31",100377890,"Ritchie, Pamela",2200,20]
[null,null,null,null,24130,null,null,"CESR","N",null,null,"A","2011-03-02",null,"2099-12-31"]
[null,null,null,null,null,241300,null,"CESR","Y",null,null,"A","2014-07-25","2014-07-25","2099-12-31",100339617,"Ammar, Nawal",2300,20]
[null,"4A",410,null,null,null,null,"Loan Fund","N",null,null,"A","2009-04-01",null,"2099-12-31"]
[null,null,null,4100,null,null,null,"Debenture","N",null,null,"A","2009-04-01",null,"2099-12-31"]
[null,null,null,null,41000,null,null,"Debenture","N",null,null,"A","2009-04-01",null,"2099-12-31"]
[null,null,null,null,null,410000,null,"Debenture","Y",null,null,"A","2009-04-01",null,"2099-12-31",100477674,"Elliott, Craig",null,15]
[null,"6A",610,null,null,null,null,"Undergrad Endowment Funds","N",null,null,"A","2009-04-01",null,"2099-12-31"]
[null,null,null,6100,null,null,null,"Undergrad Endowment Funds","N",null,null,"A","2009-04-01",null,"2099-12-31"]
[null,null,null,null,61000,null,null,"Undergrad Endowment Funds","N",null,null,"A","2009-04-01",null,"2099-12-31"]
[null,null,null,null,null,610000,null,"UOIT General Undergrad Endowed Fund","Y",null,null,"A","2009-04-01",null,"2099-12-31",100227584,"Waugh, Clive",null,30]
[null,null,null,null,null,610001,null,"Baagwating Community Assoc. Award","Y",null,null,"A","2009-04-01",null,"2099-12-31",100227584,"Waugh, Clive",null,30]
[null,null,null,null,null,610002,null,"Cdn Fed of University Women Bursary","Y",null,null,"A","2009-04-01",null,"2099-12-31",100227584,"Waugh, Clive",null,30]
[null,null,null,null,null,610003,null,"Central Ontario CA Award","Y",null,null,"A","2009-04-01",null,"2099-12-31",100227584,"Waugh, Clive",null,30]
[null,null,null,null,null,610004,null,"CIBC Entrace Bursary","Y",null,null,"A","2009-04-01",null,"2099-12-31",100227584,"Waugh, Clive",null,30]
[null,null,null,null,null,610005,null,"Farr Chambers Award","Y",null,null,"A","2009-04-01",null,"2099-12-31",100227584,"Waugh, Clive",null,30]
[null,null,null,null,null,610006,null,"Durham Region Chairman's Award","Y",null,null,"A","2009-04-01",null,"2099-12-31",100227584,"Waugh, Clive",null,30]
[null,null,null,null,null,610007,null,"Alexander J. and Stephanie Dulemba ","Y",null,null,"A","2009-04-01",null,"2099-12-31",100227584,"Waugh, Clive",null,30]
[null,null,null,null,null,610008,null,"Howard Maitland Sly Award","Y",null,null,"A","2009-04-01",null,"2099-12-31",100227584,"Waugh, Clive",null,30]
[null,null,null,null,null,610009,null,"Andrew Desmond Memorial Bursary","Y",null,null,"A","2009-04-01",null,"2099-12-31",100227584,"Waugh, Clive",null,30]
[null,null,null,null,null,610010,null,"Downtown Oshawa BIA Award","Y",null,null,"A","2009-04-01",null,"2099-12-31",100227584,"Waugh, Clive",null,30]
[null,null,null,null,null,610011,null,"Durham Filipino-Cdn Society Award","Y",null,null,"A","2009-04-01",null,"2099-12-31",100227584,"Waugh, Clive",null,30]
[null,null,null,null,null,610012,null,"Durham Heavy Contractors Assoc Awar","Y",null,null,"A","2009-04-01",null,"2099-12-31",100227584,"Waugh, Clive",null,30]
[null,null,null,null,null,610013,null,"DRP Services Board Bursary","Y",null,null,"A","2009-04-01",null,"2099-12-31",100227584,"Waugh, Clive",null,30]
[null,null,null,null,null,610014,null,"Donald Family Entrance Award","Y",null,null,"A","2009-04-01",null,"2099-12-31",100227584,"Waugh, Clive",null,30]
[null,null,null,null,null,610015,null,"Harold 'Pat' Dooley Bursary Award","Y",null,null,"A","2009-04-01",null,"2099-12-31",100227584,"Waugh, Clive",null,30]
[null,null,null,null,null,610016,null,"Flaherty, Dow, Elliott and McCarthy","Y",null,null,"A","2009-04-01",null,"2099-12-31",100227584,"Waugh, Clive",null,30]
[null,null,null,null,null,610017,null,"Dr. Michael G. Finlayson Award ","Y",null,null,"A","2009-04-01",null,"2099-12-31",100227584,"Waugh, Clive",null,30]
[null,null,null,null,null,610018,null,"M.J. Gerrow Award","Y",null,null,"A","2009-04-01",null,"2099-12-31",100227584,"Waugh, Clive",null,30]
[null,null,null,null,null,610019,null,"Michael Gourley Bursary","Y",null,null,"A","2009-04-01",null,"2099-12-31",100227584,"Waugh, Clive",null,30]
[null,null,null,null,null,610020,null,"Grant Morris Assoc Limited Award ","Y",null,null,"A","2009-04-01",null,"2099-12-31",100227584,"Waugh, Clive",null,30]
[null,null,null,null,null,610021,null,"Bert Dejeet Memorial Award","Y",null,null,"A","2009-04-01",null,"2099-12-31",100227584,"Waugh, Clive",null,30]
[null,null,null,null,null,610022,null,"Great-West, London & Canada Life","Y",null,null,"A","2009-04-01",null,"2099-12-31",100227584,"Waugh, Clive",null,30]
[null,null,null,null,null,610023,null,"Hubbell Canada Award","Y",null,null,"A","2009-04-01",null,"2099-12-31",100227584,"Waugh, Clive",null,30]
[null,null,null,null,null,610024,null,"HSBC Bank Canada Awards","Y",null,null,"A","2009-04-01",null,"2099-12-31",100227584,"Waugh, Clive",null,30]
[null,null,null,null,null,610025,null,"Don and June James Award","Y",null,null,"A","2009-04-01",null,"2099-12-31",100227584,"Waugh, Clive",null,30]
[null,null,null,null,null,610026,null,"Herman Kassinger Award","Y",null,null,"A","2009-04-01",null,"2099-12-31",100227584,"Waugh, Clive",null,30]
[null,null,null,null,null,610027,null,"Lenovo (Canada) Inc. Access Awards","Y",null,null,"A","2009-04-01",null,"2099-12-31",100227584,"Waugh, Clive",null,30]
[null,null,null,null,null,610028,null,"McErlean Family Award","Y",null,null,"A","2009-04-01",null,"2099-12-31",100227584,"Waugh, Clive",null,30]
[null,null,null,null,null,610029,null,"Bruce MacMillan Memorial Award","Y",null,null,"A","2009-04-01",null,"2099-12-31",100227584,"Waugh, Clive",null,30]
[null,null,null,null,null,610030,null,"Greater Oshawa Chamber of Commerce","Y",null,null,"A","2009-04-01",null,"2099-12-31",100227584,"Waugh, Clive",null,30]
[null,null,null,null,null,610031,null,"OCI - Jack Howett Award","Y",null,null,"A","2009-04-01",null,"2099-12-31",100227584,"Waugh, Clive",null,30]
[null,null,null,null,null,610032,null,"Ontario Power Generation Award","Y",null,null,"A","2009-04-01",null,"2099-12-31",100227584,"Waugh, Clive",null,30]
[null,null,null,null,null,610033,null,"Roger Pardy Memorial Award","Y",null,null,"A","2009-04-01",null,"2099-12-31",100227584,"Waugh, Clive",null,30]
[null,null,null,null,null,610034,null,"Victoria Legacy Bursary","Y",null,null,"A","2009-04-01",null,"2099-12-31",100227584,"Waugh, Clive",null,30]
[null,null,null,null,null,610035,null,"Lois and Gary Polonsky Bursary Fund","Y",null,null,"A","2009-04-01",null,"2099-12-31",100227584,"Waugh, Clive",null,30]
[null,null,null,null,null,610036,null,"Rotary Club of Osh Entrance Award","Y",null,null,"A","2009-04-01",null,"2099-12-31",100227584,"Waugh, Clive",null,30]
[null,null,null,null,null,610037,null,"Schneider Electric Award","Y",null,null,"A","2009-04-01",null,"2099-12-31",100227584,"Waugh, Clive",null,30]
[null,null,null,null,null,610038,null,"Strickert Family Bursary ","Y",null,null,"A","2009-04-01",null,"2099-12-31",100227584,"Waugh, Clive",null,30]
[null,null,null,null,null,610039,null,"Harold Schickler Bursary","Y",null,null,"A","2009-04-01",null,"2099-12-31",100227584,"Waugh, Clive",null,30]
[null,null,null,null,null,610040,null,"Scotiabank Group Award","Y",null,null,"A","2009-04-01",null,"2099-12-31",100227584,"Waugh, Clive",null,30]
[null,null,null,null,null,610041,null,"Lois Sleightholm Awards","Y",null,null,"A","2009-04-01",null,"2099-12-31",100227584,"Waugh, Clive",null,30]
[null,null,null,null,null,610042,null,"UA Local 463 Award","Y",null,null,"A","2009-04-01",null,"2099-12-31",100227584,"Waugh, Clive",null,30]
[null,null,null,null,null,610043,null,"Paul Vessey Award","Y",null,null,"A","2009-04-01",null,"2099-12-31",100227584,"Waugh, Clive",null,30]
[null,null,null,null,null,610044,null,"Colleen Walker Bursary (Fred Hogan)","Y",null,null,"A","2009-04-01",null,"2099-12-31",100227584,"Waugh, Clive",null,30]
[null,null,null,null,null,610045,null,"Marjorie Elizabeth Willoughby Award","Y",null,null,"A","2009-04-01",null,"2099-12-31",100227584,"Waugh, Clive",null,30]
[null,null,null,null,null,610046,null,"Neighbourhoods of Windfields Farm","Y",null,null,"A","2009-04-01",null,"2099-12-31",100227584,"Waugh, Clive",null,30]
[null,null,null,null,null,610047,null,"Samac Foundation Entrance Award ","Y",null,null,"A","2009-04-01",null,"2099-12-31",100227584,"Waugh, Clive",null,30]
[null,null,null,null,null,610048,null,"Wilson Furniture Award","Y",null,null,"A","2009-04-01",null,"2099-12-31",100227584,"Waugh, Clive",null,30]
[null,null,null,null,null,610049,null,"Xerox Canada Award","Y",null,null,"A","2009-04-01",null,"2099-12-31",100227584,"Waugh, Clive",null,30]
[null,null,null,null,null,610050,null,"Your Student Association Award","Y",null,null,"A","2009-04-01",null,"2099-12-31",100227584,"Waugh, Clive",null,30]
[null,null,null,null,null,610051,null,"Jan Draak Memorial Award","Y",null,null,"A","2009-04-01",null,"2099-12-31",100227584,"Waugh, Clive",null,30]
[null,null,null,null,null,610052,null,"Kent and Douglas Farndale Award","Y",null,null,"A","2009-04-01",null,"2099-12-31",100227584,"Waugh, Clive",null,30]
[null,null,null,null,null,610053,null,"Deb Clarke Award","Y",null,null,"A","2009-04-01",null,"2099-12-31",100227584,"Waugh, Clive",null,30]
[null,null,null,null,null,610054,null,"Michael J. Martin Bursary","Y",null,null,"A","2009-04-01",null,"2099-12-31",100227584,"Waugh, Clive",null,30]
[null,null,null,null,null,610055,null,"Gary Milovick Memorial Award","Y",null,null,"A","2009-04-01",null,"2099-12-31",100227584,"Waugh, Clive",null,30]
[null,null,null,null,null,610056,null,"Purdue Pharma Award","Y",null,null,"A","2009-04-01",null,"2099-12-31",100227584,"Waugh, Clive",null,30]
[null,null,null,null,null,610057,null,"Robert Darou Norris Prichard Award","Y",null,null,"A","2009-04-01",null,"2099-12-31",100227584,"Waugh, Clive",null,30]
[null,null,null,null,null,610058,null,"Special Olympics 2008 Spring Games ","Y",null,null,"A","2009-04-01",null,"2099-12-31",100227584,"Waugh, Clive",null,30]
[null,null,null,null,null,610059,null,"Carpenters Union Local 397 Award","Y",null,null,"A","2010-04-01",null,"2099-12-31",100227584,"Waugh, Clive",null,30]
[null,null,null,null,null,610060,null,"Carolyn Byrne Award","Y",null,null,"A","2010-04-01",null,"2099-12-31",100227584,"Waugh, Clive",null,30]
[null,null,null,null,null,610061,null,"Hatfield Family Award","Y",null,null,"A","2010-04-01",null,"2099-12-31",100227584,"Waugh, Clive",null,30]
[null,null,null,null,null,610062,null,"Phoenix Quality Award","Y",null,null,"A","2010-04-01",null,"2099-12-31",100227584,"Waugh, Clive",null,30]
[null,null,null,null,null,610063,null,"GM Suppliers Council Award","Y",null,null,"A","2010-04-01",null,"2099-12-31",100227584,"Waugh, Clive",null,30]
[null,null,null,null,null,610064,null,"Ajax Lions Club-Audet Mem Award","Y",null,null,"A","2010-06-01",null,"2099-12-31",100227584,"Waugh, Clive",null,30]
[null,null,null,null,null,610065,null,"Dudley & Joyce Bent Family Fund","Y",null,null,"A","2010-06-01",null,"2099-12-31",100227584,"Waugh, Clive",null,30]
[null,null,null,null,null,610066,null,"Metis Nation of Ontario Award","Y",null,null,"A","2011-04-11",null,"2099-12-31",100227584,"Waugh, Clive",null,30]
[null,null,null,null,null,610067,null,"Morris-Caribbean Friends Event","Y",null,null,"A","2011-03-31",null,"2099-12-31",100227584,"Waugh, Clive",null,30]
[null,null,null,null,null,610068,null,"Marjory Frances Parkes Endowment","Y",null,null,"A","2011-04-01",null,"2099-12-31",100227584,"Waugh, Clive",null,30]
[null,null,null,null,null,610069,null,"Robert Coke Memorial Bursary - End","Y",null,null,"A","2011-08-23",null,"2099-12-31",100077136,"McGarry, Debbie",null,30]
[null,null,null,null,null,610070,null,"OEM Corporation Award","Y",null,null,"A","2011-12-01",null,"2099-12-31",100077136,"McGarry, Debbie",null,30]
[null,null,null,null,null,610071,null,"Hobb & Company award","Y",null,null,"A","2011-12-01",null,"2099-12-31",100077136,"McGarry, Debbie",null,30]
[null,null,null,null,null,610072,null,"Hubert H. Harshman Award","Y",null,null,"A","2012-01-25",null,"2099-12-31",100077136,"McGarry, Debbie",null,30]
[null,null,null,null,null,610073,null,"The Honourable Jim Flaherty Bursary","Y",null,null,"A","2014-08-27",null,"2099-12-31",100077136,"McGarry, Debbie",null,30]
[null,null,620,null,null,null,null,"Graduate Endowment Funds","N",null,null,"A","2009-04-01",null,"2099-12-31"]
[null,null,null,6200,null,null,null,"Graduate Endowment Funds","N",null,null,"A","2009-04-01",null,"2099-12-31"]
[null,null,null,null,62000,null,null,"Graduate Endowment Funds","N",null,null,"A","2009-04-01",null,"2099-12-31"]
[null,null,null,null,null,620000,null,"UOIT General Graduate Endowed Fund","Y",null,null,"A","2009-04-01",null,"2099-12-31",100227584,"Waugh, Clive",null,30]
[null,null,null,null,null,620001,null,"CIBC Graduate Bursary","Y",null,null,"A","2009-04-01",null,"2099-12-31",100227584,"Waugh, Clive",null,30]
[null,null,null,null,null,620002,null,"Jeffrey S. Boyce Engineering Award ","Y",null,null,"A","2009-04-01",null,"2099-12-31",100227584,"Waugh, Clive",null,30]
[null,null,null,null,null,620003,null,"Goldman/Durham Homes Award","Y",null,null,"A","2009-04-01",null,"2099-12-31",100227584,"Waugh, Clive",null,30]
[null,null,null,null,null,620004,null,"TD Financial Group Grad Scholarship","Y",null,null,"A","2009-04-01",null,"2099-12-31",100227584,"Waugh, Clive",null,30]
[null,null,630,null,null,null,null,"Other Endowment Funds","N",null,null,"A","2009-04-01",null,"2099-12-31"]
[null,null,null,6300,null,null,null,"Other Endowment Funds","N",null,null,"A","2009-04-01",null,"2099-12-31"]
[null,null,null,null,63000,null,null,"Other Endowment Funds","N",null,null,"A","2009-04-01",null,"2099-12-31"]
[null,null,null,null,null,630000,null,"Purdue Pharma Visiting Lecture","Y",null,null,"A","2009-04-01",null,"2099-12-31",100227584,"Waugh, Clive",null,30]
[null,null,null,null,null,630001,null,"Science Scholarship Endowment Fund","Y",null,null,"A","2010-04-01",null,"2099-12-31",100227584,"Waugh, Clive",null,30]
[null,null,null,null,null,630002,null,"Bob Baun Varsity Scholarship","Y",null,null,"A","2010-04-01",null,"2099-12-31",100227584,"Waugh, Clive",null,30]
[null,null,null,null,null,630004,null,"Ron Bordessa Endowment Scholarship","Y",null,null,"A","2010-04-01",null,"2099-12-31",100227584,"Waugh, Clive",null,30]
[null,null,null,null,null,630005,null,"Naheed Dosani Endowed Scholarship","Y",null,null,"A","2011-04-01",null,"2099-12-31",100227584,"Waugh, Clive",null,30]
[null,null,null,null,null,630006,null,"ICCD Endowed Scholarship","Y",null,null,"A","2011-07-18",null,"2099-12-31",100077136,"McGarry, Debbie",null,30]
[null,null,null,null,null,630007,null,"Sabat Family Endowment","Y",null,null,"A","2011-11-15",null,"2099-12-31",100227584,"Waugh, Clive",null,30]
[null,null,null,null,null,630009,null,"West-Moynes Endowed Scholarship","Y",null,null,"A","2013-10-09",null,"2099-12-31",100077136,"McGarry, Debbie",null,30]
[null,null,null,null,null,630010,null,"Guglielmo Marconi End Scholarship","Y",null,null,"A","2014-06-26",null,"2099-12-31",100077136,"McGarry, Debbie",null,30]
[null,null,null,null,null,630011,null,"M. Georges Dermarkar Scholarship","Y",null,null,"A","2014-08-28",null,"2099-12-31",100077136,"McGarry, Debbie",null,30]
[null,null,640,null,null,null,null,"Government Endowment Grants","N",null,null,"A","2009-04-01",null,"2099-12-31"]
[null,null,null,6400,null,null,null,"Government Endowment Grants","N",null,null,"A","2009-04-01",null,"2099-12-31"]
[null,null,null,null,64000,null,null,"Government Endowment Grants","N",null,null,"A","2009-04-01",null,"2099-12-31"]
[null,null,null,null,null,640000,null,"Ont. Grad Fellowship Endowed Fund","Y",null,null,"A","2009-04-01",null,"2099-12-31",100227584,"Waugh, Clive",null,30]
[null,null,null,null,null,640002,null,"Founding Dean of Science Grad Award","Y",null,null,"A","2013-10-09",null,"2099-12-31",100077136,"McGarry, Debbie",null,30]
[null,null,null,null,null,650000,null,"Lovell Graduate Scholarship Fund","Y",null,null,"A","2012-07-25",null,"2099-12-31",100227584,"Waugh, Clive",null,30]
[null,null,null,null,640001,null,null,"Fed Dean's Graduate Scholarship","Y",null,null,"A","2013-10-09",null,"2099-12-31",100077136,"McGarry, Debbie",null,30]
[null,"8A",810,null,null,null,null,"Funds Held in Trust","N",null,null,"A","2009-04-01",null,"2099-12-31"]
[null,null,null,8100,null,null,null,"Funds Held in Trust","N",null,null,"A","2009-04-01",null,"2099-12-31"]
[null,null,null,null,81000,null,null,"Student Project","N",null,null,"A","2009-04-01",null,"2099-12-31"]
[null,null,null,null,null,"8100 A",null,"Student Project General","Y",null,null,"A","2009-04-01",null,"2099-12-31",null,null,null,21]
[null,null,null,null,null,810000,null,"SolarCar","Y",null,null,"A","2009-04-01",null,"2099-12-31",100206922,"Bereznai, George",null,21]
[null,null,null,null,null,810001,null,"Formula SAE","Y",null,null,"A","2014-04-29",null,"2099-12-31",null,null,null,21]
[null,null,null,null,null,810002,null,"SAE Baja Team","Y",null,null,"A","2014-04-29",null,"2099-12-31",null,null,null,21]
[null,null,null,null,null,810003,null,"EMBS Student Club","Y",null,null,"A","2009-04-01",null,"2099-12-31",100249629,"Pop-Iliev, Remon",null,21]
[null,null,null,null,81010,null,null,"Physicians Task Force","N",null,null,"A","2009-04-01",null,"2099-12-31"]
[null,null,null,null,null,810100,null,"Physicians Task Force - CLOSED","Y",null,null,"I","2014-03-31","2014-03-31","2099-12-31"]
[null,"9A",910,null,null,null,null,"UOIT Construction Projects","N",null,null,"A","2009-04-01",null,"2099-12-31"]
[null,null,null,9100,null,null,null,"UOIT Construction Projects","N",null,null,"A","2009-04-01",null,"2099-12-31"]
[null,null,null,null,91000,null,null,"ACE","N",null,null,"A","2009-04-01",null,"2099-12-31"]
[null,null,null,null,null,910000,null,"ACE","Y",null,null,"A","2009-04-01",null,"2099-12-31",100477674,"Elliott, Craig",1240,22]
[null,null,null,null,91002,null,null,"Energy Research Centre","N",null,null,"A","2009-04-01",null,"2099-12-31",null,null,null,22]
[null,null,null,null,null,"9100 A",null,"ERC General","Y",null,null,"A","2009-04-01",null,"2099-12-31",100477674,"Elliott, Craig",1240,22]
[null,null,null,null,null,910020,null,"ERC - Project","Y",null,null,"A","2009-04-01",null,"2099-12-31",100477674,"Elliott, Craig",1240,22]
[null,null,null,null,null,910021,null,"ERC - BTESS","Y",null,null,"A","2009-04-01",null,"2099-12-31",100477674,"Elliott, Craig",1240,22]
[null,null,null,null,null,910022,null,"ERC- U5 Portables","Y",null,null,"A","2009-04-01",null,"2099-12-31",100477674,"Elliott, Craig",1240,22]
[null,null,null,null,91004,null,null,"Capital Projects - Grants","N",null,null,"A","2009-04-01",null,"2099-12-31"]
[null,null,null,null,null,910040,null,"Campus Renewal Program","Y",null,null,"A","2009-04-01",null,"2099-12-31",100477674,"Elliott, Craig",1240,22]
[null,null,null,null,null,910041,null,"Graduate Capital Grant","Y",null,null,"A","2009-04-01",null,"2099-12-31",100477674,"Elliott, Craig",1240,22]
[null,null,null,null,null,910042,null,"UCRF - Hydrogen Project","Y",null,null,"A","2009-04-01",null,"2099-12-31",100283190,"Marceau, Richard",1240,20]
[null,null,null,null,91006,null,null,"New U Construction","N",null,null,"A","2009-04-01",null,"2099-12-31"]
[null,null,null,null,null,910060,null,"Accounting Entries","Y",null,null,"A","2012-04-18",null,"2099-12-31",100477674,"Elliott, Craig",null,"N/A"]
[null,null,null,null,91007,null,null,"Campus Ice Centre","N",null,null,"A","2009-04-01",null,"2099-12-31"]
[null,null,null,null,null,910070,null,"Campus Ice Centre","Y",null,null,"A","2009-04-01",null,"2099-12-31",100477674,"Elliott, Craig",1240,22]
[null,null,null,null,91008,null,null,"Downtown Renovation Projects","N",null,null,"A","2009-04-01",null,"2099-12-31"]
[null,null,null,null,null,910080,null,"61 Charles Street (Alger Press)","Y",null,null,"A","2010-07-23",null,"2099-12-31",100477674,"Elliott, Craig",1267,22]
[null,null,null,null,null,910081,null,"Regent Theatre Renovations","Y",null,null,"A","2010-07-23",null,"2099-12-31",100477674,"Elliott, Craig",1268,22]
[null,null,null,null,null,910082,null,"Victoria St. Pedway","Y",null,null,"A","2010-04-01",null,"2099-12-31",100477674,"Elliott, Craig",1270,22]
[null,null,null,null,91009,null,null,"Student Space Renovations","N",null,null,"A","2009-04-01",null,"2099-12-31"]
[null,null,null,null,null,910090,null,"Library - Basement Renovation","Y",null,null,"A","2009-04-01",null,"2099-12-31",100477674,"Elliott, Craig",1240,22]
[null,null,null,null,91010,null,null,"FRP 09/10","N",null,null,"A","2009-04-01",null,"2099-12-31"]
[null,null,null,null,null,"9101 A",null,"FRP 09/10 General","Y",null,null,"A","2009-04-01",null,"2099-12-31",100477674,"Elliott, Craig",1240,22]
[null,null,null,null,null,910100,null,"FRP1 - Replace Transfer Switches","Y",null,null,"A","2009-04-01",null,"2099-12-31",100477674,"Elliott, Craig",1240,22]
[null,null,null,null,null,910101,null,"FRP2 - UA Sci Bld Envelop Repairs","Y",null,null,"A","2009-04-01",null,"2099-12-31",100477674,"Elliott, Craig",1240,22]
[null,null,null,null,null,910102,null,"FRP3 - UA Sci Bld Tox Lab Mech Work","Y",null,null,"A","2009-04-01",null,"2099-12-31",100477674,"Elliott, Craig",1240,22]
[null,null,null,null,null,910103,null,"FRP4 - Regent Theatre","Y",null,null,"A","2010-04-01",null,"2099-12-31",100477674,"Elliott, Craig",1240,22]
[null,null,null,null,91020,null,null,"FRP 10/11","N",null,null,"A","2010-04-01",null,"2099-12-31"]
[null,null,null,null,null,910200,null,"FRP 10/11 General","Y",null,null,"A","2010-04-01",null,"2099-12-31",100477674,"Elliott, Craig",1240,22]
[null,"BA","BA0",null,null,null,null,"Bank Fund","N",null,null,"A","2009-04-01",null,"2099-12-31"]
[null,null,null,"BA00",null,null,null,"Bank Fund","N",null,null,"A","2009-04-01",null,"2099-12-31"]
[null,null,null,null,"BA000",null,null,"Bank Fund","N",null,null,"A","2009-04-01",null,"2099-12-31"]
[null,null,null,null,null,"BA0000",null,"Bank Fund","Y",null,null,"A","2009-04-01",null,"2099-12-31",null,null,null,"ORG"]
["Report Parameters:"]
["Chart of Accounts: U"]
["Effective Date: 12-JUN-15 "]
["Fund Type: "]
[]
["Report Run On: 12-JUN-2015 02:29:05 PM"]

{"sheet":"ORGN","index":8,"n_rows":277,"n_cols":20,"rows_kept":277,"cut":false,"hidden":true,"merged":[[247,11,247,12],[248,11,248,12],[249,11,249,12],[250,11,250,12],[251,11,251,12],[252,11,252,12],[241,11,241,12],[242,11,242,12],[243,11,243,12],[244,11,244,12],[245,11,245,12],[246,11,246,12],[270,11,270,12],[259,11,259,12],[260,11,260,12],[261,11,261,12],[262,11,262,12],[263,11,263,12],[264,11,264,12],[253,11,253,12],[254,11,254,12],[255,11,255,12],[256,11,256,12],[257,11,257,12],[258,11,258,12],[265,11,265,12],[266,11,266,12],[267,11,267,12],[268,11,268,12],[269,11,269,12],[238,11,238,12],[239,11,239,12],[240,11,240,12],[229,11,229,12],[230,11,230,12],[231,11,231,12],[232,11,232,12],[233,11,233,12],[234,11,234,12],[235,11,235,12],[236,11,236,12],[237,11,237,12],[223,11,223,12],[224,11,224,12],[225,11,225,12],[226,11,226,12],[227,11,227,12],[228,11,228,12],[217,11,217,12],[218,11,218,12],[219,11,219,12],[220,11,220,12],[221,11,221,12],[222,11,222,12],[211,11,211,12],[212,11,212,12],[213,11,213,12],[214,11,214,12],[215,11,215,12],[216,11,216,12],[205,11,205,12],[206,11,206,12],[207,11,207,12],[208,11,208,12],[209,11,209,12],[210,11,210,12],[199,11,199,12],[200,11,200,12],[201,11,201,12],[202,11,202,12],[203,11,203,12],[204,11,204,12],[193,11,193,12],[194,11,194,12],[195,11,195,12],[196,11,196,12],[197,11,197,12],[198,11,198,12],[187,11,187,12],[188,11,188,12],[189,11,189,12],[190,11,190,12],[191,11,191,12],[192,11,192,12],[181,11,181,12],[182,11,182,12],[183,11,183,12],[184,11,184,12],[185,11,185,12],[186,11,186,12],[175,11,175,12],[176,11,176,12],[177,11,177,12],[178,11,178,12],[179,11,179,12],[180,11,180,12],[169,11,169,12],[170,11,170,12],[171,11,171,12],[172,11,172,12],[173,11,173,12],[174,11,174,12],[163,11,163,12],[164,11,164,12],[165,11,165,12],[166,11,166,12],[167,11,167,12],[168,11,168,12],[157,11,157,12],[158,11,158,12],[159,11,159,12],[160,11,160,12],[161,11,161,12],[162,11,162,12],[151,11,151,12],[152,11,152,12],[153,11,153,12],[154,11,154,12],[155,11,155,12],[156,11,156,12],[145,11,145,12],[146,11,146,12],[147,11,147,12],[148,11,148,12],[149,11,149,12],[150,11,150,12],[139,11,139,12],[140,11,140,12],[141,11,141,12],[142,11,142,12],[143,11,143,12],[144,11,144,12],[133,11,133,12],[134,11,134,12],[135,11,135,12],[136,11,136,12],[137,11,137,12],[138,11,138,12],[127,11,127,12],[128,11,128,12],[129,11,129,12],[130,11,130,12],[131,11,131,12],[132,11,132,12],[121,11,121,12],[122,11,122,12],[123,11,123,12],[124,11,124,12],[125,11,125,12],[126,11,126,12],[115,11,115,12],[116,11,116,12],[117,11,117,12],[118,11,118,12],[119,11,119,12],[120,11,120,12],[109,11,109,12],[110,11,110,12],[111,11,111,12],[112,11,112,12],[113,11,113,12],[114,11,114,12],[103,11,103,12],[104,11,104,12],[105,11,105,12],[106,11,106,12],[107,11,107,12],[108,11,108,12],[97,11,97,12],[98,11,98,12],[99,11,99,12],[100,11,100,12],[101,11,101,12],[102,11,102,12],[91,11,91,12],[92,11,92,12],[93,11,93,12],[94,11,94,12],[95,11,95,12],[96,11,96,12],[85,11,85,12],[86,11,86,12],[87,11,87,12],[88,11,88,12],[89,11,89,12],[90,11,90,12],[79,11,79,12],[80,11,80,12],[81,11,81,12],[82,11,82,12],[83,11,83,12],[84,11,84,12],[73,11,73,12],[74,11,74,12],[75,11,75,12],[76,11,76,12],[77,11,77,12],[78,11,78,12],[67,11,67,12],[68,11,68,12],[69,11,69,12],[70,11,70,12],[71,11,71,12],[72,11,72,12],[61,11,61,12],[62,11,62,12],[63,11,63,12],[64,11,64,12],[65,11,65,12],[66,11,66,12],[55,11,55,12],[56,11,56,12],[57,11,57,12],[58,11,58,12],[59,11,59,12],[60,11,60,12],[49,11,49,12],[50,11,50,12],[51,11,51,12],[52,11,52,12],[53,11,53,12],[54,11,54,12],[43,11,43,12],[44,11,44,12],[45,11,45,12],[46,11,46,12],[47,11,47,12],[48,11,48,12],[37,11,37,12],[38,11,38,12],[39,11,39,12],[40,11,40,12],[41,11,41,12],[42,11,42,12],[31,11,31,12],[32,11,32,12],[33,11,33,12],[34,11,34,12],[35,11,35,12],[36,11,36,12],[25,11,25,12],[26,11,26,12],[27,11,27,12],[28,11,28,12],[29,11,29,12],[30,11,30,12],[20,11,20,12],[21,11,21,12],[22,11,22,12],[23,11,23,12],[24,11,24,12],[13,11,13,12],[14,11,14,12],[15,11,15,12],[16,11,16,12],[17,11,17,12],[18,11,18,12],[7,11,7,12],[8,11,8,12],[9,11,9,12],[10,11,10,12],[11,11,11,12],[12,11,12,12],[0,0,0,19],[1,11,2,11],[19,11,19,12],[6,11,6,12],[5,11,5,12],[4,11,4,12],[3,11,3,12]]}
["Organization Hierarchy"]
["Orgn Lvl1","Orgn Lvl2","Orgn Lvl3","Orgn","Orgn","Orgn","Orgn","Orgn","DESCRIPTION","DATA","STATUS","Default Prog.",null,"CNTL","CMB","EFF.","TERM.","NEXT CHANGE","MANAGER ID","MANAGER"]
[null,null,null,"Lvl4","Lvl5","Lvl6","Lvl7","Lvl8",null,"ENTRY",null,null,null,"ORGN",null,"DATE","DATE","DATE",null,"NAME"]
[0,null,null,null,null,null,null,null,"ORG FOR BALANCE SHEET ACC PURCHASES","Y","A",null,null,null,"N","2010-04-01",null,"2099-12-31"]
["UOIT",null,null,null,null,null,null,null,"UOIT","N","A",null,null,null,null,"2009-04-01",null,"2099-12-31"]
[null,"1A",null,null,null,null,null,null,"Administrative Services","N","A",null,null,null,null,"2009-04-01",null,"2099-12-31"]
[null,null,11,null,null,null,null,null,"Office of the President","N","A",null,null,null,null,"2013-08-27",null,"2099-12-31",100469874,"McTiernan, Tim"]
[null,null,null,110,null,null,null,null,"Office of the President","N","A",null,null,null,null,"2013-08-27",null,"2099-12-31",100469874,"McTiernan, Tim"]
[null,null,null,null,1100,null,null,null,"Board of Governors","Y","A",15,null,null,null,"2013-07-26",null,"2099-12-31",100469874,"McTiernan, Tim"]
[null,null,null,null,1101,null,null,null,"Presidents Office","Y","A",15,null,null,null,"2013-07-25",null,"2099-12-31",100469874,"McTiernan, Tim"]
[null,null,null,null,1102,null,null,null,"Secretariate","Y","A",15,null,null,null,"2013-04-01",null,"2099-12-31"]
[null,null,12,null,null,null,null,null,"VP Finance","N","A",null,null,null,null,"2013-08-27",null,"2099-12-31",100477674,"Elliott, Craig"]
[null,null,null,120,null,null,null,null,"VP Finance","N","A",null,null,null,null,"2013-01-22",null,"2099-12-31",100477674,"Elliott, Craig"]
[null,null,null,null,1200,null,null,null,"Finance & Admin - VP","Y","A",15,null,null,null,"2013-04-26",null,"2099-12-31",100477674,"Elliott, Craig"]
[null,null,null,null,1201,null,null,null,"Re-Engineering","Y","A",15,null,null,null,"2013-01-22",null,"2099-12-31",100477674,"Elliott, Craig"]
[null,null,null,null,1202,null,null,null,"Central Administration","Y","A",15,null,null,null,"2013-07-25",null,"2099-12-31",100477674,"Elliott, Craig"]
[null,null,null,null,1203,null,null,null,"Employee Benefit Cost Recov FTE45D","Y","A",15,null,null,null,"2013-08-27",null,"2099-12-31",100477674,"Elliott, Craig"]
[null,null,null,null,1204,null,null,null,"Employee Benefit Recovery PTZDU","Y","A",15,null,null,null,"2013-08-27",null,"2099-12-31",100477674,"Elliott, Craig"]
[null,null,null,null,1205,null,null,null,"Employee Costs Non-Recovery","Y","A",15,null,null,null,"2013-08-27",null,"2099-12-31",100477674,"Elliott, Craig"]
[null,null,null,null,1206,null,null,null,"Cultureworksn - CLosed to BS","Y","I",15,null,null,null,"2012-03-13",null,"2099-12-31",100350386,"Milovick, Matt"]
[null,null,null,null,1207,null,null,null,"Risk Management","Y","A",15,null,null,null,"2013-01-22",null,"2099-12-31",100477674,"Elliott, Craig"]
[null,null,null,null,1208,null,null,{"$f":"IF(E22=\"ORG\",VLOOKUP(F22,ORGN!A:T,8), E22)","v":1208},"Campus Safety","Y","A",22,null,null,null,"2013-08-27",null,"2099-12-31",100477674,"Elliott, Craig"]
[null,null,null,null,1209,null,null,null,"Cost Recovery - Anomalies","Y","A",15,null,null,null,"2013-08-27",null,"2099-12-31",100477674,"Elliott, Craig"]
[null,null,null,null,1210,null,null,null,"CAF20504 - Feasibility Study","Y","A",15,null,null,null,"2013-08-27",null,"2099-12-31",100477674,"Elliott, Craig"]
[null,null,null,null,1211,null,null,null,"Women's Campus Safety","Y","A",15,null,null,null,"2014-04-29",null,"2099-12-31",100477674,"Elliott, Craig"]
[null,null,null,null,"AAA",null,null,null,"P&L ORGs to BS - CLOSED","Y","I",15,null,null,null,"2010-11-09",null,"2099-12-31",100350386,"Milovick, Matt"]
[null,null,null,122,null,null,null,null,"Executive Finance","N","A",null,null,null,null,"2013-08-27",null,"2099-12-31",100477674,"Elliott, Craig"]
[null,null,null,null,1220,null,null,null,"Finance & Admin-Execu Dir- Closed","Y","I",15,null,null,null,"2012-05-08",null,"2099-12-31",100329866,"Rigby, Judy"]
[null,null,null,null,1221,null,null,null,"Finance & Admin-Research","Y","A",15,null,null,null,"2013-07-25",null,"2099-12-31",100477674,"Elliott, Craig"]
[null,null,null,null,1222,null,null,null,"Business Operations","Y","A",15,null,null,null,"2013-07-25",null,"2099-12-31",100477674,"Elliott, Craig"]
[null,null,null,null,1223,null,null,null,"Financial Planning & Reporting","Y","A",15,null,null,null,"2013-07-25",null,"2099-12-31",100477674,"Elliott, Craig"]
[null,null,null,null,1224,null,null,null,"Payroll","Y","A",15,null,null,null,"2013-04-01",null,"2099-12-31",100477674,"Elliott, Craig"]
[null,null,null,128,null,null,null,null,"Ancillary Operations","N","A",null,null,null,null,"2013-08-27",null,"2099-12-31",100477674,"Elliott, Craig"]
[null,null,null,null,1280,null,null,null,"Bookstore","Y","A",18,null,null,null,"2013-08-27",null,"2099-12-31",100477674,"Elliott, Craig"]
[null,null,null,null,1281,null,null,null,"Parking","Y","A",18,null,null,null,"2013-08-27",null,"2099-12-31",100477674,"Elliott, Craig"]
[null,null,null,null,1282,null,null,null,"Food Services","Y","A",18,null,null,null,"2013-08-27",null,"2099-12-31",100477674,"Elliott, Craig"]
[null,null,null,null,1283,null,null,null,"Conference Centre","Y","A",18,null,null,null,"2013-08-27",null,"2099-12-31",100477674,"Elliott, Craig"]
[null,null,13,null,null,null,null,null,"VP External Relations - Admin","N","A",null,null,null,null,"2010-04-15",null,"2099-12-31",100045651,"West-Moynes, Marylynn"]
[null,null,null,130,null,null,null,null,"External Relations","N","A",null,null,null,null,"2010-04-15",null,"2099-12-31",100045651,"West-Moynes, Marylynn"]
[null,null,null,null,1300,null,null,null,"External Relations","Y","A",16,null,null,null,"2013-07-25",null,"2099-12-31",100513776,"McGovern, Susan"]
[null,null,null,131,null,null,null,null,"Communications & Marketing","N","A",null,null,null,null,"2010-04-15",null,"2099-12-31",100045651,"West-Moynes, Marylynn"]
[null,null,null,null,1310,null,null,null,"Communications & Marketing","Y","A",16,null,null,null,"2013-07-25",null,"2099-12-31",100513776,"McGovern, Susan"]
[null,null,null,132,null,null,null,null,"Advancement","N","A",null,null,null,null,"2010-04-15",null,"2099-12-31",100045651,"West-Moynes, Marylynn"]
[null,null,null,null,1320,null,null,null,"Advancement","Y","A",16,null,null,null,"2009-04-01",null,"2099-12-31",100227584,"Waugh, Clive"]
[null,null,null,null,1321,null,null,null,"Alumni","Y","A",16,null,null,null,"2009-04-01",null,"2099-12-31",100227584,"Waugh, Clive"]
[null,null,null,null,1322,null,null,null,"Annual Giving","Y","A",16,null,null,null,"2011-11-24",null,"2099-12-31",100077136,"McGarry, Debbie"]
[null,null,14,null,null,null,null,null,"Information Technology - Admin","N","A",null,null,null,null,"2010-04-15",null,"2099-12-31",100324848,"Naylor, Mark"]
[null,null,null,140,null,null,null,null,"Information Technology - Admin","N","A",null,null,null,null,"2010-04-15",null,"2099-12-31",100324848,"Naylor, Mark"]
[null,null,null,null,1400,null,null,null,"Administrative Computing","Y","A",14,null,null,null,"2011-03-02",null,"2099-12-31",100324848,"Naylor, Mark"]
[null,null,null,null,1401,null,null,null,"IT Services - Admin Office","Y","A",14,null,null,null,"2011-03-02",null,"2099-12-31",100324848,"Naylor, Mark"]
[null,null,null,null,1402,null,null,null,"ITS Media Services","Y","A",14,null,null,null,"2011-03-02",null,"2099-12-31",100324848,"Naylor, Mark"]
[null,null,null,null,1403,null,null,null,"Telecommunications","Y","A",14,null,null,null,"2011-03-02",null,"2099-12-31",100324848,"Naylor, Mark"]
[null,null,null,null,1404,null,null,null,"Planning & Project Management","Y","A",14,null,null,null,"2011-03-02",null,"2099-12-31",100324848,"Naylor, Mark"]
[null,null,15,null,null,null,null,null,"OCIS and Leased Space","N","A",null,null,null,null,"2015-05-07",null,"2099-12-31",100394163,"Lapp, Murray"]
[null,null,null,124,null,null,null,null,"Campus Infrastructure","N","A",null,null,null,null,"2015-05-22",null,"2099-12-31",100477674,"Elliott, Craig"]
[null,null,null,null,1240,null,null,null,"OCIS","Y","A",22,null,null,null,"2011-03-02",null,"2099-12-31",100045730,"Bright, Ken"]
[null,null,null,null,1241,null,null,null,"Facilities Management Admin Service","Y","A",22,null,null,null,"2011-03-02",null,"2099-12-31",100045730,"Bright, Ken"]
[null,null,null,null,1242,null,null,null,"Facilities Management Cleaning","Y","A",22,null,null,null,"2011-03-02",null,"2099-12-31",100045730,"Bright, Ken"]
[null,null,null,null,1243,null,null,null,"Facilities Management Utilities","Y","A",22,null,null,null,"2011-03-02",null,"2099-12-31",100045730,"Bright, Ken"]
[null,null,null,null,1244,null,null,null,"Facilities Management Grounds","Y","A",22,null,null,null,"2011-03-02",null,"2099-12-31",100045730,"Bright, Ken"]
[null,null,null,null,1245,null,null,null,"Facilities Management Buildings","Y","A",22,null,null,null,"2011-03-02",null,"2099-12-31",100045730,"Bright, Ken"]
[null,null,null,null,1246,null,null,null,"Facilities Management Logistics","Y","A",22,null,null,null,"2011-03-02",null,"2099-12-31",100045730,"Bright, Ken"]
[null,null,null,126,null,null,null,null,"Campus Locations","N","A",null,null,null,null,"2015-05-22",null,"2099-12-31",100477674,"Elliott, Craig"]
[null,null,null,null,1260,null,null,null,"Leased Facilities","Y","A",22,null,null,null,"2011-03-02",null,"2099-12-31",100045730,"Bright, Ken"]
[null,null,null,null,1261,null,null,null,"11 Simcoe (FEd)","Y","A",22,null,null,null,"2011-03-02",null,"2099-12-31",100045730,"Bright, Ken"]
[null,null,null,null,1262,null,null,null,"Campus Corners","Y","A",22,null,null,null,"2011-03-02",null,"2099-12-31",100045730,"Bright, Ken"]
[null,null,null,null,1263,null,null,null,"Dulemba Property","Y","A",22,null,null,null,"2011-03-02",null,"2099-12-31",100045730,"Bright, Ken"]
[null,null,null,null,1264,null,null,null,"ACE - GM Uxbridge","Y","A",22,null,null,null,"2011-03-02",null,"2099-12-31",100045730,"Bright, Ken"]
[null,null,null,null,1265,null,null,null,"55 Bond Street - FSSH","Y","A",22,null,null,null,"2011-03-02",null,"2099-12-31",100045730,"Bright, Ken"]
[null,null,null,null,1266,null,null,null,"U5 Portables","Y","A",22,null,null,null,"2011-03-02",null,"2099-12-31",100045730,"Bright, Ken"]
[null,null,null,null,1267,null,null,null,"61 Charles Street (Alger Press)","Y","A",22,null,null,null,"2011-03-02",null,"2099-12-31",100045730,"Bright, Ken"]
[null,null,null,null,1268,null,null,null,"Regent Theatre","Y","A",22,null,null,null,"2011-03-02",null,"2099-12-31",100045730,"Bright, Ken"]
[null,null,null,null,1269,null,null,null,"CIBC 6th Floor - 2 Simcoe Street","Y","A",22,null,null,null,"2011-03-02",null,"2099-12-31",100045730,"Bright, Ken"]
[null,null,null,null,1270,null,null,null,"Victoria St. Pedway","Y","A",22,null,null,null,"2011-03-02",null,"2099-12-31",100045730,"Bright, Ken"]
[null,null,null,null,1271,null,null,null,"McLaughlin Square Building","Y","A",22,null,null,null,"2011-03-02",null,"2099-12-31",100045730,"Bright, Ken"]
[null,null,null,null,1272,null,null,null,"Windfields Farm","Y","A",22,null,null,null,"2011-03-02",null,"2099-12-31",100045730,"Bright, Ken"]
[null,null,null,null,1273,null,null,null,"151 Athol Street","Y","A",22,null,null,null,"2010-04-01",null,"2099-12-31",100045730,"Bright, Ken"]
[null,null,null,null,1274,null,null,null,"202 Simcoe Street (St. Gregory's)","Y","A",22,null,null,null,"2013-12-01",null,"2099-12-31",100394163,"Lapp, Murray"]
[null,"2A",null,null,null,null,null,null,"Academic Faculties","N","A",null,null,null,null,"2009-04-01",null,"2099-12-31"]
[null,null,21,null,null,null,null,null,"Academic Faculties","N","A",null,null,null,null,"2010-04-15",null,"2099-12-31",100283190,"Marceau, Richard"]
[null,null,null,210,null,null,null,null,"Faculty of ESNS","N","A",null,null,null,null,"2010-04-15",null,"2099-12-31",100283190,"Marceau, Richard"]
[null,null,null,null,2100,null,null,null,"Faculty of ESNS","Y","A",10,null,null,null,"2010-04-01",null,"2099-12-31",100206922,"Bereznai, George"]
[null,null,null,null,2101,null,null,null,"AOOM Training Program","Y","A",10,null,null,null,"2011-01-01",null,"2099-12-31",100206922,"Bereznai, George"]
[null,null,null,220,null,null,null,null,"Faculty of Business and IT","N","A",null,null,null,null,"2010-04-15",null,"2099-12-31",100283190,"Marceau, Richard"]
[null,null,null,null,2200,null,null,null,"Faculty of Business and IT","Y","A",10,null,null,null,"2009-04-01",null,"2099-12-31",100377890,"Ritchie, Pamela"]
[null,null,null,230,null,null,null,null,"Fac. of Social Science & Humanities","N","A",null,null,null,null,"2010-07-23",null,"2099-12-31",100283190,"Marceau, Richard"]
[null,null,null,null,2300,null,null,null,"Fac. of Social Science & Humanities","Y","A",10,null,null,null,"2010-07-23",null,"2099-12-31",100339617,"Ammar, Nawal"]
[null,null,null,240,null,null,null,null,"Faculty of Education","N","A",null,null,null,null,"2010-04-15",null,"2099-12-31",100283190,"Marceau, Richard"]
[null,null,null,null,2400,null,null,null,"Faculty of Education","Y","A",10,null,null,null,"2009-04-01",null,"2099-12-31",100339618,"Greenlaw, James"]
[null,null,null,null,2401,null,null,null,"FEd - Field Experience","Y","A",10,null,null,null,"2009-04-01",null,"2099-12-31",100339618,"Greenlaw, James"]
[null,null,null,250,null,null,null,null,"Faculty of Health Sciences","N","A",null,null,null,null,"2010-04-15",null,"2099-12-31",100283190,"Marceau, Richard"]
[null,null,null,null,2500,null,null,null,"Faculty of Health Sciences","Y","A",10,null,null,null,"2011-06-28",null,"2099-12-31",100226701,"Vogel, Ellen"]
[null,null,null,null,2501,null,null,null,"FHS - Collaborative Nursing","Y","A",10,null,null,null,"2011-06-28",null,"2099-12-31",100226701,"Vogel, Ellen"]
[null,null,null,null,2502,null,null,null,"FHS - Med Lab","Y","A",10,null,null,null,"2011-06-28",null,"2099-12-31",100226701,"Vogel, Ellen"]
[null,null,null,null,2503,null,null,null,"FHS - Pass through","Y","A",10,null,null,null,"2011-06-28",null,"2099-12-31",100226701,"Vogel, Ellen"]
[null,null,null,null,2504,null,null,null,"FHS - Georgian RPN","Y","A",10,null,null,null,"2013-04-01",null,"2099-12-31",100226701,"Vogel, Ellen"]
[null,null,null,260,null,null,null,null,"Faculty of EAS","N","A",null,null,null,null,"2010-04-15",null,"2099-12-31",100283190,"Marceau, Richard"]
[null,null,null,null,2600,null,null,null,"Faculty of EAS","Y","A",10,null,null,null,"2010-04-01",null,"2099-12-31",100206922,"Bereznai, George"]
[null,null,null,null,2601,null,null,null,"FEAS - SEM","Y","A",10,null,null,null,"2010-04-01",null,"2099-12-31",100206922,"Bereznai, George"]
[null,null,null,null,2602,null,null,null,"FEAS - Go Eng Girl","Y","A",10,null,null,null,"2010-04-01",null,"2099-12-31",100206922,"Bereznai, George"]
[null,null,null,null,2603,null,null,null,"FEAS - Boyce Donation","Y","A",10,null,null,null,"2010-04-01",null,"2099-12-31",100206922,"Bereznai, George"]
[null,null,null,null,2604,null,null,null,"FEAS - Robotics Competition","Y","A",10,null,null,null,"2010-04-01",null,"2099-12-31",100206922,"Bereznai, George"]
[null,null,null,null,2605,null,null,null,"IEEE - EMBS","Y","A",10,null,null,null,"2010-04-01",null,"2099-12-31",100206922,"Bereznai, George"]
[null,null,null,null,2607,null,null,null,"WiE Hydro One Initiative","Y","A",10,null,null,null,"2014-03-04",null,"2099-12-31",100474997,"Sidhu, Tarlochan"]
[null,null,null,null,2608,null,null,null,"GE Canada Lecture and Scholarship","Y","A",10,null,null,null,"2014-04-24",null,"2099-12-31",100474997,"Sidhu, Tarlochan"]
[null,null,null,null,2609,null,null,null,"Hydrogen Production Conference","Y","A",10,null,null,null,"2015-05-01",null,"2099-12-31",100247809,"Dincer, Ibrahim"]
[null,null,null,270,null,null,null,null,"Faculty of Science","N","A",null,null,null,null,"2010-04-15",null,"2099-12-31",100283190,"Marceau, Richard"]
[null,null,null,null,2700,null,null,null,"Faculty of Science","Y","A",10,null,null,null,"2014-07-30",null,"2099-12-31",100550653,"Crawford, Gregory"]
[null,null,null,null,2701,null,null,null,"FS - Durham Region Science Fair","Y","A",10,null,null,null,"2011-06-28",null,"2099-12-31",100452301,"Saucier, Deborah"]
[null,null,null,null,2702,null,null,null,"FS - Tablet Project","Y","A",10,null,null,null,"2011-06-28",null,"2099-12-31",100452301,"Saucier, Deborah"]
[null,null,null,null,2703,null,null,null,"FS - Let's Talk Science","Y","I",10,null,null,null,"2012-02-29","2012-02-29","2099-12-31",100452301,"Saucier, Deborah"]
[null,null,null,280,null,null,null,null,"Office of Graduate Studies","N","A",null,null,null,null,"2010-04-15",null,"2099-12-31",100283190,"Marceau, Richard"]
[null,null,null,null,2800,null,null,null,"Office of Graduate Studies","Y","A",10,null,null,null,"2009-04-01",null,"2099-12-31",100248315,"Campbell, Brian"]
[null,null,null,null,2801,null,null,null,"OGS - Scholarship Disbursement","Y","A",10,null,null,null,"2009-04-01",null,"2099-12-31",100248315,"Campbell, Brian"]
[null,null,null,285,null,null,null,null,"Trent","N","A",null,null,null,null,"2014-11-01",null,"2099-12-31",100253573,"MacIsaac, Brad"]
[null,null,null,null,2850,null,null,null,"Trent","Y","A",10,null,null,null,"2014-11-01",null,"2099-12-31",100253573,"MacIsaac, Brad"]
[null,"3A",null,null,null,null,null,null,"Academic Support","N","A",null,null,null,null,"2009-04-01",null,"2099-12-31"]
[null,null,31,null,null,null,null,null,"Academic Support","N","A",null,null,null,null,"2010-04-15",null,"2099-12-31",100283190,"Marceau, Richard"]
[null,null,null,310,null,null,null,null,"Office of the Provost","N","A",null,null,null,null,"2010-04-15",null,"2099-12-31",100283190,"Marceau, Richard"]
[null,null,null,null,3100,null,null,null,"Office of the Provost","Y","A",11,null,null,null,"2009-04-01",null,"2099-12-31",100283190,"Marceau, Richard"]
[null,null,null,null,3102,null,null,null,"Institutional Research & Analysis","Y","A",11,null,null,null,"2013-01-22",null,"2099-12-31",100253573,"MacIsaac, Brad"]
[null,null,null,null,3103,null,null,null,"Central IFR","Y","I","N/A",null,null,null,"2013-07-25",null,"2099-12-31",100253573,"MacIsaac, Brad"]
[null,null,null,null,3104,null,null,null,"New Hires/Leaves","N","A","N/A",null,null,null,"2013-07-25",null,"2099-12-31",100253573,"MacIsaac, Brad"]
[null,null,null,null,3105,null,null,null,"Government Initiative Program","Y","A",11,null,null,null,"2011-03-31",null,"2099-12-31",100253573,"MacIsaac, Brad"]
[null,null,null,null,3106,null,null,null,"ONCAT","Y","A",11,null,null,null,"2013-07-25",null,"2099-12-31",100253573,"MacIsaac, Brad"]
[null,null,null,null,3302,null,null,null,"Academic Affairs","Y","A",11,null,null,null,"2015-01-06",null,"2099-12-31"]
[null,null,null,312,null,null,null,null,"Research - Start-up","N","A",null,null,null,null,"2010-04-01",null,"2099-12-31"]
[null,null,null,null,3120,null,null,null,"Start-up no end date","Y","A",10,null,null,null,"2011-03-02",null,"2099-12-31",100253573,"MacIsaac, Brad"]
[null,null,null,null,3121,null,null,null,"Start-up end date June 2014","Y","A",10,null,null,null,"2011-03-02",null,"2099-12-31",100253573,"MacIsaac, Brad"]
[null,null,null,null,3122,null,null,null,"Start-up end date June 2015","Y","A",10,null,null,null,"2011-03-02",null,"2099-12-31",100253573,"MacIsaac, Brad"]
[null,null,null,null,3123,null,null,null,"Start-up end date other","Y","A",10,null,null,null,"2011-03-02",null,"2099-12-31",100253573,"MacIsaac, Brad"]
[null,null,null,null,3124,null,null,null,"Start-up end date June 2016","Y","A",10,null,null,null,"2011-04-01",null,"2099-12-31",100253573,"MacIsaac, Brad"]
[null,null,null,null,3125,null,null,null,"Start-up end date June 2017","Y","A",10,null,null,null,"2011-04-01",null,"2099-12-31",100253573,"MacIsaac, Brad"]
[null,null,null,null,3126,null,null,null,"Start-up end date June 2018","Y","A",10,null,null,null,"2012-07-01",null,"2099-12-31",100253573,"MacIsaac, Brad"]
[null,null,null,null,3127,null,null,null,"Start-up end date June 2019","Y","A",10,null,null,null,"2012-07-01",null,"2099-12-31",100253573,"MacIsaac, Brad"]
[null,null,null,null,3128,null,null,null,"Start-up end date June 2020","Y","A",10,null,null,null,"2013-06-04",null,"2099-12-31",100253573,"MacIsaac, Brad"]
[null,null,null,null,3129,null,null,null,"Start-up end date June 2021","Y","A",10,null,null,null,"2014-06-13",null,"2099-12-31",100253573,"MacIsaac, Brad"]
[null,null,null,316,null,null,null,null,"Research - Professional Development","N","A",null,null,null,null,"2010-04-01",null,"2099-12-31"]
[null,null,null,null,3160,null,null,null,"PD-Non-Faculty Association","Y","A",10,null,null,null,"2011-03-02",null,"2099-12-31",100253573,"MacIsaac, Brad"]
[null,null,null,null,3161,null,null,null,"PD 10 - July 1-2009 - June 30-2012","Y","A",10,null,null,null,"2012-07-17",null,"2099-12-31",100253573,"MacIsaac, Brad"]
[null,null,null,null,3162,null,null,null,"PD 11 - July 1-2010 - June 30-2013","Y","A",10,null,null,null,"2012-07-17",null,"2099-12-31",100253573,"MacIsaac, Brad"]
[null,null,null,null,3163,null,null,null,"PD 12 - July 1-2011 - June 30-2014","Y","A",10,null,null,null,"2012-07-17",null,"2099-12-31",100253573,"MacIsaac, Brad"]
[null,null,null,null,3164,null,null,null,"PD 13 - July 1-2012 - June 30-2015","Y","A",10,null,null,null,"2012-07-17",null,"2099-12-31",100253573,"MacIsaac, Brad"]
[null,null,null,null,3165,null,null,null,"PD 14 - July 1-2013 - June 30-2016","Y","A",10,null,null,null,"2013-06-04",null,"2099-12-31",100253573,"MacIsaac, Brad"]
[null,null,null,null,3166,null,null,null,"PD 15 - July 1-2014 - June 30-2017","Y","A",10,null,null,null,"2014-06-18",null,"2099-12-31",100253573,"MacIsaac, Brad"]
[null,null,null,317,null,null,null,null,"Research - Overhead","N","A",null,null,null,null,"2014-01-01",null,"2099-12-31"]
[null,null,null,null,3170,null,null,null,"Research Overhead Payback","Y","A",10,null,null,null,"2014-01-01",null,"2099-12-31",100372919,"Owen, Michael"]
[null,null,null,319,null,null,null,null,"Research - Other","N","A",null,null,null,null,"2010-04-01",null,"2099-12-31"]
[null,null,null,null,3190,null,null,null,"Home Office Pilot - Fiscal 11","Y","A",10,null,null,null,"2011-03-02",null,"2099-12-31",100232332,"Muirhead, Bill"]
[null,null,32,null,null,null,null,null,"Office of Research Services","N","A",null,null,null,null,"2010-04-15",null,"2099-12-31",100283190,"Marceau, Richard"]
[null,null,null,320,null,null,null,null,"Office of Research Services","N","A",null,null,null,null,"2010-04-15",null,"2099-12-31",100283190,"Marceau, Richard"]
[null,null,null,null,3200,null,null,null,"Research, Innovation & Int'l","Y","A",11,null,null,null,"2012-11-28",null,"2099-12-31",100372919,"Owen, Michael"]
[null,null,null,null,3201,null,null,null,"International Office (VPRII)","Y","A",11,null,null,"N","2014-11-05",null,"2099-12-31",100372919,"Owen, Michael"]
[null,null,33,null,null,null,null,null,"Associate Provost Academic","N","A",null,null,null,null,"2015-04-01",null,"2099-12-31",100283190,"Marceau, Richard"]
[null,null,null,330,null,null,null,null,"Teaching & Learning","N","A",null,null,null,null,"2010-04-15",null,"2099-12-31",100283190,"Marceau, Richard"]
[null,null,null,null,3300,null,null,null,"Teaching & Learning","Y","A",11,null,null,null,"2009-04-01",null,"2099-12-31",100232332,"Muirhead, Bill"]
[null,null,null,331,null,null,null,null,"Teaching & Learning - Research","N","A",null,null,null,null,"2010-04-01",null,"2099-12-31",100283190,"Marceau, Richard"]
[null,null,null,null,3310,null,null,null,"Research - TIF","Y","A",10,null,null,null,"2011-03-02",null,"2099-12-31",100232332,"Muirhead, Bill"]
[null,null,34,null,null,null,null,null,"Office of the Registrar","N","A",null,null,null,null,"2010-04-15",null,"2099-12-31",100045651,"West-Moynes, Marylynn"]
[null,null,null,340,null,null,null,null,"Office of the Registrar","N","A",null,null,null,null,"2010-04-15",null,"2099-12-31",100045651,"West-Moynes, Marylynn"]
[null,null,null,null,3400,null,null,null,"Registrar","Y","A",11,null,null,null,"2009-04-01",null,"2099-12-31",100394369,"Choy, M. Victoria"]
[null,null,null,null,3401,null,null,null,"Records and Registration","Y","A",11,null,null,null,"2009-04-01",null,"2099-12-31",100394369,"Choy, M. Victoria"]
[null,null,null,null,3402,null,null,null,"Admissions","Y","A",11,null,null,null,"2009-04-01",null,"2099-12-31",100394369,"Choy, M. Victoria"]
[null,null,null,null,3403,null,null,null,"International Office","Y","A",11,null,null,null,"2009-04-01",null,"2099-12-31",100394369,"Choy, M. Victoria"]
[null,null,null,null,3404,null,null,null,"Recruitment","Y","A",11,null,null,null,"2009-04-01",null,"2099-12-31",100394369,"Choy, M. Victoria"]
[null,null,null,null,3405,null,null,null,"Scheduling","Y","A",11,null,null,null,"2011-03-31",null,"2099-12-31",100394369,"Choy, M. Victoria"]
[null,null,null,342,null,null,null,null,"Financial Aid & Awards","N","A",null,null,null,null,"2010-04-15",null,"2099-12-31",100045651,"West-Moynes, Marylynn"]
[null,null,null,null,3420,null,null,null,"Financial Aid & Awards","Y","A",13,null,null,null,"2014-09-22",null,"2099-12-31",100253573,"MacIsaac, Brad"]
[null,null,null,null,3422,null,null,null,"Tuition Set Aside","Y","A",13,null,null,null,"2014-09-22",null,"2099-12-31",100253573,"MacIsaac, Brad"]
[null,null,null,null,3423,null,null,null,"Government Bursary Programs","Y","A",13,null,null,null,"2014-09-22",null,"2099-12-31",100253573,"MacIsaac, Brad"]
[null,null,null,null,3424,null,null,null,"Donor Award Disbursements","Y","A",13,null,null,null,"2014-09-22",null,"2099-12-31",100253573,"MacIsaac, Brad"]
[null,null,null,null,3425,null,null,null,"Int'l Tuition Set Aside","Y","A",13,null,null,null,"2014-09-22",null,"2099-12-31",100253573,"MacIsaac, Brad"]
[null,null,35,null,null,null,null,null,"Student Affairs","N","A",null,null,null,null,"2010-04-15",null,"2099-12-31",100045651,"West-Moynes, Marylynn"]
[null,null,null,350,null,null,null,null,"Student Life","N","A",null,null,null,null,"2015-04-01",null,"2099-12-31",100045651,"West-Moynes, Marylynn"]
[null,null,null,null,3301,null,null,null,"Student Learning Centre","Y","A",13,null,null,null,"2014-09-17",null,"2099-12-31",100333604,"Petrie, Olivia"]
[null,null,null,null,3500,null,null,null,"Student Affairs","Y","I",13,null,null,null,"2011-02-23",null,"2099-12-31",100200118,"Drea, Catherine"]
[null,null,null,null,3501,null,null,null,"Student Experience Centre","Y","A",13,null,null,null,"2013-04-01",null,"2099-12-31",100255403,"Rasile, Sarah"]
[null,null,null,null,3502,null,null,null,"Career & Employment Services","Y","I",13,null,null,null,"2014-12-05",null,"2099-12-31",100200118,"Drea, Catherine"]
[null,null,null,null,3503,null,null,null,"Student Rights & Responsibilities","Y","I",13,null,null,null,"2014-12-05",null,"2099-12-31",100200118,"Drea, Catherine"]
[null,null,null,null,3505,null,null,null,"Student Clubs","Y","A",13,null,null,null,"2015-01-14",null,"2099-12-31",100200118,"Drea, Catherine"]
[null,null,null,null,3506,null,null,null,"First Generation Fund","Y","A",13,null,null,null,"2012-08-29",null,"2099-12-31",100441018,"Robbins, Donna"]
[null,null,null,null,3507,null,null,null,"Aboriginal Postsecondary Education","Y","A",13,null,null,null,"2009-04-01",null,"2099-12-31",100200118,"Drea, Catherine"]
[null,null,null,null,3509,null,null,null,"Enhanced Services Fund","Y","I",13,null,null,null,"2014-12-05",null,"2099-12-31",100200118,"Drea, Catherine"]
[null,null,null,null,3510,null,null,null,"AVP Student Life","Y","A",13,null,null,null,"2013-04-01",null,"2099-12-31"]
[null,null,null,null,3511,null,null,null,"UOIT Career Centre","Y","A",13,null,null,null,"2013-04-01",null,"2099-12-31",100363445,"Jain, Monica"]
[null,null,null,null,3520,null,null,null,"Student Health and Wellness","Y","A",13,null,null,null,"2015-04-01",null,"2099-12-31",100333604,"Petrie, Olivia"]
[null,null,null,352,null,null,null,null,"Campus Health Services","N","A",null,null,null,null,"2010-04-15",null,"2099-12-31",100045651,"West-Moynes, Marylynn"]
[null,null,null,354,null,null,null,null,"Varsity","N","A",null,null,null,null,"2015-04-01",null,"2099-12-31",100045651,"West-Moynes, Marylynn"]
[null,null,null,null,3541,null,null,null,"Varsity","Y","A",13,null,null,null,"2014-09-22",null,"2099-12-31",100333604,"Petrie, Olivia"]
[null,null,null,null,3542,null,null,null,"OUA Men's Hockey","Y","A",13,null,null,null,"2014-09-22",null,"2099-12-31",100333604,"Petrie, Olivia"]
[null,null,null,null,3543,null,null,null,"OUA Women's Hockey","Y","A",13,null,null,null,"2014-09-22",null,"2099-12-31",100333604,"Petrie, Olivia"]
[null,null,null,null,3545,null,null,null,"Men's Soccer","Y","A",13,null,null,null,"2014-09-22",null,"2099-12-31",100333604,"Petrie, Olivia"]
[null,null,null,null,3546,null,null,null,"Varsity Lacrosse","Y","A",13,null,null,null,"2014-09-22",null,"2099-12-31",100333604,"Petrie, Olivia"]
[null,null,null,null,3547,null,null,null,"Rowing","Y","A",13,null,null,null,"2014-09-22",null,"2099-12-31",100333604,"Petrie, Olivia"]
[null,null,null,null,3548,null,null,null,"Varsity Curling/Golf","Y","A",13,null,null,null,"2014-09-22",null,"2099-12-31",100333604,"Petrie, Olivia"]
[null,null,null,null,3549,null,null,null,"Woman's Soccer","Y","A",13,null,null,null,"2014-09-22",null,"2099-12-31",100333604,"Petrie, Olivia"]
[null,null,null,355,null,null,null,null,"Athletics","N","A",null,null,null,null,"2015-04-01",null,"2099-12-31"]
[null,null,null,null,3540,null,null,null,"Fitness/Sports Centre","Y","A",13,null,null,null,"2015-04-01",null,"2099-12-31",100232327,"Babcock, Ken"]
[null,null,null,null,3544,null,null,null,"Athletic Centre Expansion","Y","A",13,null,null,null,"2015-04-01",null,"2099-12-31",100333604,"Petrie, Olivia"]
[null,null,null,356,null,null,null,null,"Accessibility","N","A",null,null,null,null,"2015-04-01",null,"2099-12-31"]
[null,null,null,null,3504,null,null,null,"Student Accessibility Services","Y","A",13,null,null,null,"2015-04-01",null,"2099-12-31",100333604,"Petrie, Olivia"]
[null,null,null,null,3508,null,null,null,"Interpreter Fund","Y","A",13,null,null,null,"2015-04-01",null,"2099-12-31",100200118,"Drea, Catherine"]
[null,null,36,null,null,null,null,null,"Library Services","N","A",null,null,null,null,"2010-04-15",null,"2099-12-31",100283190,"Marceau, Richard"]
[null,null,null,360,null,null,null,null,"Library Services","N","A",null,null,null,null,"2010-04-15",null,"2099-12-31",100283190,"Marceau, Richard"]
[null,null,null,null,3600,null,null,null,"Library Services","Y","A",12,null,null,null,"2009-04-01",null,"2099-12-31",100325060,"Drayson, Pamela"]
[null,null,37,null,null,null,null,null,"Human Resources","N","A",null,null,null,null,"2010-04-15",null,"2099-12-31",100283190,"Marceau, Richard"]
[null,null,null,370,null,null,null,null,"Human Resources","N","A",null,null,null,null,"2010-04-15",null,"2099-12-31",100283190,"Marceau, Richard"]
[null,null,null,null,3700,null,null,null,"Human Resources","Y","A",15,null,null,null,"2009-04-01",null,"2099-12-31",100394163,"Lapp, Murray"]
[null,null,null,null,3701,null,null,null,"VP HR and Services","Y","A",15,null,null,null,"2013-04-01",null,"2099-12-31",100394163,"Lapp, Murray"]
[null,null,38,null,null,null,null,null,"Information Technology - Academic","N","A",null,null,null,null,"2010-04-15",null,"2099-12-31",100324848,"Naylor, Mark"]
[null,null,null,380,null,null,null,null,"Information Technology - Academic","N","A",null,null,null,null,"2010-04-15",null,"2099-12-31",100324848,"Naylor, Mark"]
[null,null,null,null,3800,null,null,null,"Student IT Plan","Y","A",14,null,null,null,"2011-03-02",null,"2099-12-31",100324848,"Naylor, Mark"]
[null,null,null,null,3801,null,null,null,"Mobile Learning Program","Y","A",14,null,null,null,"2011-03-02",null,"2099-12-31",100324848,"Naylor, Mark"]
[null,null,null,null,3802,null,null,null,"Academic Computer Services","Y","A",14,null,null,null,"2011-03-02",null,"2099-12-31",100324848,"Naylor, Mark"]
[null,null,null,null,3803,null,null,null,"LMS Upgrade & Enterprise","Y","A",14,null,null,null,"2011-03-02",null,"2099-12-31",100324848,"Naylor, Mark"]
[null,null,null,null,3804,null,null,null,"ITP Contributions - Faculty","Y","A",14,null,null,null,"2011-03-02",null,"2099-12-31",100324848,"Naylor, Mark"]
[null,"4A",null,null,null,null,null,null,"Commercial/Ancillary","N","A",null,null,null,null,"2009-04-01",null,"2099-12-31"]
[null,null,41,null,null,null,null,null,"Commercial/Ancillary","N","A",null,null,null,null,"2010-04-15",null,"2099-12-31",100386140,"Austin, Tom"]
[null,null,null,410,null,null,null,null,"Automotive Centre of Excellence","N","A",null,null,null,null,"2010-04-15",null,"2099-12-31",100386140,"Austin, Tom"]
[null,null,null,null,4100,null,null,null,"ACE","Y","I",22,null,null,null,"2013-01-09",null,"2099-12-31",100350386,"Milovick, Matt"]
[null,null,null,412,null,null,null,null,"Campus Childcare Centre","N","A",null,null,null,null,"2010-04-15",null,"2099-12-31",100386140,"Austin, Tom"]
[null,null,null,null,4120,null,null,null,"Campus Childcare Centre","Y","A",18,null,null,null,"2009-04-01",null,"2099-12-31",100329866,"Rigby, Judy"]
[null,null,null,414,null,null,null,null,"Regent","N","A",null,null,null,null,"2010-04-15",null,"2099-12-31",100386140,"Austin, Tom"]
[null,null,null,null,4140,null,null,null,"Regent","Y","A",18,null,null,null,"2014-05-01",null,"2099-12-31",100394163,"Lapp, Murray"]
[null,null,null,416,null,null,null,null,"Campus Ice Centre","N","A",null,null,null,null,"2010-04-15",null,"2099-12-31",100386140,"Austin, Tom"]
[null,null,null,null,4160,null,null,null,"Campus Ice Centre","Y","A",18,null,null,null,"2014-04-29",null,"2099-12-31",100394163,"Lapp, Murray"]
[null,null,null,null,4161,null,null,null,"Campus Tennis Centre","Y","A",18,null,null,null,"2014-05-01",null,"2099-12-31",100394163,"Lapp, Murray"]
[null,"5A",null,null,null,null,null,null,"ACE","N","A",null,null,null,null,"2012-02-01",null,"2099-12-31"]
[null,null,51,null,null,null,null,null,"ACE Commercial","N","A",null,null,null,null,"2012-02-01",null,"2099-12-31"]
[null,null,null,5100,{"$f":"D230","v":5100},null,null,null,"ACE CRF","Y","A",18,null,null,null,"2014-04-29",null,"2099-12-31",100438185,"Komar, John"]
[null,null,null,5120,{"$f":"D231","v":5120},null,null,null,"ACE IRTF Floors 1,4, & 5","Y","A",18,null,null,null,"2014-04-29",null,"2099-12-31",100438185,"Komar, John"]
[null,null,52,null,null,null,null,null,"ACE Overhead","N","A",null,null,null,null,"2012-02-01",null,"2099-12-31"]
[null,null,null,5200,5200,null,null,null,"ACE Overhead Allocations","Y","A",18,null,null,null,"2014-04-29",null,"2099-12-31",100438185,"Komar, John"]
[null,null,53,null,null,null,null,null,"ACE Academic","N","A",null,null,null,null,"2012-02-01",null,"2099-12-31"]
[null,null,null,5300,5300,null,null,null,"ACE Academic Floors 2 & 3","Y","A",18,null,null,null,"2014-04-29",null,"2099-12-31",100438185,"Komar, John"]
[null,null,54,null,null,null,null,null,"ACE - Other Commercial","N","A",null,null,null,null,"2012-03-01",null,"2099-12-31"]
[null,null,null,5400,5400,null,null,null,"ACE CRF","Y","A",18,null,null,null,"2014-04-29",null,"2099-12-31",100438185,"Komar, John"]
[null,null,null,5420,5420,null,null,null,"IRTF-Other Commercial","Y","A",18,null,null,null,"2014-04-29",null,"2099-12-31",100438185,"Komar, John"]
["ZHR",null,null,null,null,null,null,null,"HR Time Sheet","N","A",null,null,null,null,"2009-04-01",null,"2099-12-31"]
[null,"HR1100",null,null,null,null,null,null,"Time Sheet-University Secretariat","N","A",null,null,null,null,"2013-03-15",null,"2099-12-31"]
[null,"HR1240",null,null,null,null,null,null,"Time Sheet - OCIS","N","A",null,null,null,null,"2009-04-01",null,"2099-12-31"]
[null,"HR1401",null,null,null,null,null,null,"Time Sheet - I.T. UOIT","N","A",null,null,null,null,"2009-04-01",null,"2099-12-31"]
[null,"HR1702",null,null,null,null,null,null,"Time Sheet-President's Office UOIT","N","A",null,null,null,null,"2009-04-01",null,"2099-12-31"]
[null,"HR1708",null,null,null,null,null,null,"Time Sheet-Human Resources UOIT","N","A",null,null,null,null,"2009-04-01",null,"2099-12-31"]
[null,"HR1718",null,null,null,null,null,null,"Time Sheet-External Relations UOIT","N","A",null,null,null,null,"2009-04-01",null,"2099-12-31"]
[null,"HR1719",null,null,null,null,null,null,"Time Sheet-Comm/Marketing - UOIT","N","A",null,null,null,null,"2009-04-01",null,"2099-12-31"]
[null,"HR1725",null,null,null,null,null,null,"Time Sheet-Finance UOIT","N","A",null,null,null,null,"2009-04-01",null,"2099-12-31"]
[null,"HR1751",null,null,null,null,null,null,"Time Sheet-Campus Library","N","A",null,null,null,null,"2009-04-01",null,"2099-12-31"]
[null,"HR1777",null,null,null,null,null,null,"Time Sheet-Registrar's Office UOIT","N","A",null,null,null,null,"2009-04-01",null,"2099-12-31"]
[null,"HR1780",null,null,null,null,null,null,"Time Sheet-Recruit/Admissions UOIT","N","A",null,null,null,null,"2009-04-01",null,"2099-12-31"]
[null,"HR1781",null,null,null,null,null,null,"Time Sheet-Registration/Scheduling","N","A",null,null,null,null,"2012-07-30",null,"2099-12-31"]
[null,"HR1783",null,null,null,null,null,null,"Time Sheet-Admissions UOIT","N","A",null,null,null,null,"2009-04-01",null,"2099-12-31"]
[null,"HR2000",null,null,null,null,null,null,"Time Sheet-Provost's Office UOIT","N","A",null,null,null,null,"2009-04-01",null,"2099-12-31"]
[null,"HR2001",null,null,null,null,null,null,"Time Sheet-Teaching & Learning UOIT","N","A",null,null,null,null,"2009-04-01",null,"2099-12-31"]
[null,"HR2100",null,null,null,null,null,null,"TIme Sheet-ESNS UOIT","N","A",null,null,null,null,"2009-04-01",null,"2099-12-31"]
[null,"HR2200",null,null,null,null,null,null,"Time Sheet-Business & IT UOIT","N","A",null,null,null,null,"2009-04-01",null,"2099-12-31"]
[null,"HR2300",null,null,null,null,null,null,"Time Sheet-Social Science UOIT","N","A",null,null,null,null,"2009-04-01",null,"2099-12-31"]
[null,"HR2400",null,null,null,null,null,null,"Time Sheet-Education UOIT","N","A",null,null,null,null,"2009-04-01",null,"2099-12-31"]
[null,"HR2500",null,null,null,null,null,null,"Time Sheet-Health Science UOIT","N","A",null,null,null,null,"2009-04-01",null,"2099-12-31"]
[null,"HR2600",null,null,null,null,null,null,"Time Sheet-Engineering UOIT","N","A",null,null,null,null,"2009-04-01",null,"2099-12-31"]
[null,"HR2700",null,null,null,null,null,null,"Time Sheet-Science UOIT","N","A",null,null,null,null,"2009-04-01",null,"2099-12-31"]
[null,"HR2800",null,null,null,null,null,null,"Time Sheet-Research UOIT","N","A",null,null,null,null,"2009-04-01",null,"2099-12-31"]
[null,"HR2850",null,null,null,null,null,null,"Time Sheet-Graduate Studies UOIT","N","A",null,null,null,null,"2009-04-01",null,"2099-12-31"]
[null,"HR2900",null,null,null,null,null,null,"Time Sheet-Intern Recruitment UOIT","N","A",null,null,null,null,"2013-12-20","2013-12-20","2099-12-31"]
[null,"HR3405",null,null,null,null,null,null,"Time Sheet-Records","N","A",null,null,null,null,"2012-04-01",null,"2099-12-31"]
[null,"HR3420",null,null,null,null,null,null,"Time Sheet-Financial Aid & Awards","N","A",null,null,null,null,"2009-04-01",null,"2099-12-31"]
[null,"HR3500",null,null,null,null,null,null,"Time Sheet - Student Life","N","A",null,null,null,null,"2013-01-14",null,"2099-12-31"]
[null,"HR3801",null,null,null,null,null,null,"Time Sheet - IT Mobile","N","A",null,null,null,null,"2009-04-01",null,"2099-12-31"]
[null,"HR4100",null,null,null,null,null,null,"Time Sheet-ACE","N","A",null,null,null,null,"2010-01-01",null,"2099-12-31"]
[null,"HR4140",null,null,null,null,null,null,"HR and Services","N","A",null,null,null,null,"2014-03-10",null,"2099-12-31"]
[null,"HRADVC",null,null,null,null,null,null,"Time Sheet-Advancement UOIT","N","A",null,null,null,null,"2009-04-01",null,"2099-12-31"]
["Report Parameters:"]
["Chart of Accounts: U"]
["Effective Date: 12-JUN-15 "]
["Organization: "]
[]
["Report Run On: 12-JUN-2015 02:36:41 PM"]